630
CXUS52 KMLB 011337
CLMDAB


CLIMATE REPORT
NATIONAL WEATHER SERVICE MELBOURNE FL
914 AM EDT SAT APR 1 2017

...................................

...THE DAYTONA BEACH CLIMATE SUMMARY FOR THE MONTH OF MARCH 2017...

CLIMATE NORMAL PERIOD 1981 TO 2010
CLIMATE RECORD PERIOD 1923 TO 2017

WEATHER         OBSERVED          NORMAL  DEPART  LAST YEAR`S
                 VALUE   DATE(S)  VALUE   FROM    VALUE
                                          NORMAL
.............................................................
TEMPERATURE (F)
MONTHLY RECORD
 WARMEST         70.1   1945
 COOLEST         57.9   1969
DAILY RECORD
 HIGH              92   03/28/1994
                        03/24/1935
                        03/23/1935
 LOW               26   03/03/1980
MARCH 2017
HIGHEST            89   03/31                         89
LOWEST             37   03/17                         42
                        03/16
AVG. MAXIMUM     76.5              74.5     2.0     79.4
AVG. MINIMUM     55.5              54.2     1.3     59.3
MEAN             66.0              64.3     1.7     69.3
DAYS MAX >= 90      0               0.0     0.0        0
DAYS MAX <= 32      0               0.0     0.0        0
DAYS MIN <= 32      0               0.1    -0.1        0
DAYS MIN <= 0       0               0.0     0.0        0

PRECIPITATION (INCHES)
MONTHLY RECORD
 MAXIMUM        12.15   1996
 MINIMUM         0.08   2006
DAILY RECORD
 MAXIMUM         4.98   03/22/1953
MARCH 2017
TOTALS           1.07              4.24   -3.17     1.43
DAYS >= .01         7               8.2    -1.2       11
DAYS >= .10         5               5.3    -0.3        4
DAYS >= .50         0               2.8    -2.8        0
DAYS >= 1.00        0               1.5    -1.5        0
GREATEST
 24 HR. TOTAL    0.31   03/13 TO 03/13

SNOWFALL (INCHES)
TOTALS            0.0               0.0     0.0      0.0
SINCE 7/1         0.0               0.0     0.0      0.0
DAYS >= TRACE       0                                  0

DEGREE_DAYS
HEATING TOTAL      82                97     -15       38
 SINCE 7/1        388               779    -391      503
COOLING TOTAL     121                77      44      180
 SINCE 1/1        241               142      99      230
..............................................................

WIND (MPH)
AVERAGE WIND SPEED              8.0
HIGHEST WIND SPEED/DIRECTION    26/030    DATE  03/03
HIGHEST GUST SPEED/DIRECTION    34/020    DATE  03/03

SKY COVER
POSSIBLE SUNSHINE (PERCENT)   MM
AVERAGE SKY COVER           0.40
NUMBER OF DAYS FAIR           15
NUMBER OF DAYS PC             14
NUMBER OF DAYS CLOUDY          2

AVERAGE RH (PERCENT)     69

WEATHER CONDITIONS. NUMBER OF DAYS WITH
THUNDERSTORM              2     MIXED PRECIP               0
HEAVY RAIN                4     RAIN                       5
LIGHT RAIN               12     LT FREEZING RAIN           0
HAIL                      0     LIGHT SNOW                 0
SLEET                     0     FOG                       17
FOG W/VIS <= 1/4 MILE     2     HAZE                       2

-  INDICATES NEGATIVE NUMBERS.
R  INDICATES RECORD WAS SET OR TIED.
MM INDICATES DATA IS MISSING.
T  INDICATES TRACE AMOUNT.

$$
