000
CXUS53 KDVN 012105 RRA
CLMDBQ

CLIMATE REPORT...RETRANSMISSION
NATIONAL WEATHER SERVICE QUAD CITIES IA IL
305 PM CST WED MAR 1 2017

...................................

...THE DUBUQUE CLIMATE SUMMARY FOR THE MONTH OF FEBRUARY 2017...

CLIMATE NORMAL PERIOD 1981 TO 2010
CLIMATE RECORD PERIOD 1873 TO 2017

WEATHER         OBSERVED          NORMAL  DEPART
                 VALUE   DATE(S)  VALUE   FROM
                                          NORMAL
................................................
TEMPERATURE (F)
RECORD
 HIGH              71   02/22/2017
 LOW              -31   02/09/1875
HIGHEST            71R  02/22        37      34
LOWEST              8   02/09        12      -4
AVG. MAXIMUM     43.6              31.6    12.0
AVG. MINIMUM     24.2              15.8     8.4
MEAN             33.9              23.7    10.2
DAYS MAX >= 90      0               0.0     0.0
DAYS MAX <= 32      6              13.8    -7.8
DAYS MIN <= 32     22              25.8    -3.8
DAYS MIN <= 0       0               3.8    -3.8

PRECIPITATION (INCHES)
RECORD
 MAXIMUM         4.09   1911
 MINIMUM         0.07   1995
TOTALS           1.80              1.44    0.36
DAILY AVG.       0.06              0.05    0.01
DAYS >= .01         7               8.6    -1.6
DAYS >= .10         4
DAYS >= .50         1
DAYS >= 1.00        0               0.2    -0.2
GREATEST
 24 HR. TOTAL    0.99   02/07 TO 02/07

SNOWFALL (INCHES)
RECORDS
 TOTAL           32.5   2008
TOTALS            1.4               9.0    -7.6
SINCE 7/1        22.6              33.6   -11.0
SNOWDEPTH AVG.      0
DAYS >= TRACE       4               6.4    -2.4
DAYS >= 1.0         1               2.8    -1.8
GREATEST
 SNOW DEPTH         1   02/26
                        02/25
 24 HR TOTAL      1.0   02/24 TO 02/24

DEGREE_DAYS
HEATING TOTAL     864              1156    -292
 SINCE 7/1       4481              5393    -912
COOLING TOTAL       0                 0       0
 SINCE 1/1          0                 0       0
.................................................

WIND (MPH)
AVERAGE WIND SPEED              11.5
HIGHEST WIND SPEED/DIRECTION    35/310    DATE  02/12
HIGHEST GUST SPEED/DIRECTION    43/330    DATE  02/12

SKY COVER
POSSIBLE SUNSHINE (PERCENT)   MM
AVERAGE SKY COVER           0.30
NUMBER OF DAYS FAIR           17
NUMBER OF DAYS PC              9
NUMBER OF DAYS CLOUDY          2

AVERAGE RH (PERCENT)     72

WEATHER CONDITIONS. NUMBER OF DAYS WITH
THUNDERSTORM              4     HAIL                       1
SLEET                     0     FOG                       11
FOG W/VIS <= 1/4 MILE     6     HAZE                       2

-  INDICATES NEGATIVE NUMBERS.
R  INDICATES RECORD WAS SET OR TIED.
MM INDICATES DATA IS MISSING.
T  INDICATES TRACE AMOUNT.

$$
