000
CXUS53 KDLH 012213
CLMDLH


CLIMATE REPORT
NATIONAL WEATHER SERVICE DULUTH MN
408 PM CST SUN JAN 1 2017

...................................

...THE DULUTH MN CLIMATE SUMMARY FOR THE MONTH OF DECEMBER 2016...

CLIMATE NORMAL PERIOD 1981 TO 2010
CLIMATE RECORD PERIOD 1870 TO 2016

WEATHER         OBSERVED          NORMAL  DEPART  LAST YEAR`S
                 VALUE   DATE(S)  VALUE   FROM    VALUE  DATE(S)
                                          NORMAL
................................................................
TEMPERATURE (F)
RECORD
 HIGH              56   12/06/1939
 LOW              -35   12/28/1917
HIGHEST            39   12/22        MM      MM       43  12/09
LOWEST            -21   12/18        MM      MM        2  12/19
AVG. MAXIMUM     22.3              22.3     0.0     31.0
AVG. MINIMUM      9.5               7.3     2.2     21.8
MEAN             15.9              14.8     1.1     26.4
DAYS MAX >= 90      0               0.0     0.0        0
DAYS MAX <= 32     21              24.5    -3.5       14
DAYS MIN <= 32     31              30.5     0.5       27
DAYS MIN <= 0       9              10.3    -1.3        0

PRECIPITATION (INCHES)
RECORD
 MAXIMUM         3.89   1879
 MINIMUM         0.07   1905
TOTALS           2.07              1.21    0.86     3.70
DAILY AVG.       0.07              0.04    0.03     0.12
DAYS >= .01        15              10.5     4.5       10
DAYS >= .10         5               3.5     1.5        6
DAYS >= .50         1               0.5     0.5        3
DAYS >= 1.00        0               0.1    -0.1        1
GREATEST
 24 HR. TOTAL    0.87   12/25 TO 12/25

SNOWFALL (INCHES)
RECORDS
 TOTAL           44.3   5
                        0
                        -26215
TOTALS           21.3              17.7     3.6     24.6
SINCE 7/1        29.4              33.8    -4.4     29.0
SNOWDEPTH AVG.      4                 8      -4        4
DAYS >= 1.0         6               5.0     1.0        5
GREATEST
 SNOW DEPTH         9   12/12                          8  12/29
                                                          12/28
                                                          12/27
 24 HR TOTAL      8.2   12/11 TO 12/11

DEGREE_DAYS
HEATING TOTAL    1512              1556     -44     1187
 SINCE 7/1       2994              3769    -775     2850
COOLING TOTAL       0                 0       0        0
 SINCE 1/1        281               204      77      336
.......................................................

WIND (MPH)
AVERAGE WIND SPEED              12.8
HIGHEST WIND SPEED/DIRECTION    38/100    DATE  12/25
HIGHEST GUST SPEED/DIRECTION    51/100    DATE  12/25

SKY COVER
POSSIBLE SUNSHINE (PERCENT)   MM
AVERAGE SKY COVER           0.70
NUMBER OF DAYS FAIR            5
NUMBER OF DAYS PC              9
NUMBER OF DAYS CLOUDY         17

AVERAGE RH (PERCENT)     79

WEATHER CONDITIONS. NUMBER OF DAYS WITH
THUNDERSTORM              0     MIXED PRECIP               2
HEAVY RAIN                0     RAIN                       0
LIGHT RAIN                2     FREEZING RAIN              1
LT FREEZING RAIN          3     HAIL                       0
HEAVY SNOW                0     SNOW                       5
LIGHT SNOW               27     SLEET                      2
FOG                      20     FOG W/VIS <= 1/4 MILE      2
HAZE                     10

-  INDICATES NEGATIVE NUMBERS.
R  INDICATES RECORD WAS SET OR TIED.
MM INDICATES DATA IS MISSING.
T  INDICATES TRACE AMOUNT.

$$

.DECEMBER 2016 WAS WARMER THAN NORMAL WITH ABOVE NORMAL
PRECIPITATION AT DULUTH MN...

THE AVERAGE TEMPERATURE FOR DECEMBER WAS 15.9 DEGREES WHICH WAS 1.1
DEGREES ABOVE THE NORMAL OF 14.8 DEGREES. THE HIGHEST TEMPERATURE
FOR THE MONTH WAS 39 DEGREES ON THE 22ND. THE LOWEST TEMPERATURE WAS
-21 DEGREES ON THE 18TH. NO DAILY TEMPERATURE RECORDS WERE BROKEN
FOR THE MONTH. 13 DAYS HAD AVERAGE TEMPERATURES BELOW NORMAL.

DECEMBER 2016 WAS ABOVE NORMAL FOR PRECIPITATION WITH A TOTAL OF
2.07 INCHES OF PRECIPITATION RECORDED FOR THE MONTH. THIS WAS 0.86
INCHES ABOVE THE NORMAL OF 1.21 INCHES MAKING THIS THE 18TH WETTEST
DECEMBER IN STATION HISTORY. THE GREATEST AMOUNT OF PRECIPITATION IN
A 24 HOUR PERIOD OCCURRED ON THE 25TH WHEN 0.87 INCHES WAS RECORDED.
AT LEAST A TRACE OF PRECIPITATION WAS RECORDED ON 27 DAYS. AT LEAST
0.01 INCHES OF PRECIPITATION FELL ON 15 DAYS. AT LEAST 0.10 INCHES
FELL ON 5 DAYS. AT LEAST 0.50 INCHES FELL ON 1 DAY. THERE WAS 21.3
INCHES OF SNOW FOR THE MONTH WHICH IS 3.6 INCHES ABOVE THE NORMAL OF
17.7 INCHES MAKING THIS THE 20TH SNOWIEST DECEMBER IN STATION
HISTORY. THE GREATEST AMOUNT OF SNOWFALL IN A 24 HOUR PERIOD
OCCURRED ON THE 11TH WHEN 8.2 INCHES WAS RECORDED. NO DAILY
PRECIPITATION RECORDS WERE BROKEN FOR THE MONTH. ONE DAILY SNOWFALL
RECORD WAS BROKEN FOR THE MONTH. ON DECEMBER 11TH 8.2 INCHES OF SNOW
FELL BREAKING THE PREVIOUS RECORD OF 7.4 INCHES OF SNOW RECORDED IN
1983.

THE AVERAGE WIND SPEED FOR THE MONTH WAS 12.8 MPH. THE WINDIEST DAY
OF THE MONTH WAS ON THE 26TH WITH AN AVERAGE WIND OF 24.3 MPH. THE
HIGHEST SUSTAINED WIND OCCURRED ON THE 25TH WITH A SPEED OF 38 MPH
OUT OF THE EAST. A PEAK WIND GUST OF 51 MPH OUT OF THE EAST WAS ALSO
RECORDED ON THE 25TH. THERE WERE 1512 HEATING DEGREE DAYS FOR THE
MONTH WHICH WAS 44 BELOW THE NORMAL OF 1556. THIS BROUGHT THE
SEASONAL TOTAL TO 2994 WHICH WAS 775 BELOW THE NORMAL OF 3769.
THERE WERE 0 COOLING DEGREE DAYS FOR THE MONTH WHICH WAS NORMAL. THE
SEASONAL TOTAL COOLING DEGREE DAYS STANDS AT 281 WHICH WAS 77 ABOVE
THE NORMAL OF 204. THE HIGHEST SEA LEVEL PRESSURE FOR THE MONTH WAS
30.56 INCHES REACHED ON THE 9TH AND THE LOWEST SEA LEVEL PRESSURE
READING WAS 29.32 INCHES REACHED ON THE 26TH.

THE OUTLOOK FOR JANUARY...NORMAL HIGHS ARE IN THE UPPER TEENS AND
LOW 20S. NORMAL LOWS FOR THE MONTH ARE IN THE SINGLE DIGITS ABOVE
ZERO. NORMAL PRECIPITATION FOR JANUARY IS 0.96 INCHES. NORMAL
SNOWFALL FOR JANUARY IS 19.4 INCHES. THE LATEST CPC OUTLOOK
INDICATES THAT THERE IS NO CLEAR INDICATION FOR ABOVE OR BELOW
NORMAL TEMPERATURES AND PRECIPITATION.

$$
