000
CXUS53 KEAX 020422 RRA
CLMDMO

CLIMATE REPORT
NATIONAL WEATHER SERVICE KANSAS CITY/PLEASANT HILL MO
1117 PM CDT MON MAY 1 2017

...................................

...THE SEDALIA CLIMATE SUMMARY FOR THE MONTH OF APRIL 2017...

CLIMATE NORMAL PERIOD 1981 TO 2010
CLIMATE RECORD PERIOD 9999 TO 9999

WEATHER         OBSERVED          NORMAL  DEPART  LAST YEAR`S
                 VALUE   DATE(S)  VALUE   FROM    VALUE  DATE(S)
                                          NORMAL
................................................................
TEMPERATURE (F)
HIGHEST            85   04/19        84       1       80  04/24
LOWEST             39   04/07        27      12       29  04/09
AVG. MAXIMUM     69.8              67.3     2.5     69.7
AVG. MINIMUM     49.3              46.1     3.2     47.2
MEAN             59.6              56.7     2.9     58.4
DAYS MAX >= 90      0               0.1    -0.1        0
DAYS MAX <= 32      0               0.0     0.0        0
DAYS MIN <= 32      0               5.0    -5.0        3
DAYS MIN <= 0       0               0.0     0.0        0

PRECIPITATION (INCHES)
TOTALS           7.49              4.25    3.24     0.72
DAILY AVG.       0.25              0.14    0.11       MM
DAYS >= .01        14              10.6     3.4        9
DAYS >= .10        13               6.8     6.2        5
DAYS >= .50         4               2.5     1.5        1
DAYS >= 1.00        1               1.1    -0.1        0
GREATEST
 24 HR. TOTAL    3.03   04/29 TO 04/29

DEGREE_DAYS
HEATING TOTAL     195               280     -85      195
 SINCE 7/1       3532              4482    -950     3570
COOLING TOTAL      42                31      11       20
 SINCE 1/1         50                34      16       24
.................................................................

WIND (MPH)
AVERAGE WIND SPEED              11.1
HIGHEST WIND SPEED/DIRECTION    36/100    DATE  04/30
HIGHEST GUST SPEED/DIRECTION    43/330    DATE  04/05

SKY COVER
POSSIBLE SUNSHINE (PERCENT)    0
AVERAGE SKY COVER           0.40
NUMBER OF DAYS FAIR           17
NUMBER OF DAYS PC              6
NUMBER OF DAYS CLOUDY          7

AVERAGE RH (PERCENT)     65

WEATHER CONDITIONS. NUMBER OF DAYS WITH
THUNDERSTORM              6     MIXED PRECIP               0
HEAVY RAIN                7     RAIN                       9
LIGHT RAIN               15     FREEZING RAIN              0
LT FREEZING RAIN          0     HAIL                       0
HEAVY SNOW                0     SNOW                       0
LIGHT SNOW                0     SLEET                      0
FOG                      13     FOG W/VIS <= 1/4 MILE      0
HAZE                      2

-  INDICATES NEGATIVE NUMBERS.
R  INDICATES RECORD WAS SET OR TIED.
MM INDICATES DATA IS MISSING.
T  INDICATES TRACE AMOUNT.

$$
