082
CXUS54 KEWX 012339
CLMDRT

CLIMATE REPORT
NATIONAL WEATHER SERVICE AUSTIN/SAN ANTONIO, TX
539 PM CST THU DEC 1 2016

...................................

...THE DEL RIO CLIMATE SUMMARY FOR THE MONTH OF NOVEMBER 2016...

CLIMATE NORMAL PERIOD 1981 TO 2010
CLIMATE RECORD PERIOD 1906 TO 2016

WEATHER         OBSERVED          NORMAL  DEPART  LAST YEAR`S
                 VALUE   DATE(S)  VALUE   FROM    VALUE  DATE(S)
                                          NORMAL
................................................................
TEMPERATURE (F)
HIGHEST            88   11/01                         83  11/03
                                                          11/02
LOWEST             41   11/20                         31  11/22
AVG. MAXIMUM     74.5              72.0     2.5     70.9
AVG. MINIMUM     55.8              49.6     6.2     52.6
MEAN             65.2              60.8     4.4     61.8
DAYS MAX >= 90      0                                  0
DAYS MAX <= 32      0                                  0
DAYS MIN <= 32      0                                  1
DAYS MIN <= 0       0                                  0

PRECIPITATION (INCHES)
TOTALS           2.11              0.93    1.18     0.56
DAILY AVG.       0.07              0.03    0.04     0.02
DAYS >= .01         7                                  8
DAYS >= .10         4                                  2
DAYS >= .50         3                                  0
DAYS >= 1.00        0                                  0
GREATEST
 24 HR. TOTAL    1.16   11/09 TO 11/10

SNOWFALL (INCHES)
TOTALS            0.0               0.0     0.0      0.0
SINCE 7/1         0.0               0.0     0.0      0.0

DEGREE_DAYS
HEATING TOTAL      69               173    -104      140
 SINCE 7/1         69               197    -128      143
COOLING TOTAL      80                47      33       52
 SINCE 1/1       3579              3372     207     3530
.................................................................

WIND (MPH)
AVERAGE WIND SPEED              6.6
HIGHEST WIND SPEED/DIRECTION    26/150    DATE  11/27
HIGHEST GUST SPEED/DIRECTION    33/150    DATE  11/27

SKY COVER
POSSIBLE SUNSHINE (PERCENT)   MM
AVERAGE SKY COVER           0.40
NUMBER OF DAYS FAIR           13
NUMBER OF DAYS PC             10
NUMBER OF DAYS CLOUDY          7

AVERAGE RH (PERCENT)     74

WEATHER CONDITIONS. NUMBER OF DAYS WITH
THUNDERSTORM              0     MIXED PRECIP               0
HEAVY RAIN                2     RAIN                       5
LIGHT RAIN               13     FREEZING RAIN              0
LT FREEZING RAIN          0     HAIL                       0
HEAVY SNOW                0     SNOW                       0
LIGHT SNOW                0     SLEET                      0
FOG                      17     FOG W/VIS <= 1/4 MILE      3
HAZE                      4

-  INDICATES NEGATIVE NUMBERS.
R  INDICATES RECORD WAS SET OR TIED.
MM INDICATES DATA IS MISSING.
T  INDICATES TRACE AMOUNT.

&&

MONTHLY CLIMATE SUMMARY:
NOVEMBER 2016 WAS THE 5TH WARMEST AND 15TH WETTEST NOVEMBER
SINCE RECORD KEEPING BEGAN AT DEL RIO.

SEA LEVEL PRESSURE INFORMATION:
HIGHEST SLP 30.64 INCHES ON THE 19TH
LOWEST SLP 29.50 INCHES ON THE 28TH.

PRELIMINARY LOCAL CLIMATOLOGICAL DATA (WS FORM: F-6)

                                          STATION:   DEL RIO
                                          MONTH:     NOVEMBER
                                          YEAR:      2016
                                          LATITUDE:   29 22 N
                                          LONGITUDE: 100 55 W

  TEMPERATURE IN F:       :PCPN:    SNOW:  WIND      :SUNSHINE: SKY     :PK WND
================================================================================
1   2   3   4   5  6A  6B    7    8   9   10  11  12  13   14  15   16   17  18
                                     12Z  AVG MX 2MIN
DY MAX MIN AVG DEP HDD CDD  WTR  SNW DPTH SPD SPD DIR MIN PSBL S-S WX    SPD DR
================================================================================

 1  88  66  77  10   0  12 0.00  0.0    0  8.7 18 150   M    M   2 1      22 150
 2  83  72  78  12   0  13    T  0.0    0  9.7 17 120   M    M   6        23 130
 3  80  68  74   8   0   9 0.27  0.0    0  7.2 16  40   M    M   8 18     26  30
 4  75  66  71   6   0   6 0.58  0.0    0  4.3 10  90   M    M   9 1      13  70
 5  75  67  71   6   0   6 0.04  0.0    0  5.6 16 100   M    M   8 1      22 110
 6  79  67  73   8   0   8 0.02  0.0    0  8.1 16 120   M    M   7 1      20 110
 7  79  63  71   7   0   6    T  0.0    0  4.9 13 100   M    M   6 18     17 110
 8  76  59  68   4   0   3 0.00  0.0    0  8.2 16 340   M    M   7 1      22 340
 9  64  58  61  -2   4   0 0.66  0.0    0  6.7 13 300   M    M   9 1      16 320
10  63  57  60  -3   5   0 0.51  0.0    0  3.6 12 330   M    M   9 1      20 220
11  72  57  65   2   0   0 0.00  0.0    0  2.1  8 160   M    M   6 1      10 150
12  72  58  65   3   0   0    T  0.0    0  3.5 10 280   M    M   7 1      14 270
13  75  59  67   5   0   2 0.00  0.0    0  6.1 15 160   M    M   4        17 160
14  80  54  67   6   0   2 0.00  0.0    0  2.7  9  90   M    M   2 12     12  90
15  84  51  68   7   0   3 0.00  0.0    0  2.3  8 290   M    M   1 12     13 300
16  82  50  66   6   0   1 0.00  0.0    0  7.4 17 140   M    M   0        22 140
17  80  55  68   8   0   3 0.00  0.0    0  8.7 20 150   M    M   2 12     26 150
18  74  50  62   2   3   0    T  0.0    0  9.7 21 350   M    M   4        27 330
19  63  42  53  -6  12   0 0.00  0.0    0  4.1  9 320   M    M   0        12 250
20  65  41  53  -6  12   0 0.00  0.0    0  8.6 20 150   M    M   0        22 150
21  73  44  59   1   6   0 0.00  0.0    0  8.3 17 150   M    M   0        22 120
22  74  60  67   9   0   2 0.00  0.0    0  7.2 13 120   M    M   5        17 100
23  73  50  62   4   3   0 0.00  0.0    0  6.9 18 300   M    M   0 8      23 300
24  74  47  61   4   4   0 0.00  0.0    0  7.9 18 140   M    M   0        22 150
25  73  57  65   8   0   0    T  0.0    0  8.3 25 290   M    M   8        30 290
26  63  54  59   2   6   0    T  0.0    0  5.1 10 150   M    M  10 18     14 260
27  73  61  67  11   0   2 0.03  0.0    0 11.2 26 150   M    M   6 1      33 150
28  80  53  67  11   0   2 0.00  0.0    0  9.0 25 300   M    M   0 1      32 300
29  78  45  62   6   3   0 0.00  0.0    0  7.0 14 330   M    M   0        17 310
30  66  42  54  -1  11   0 0.00  0.0    0  5.8 17 330   M    M   0        23 340
================================================================================
SM 2236 1673        69  80  2.11     0.0 198.9          M      126
================================================================================
AV 74.5 55.8                               6.6 FASTST   M    M   4    MAX(MPH)
                                 MISC ---->  # 26 150               # 33  150
================================================================================
NOTES:
# LAST OF SEVERAL OCCURRENCES

COLUMN 17 PEAK WIND IN M.P.H.

SYMBOLS USED IN COLUMN 16
1 = FOG OR MIST
2 = FOG REDUCING VISIBILITY
3 = THUNDER
4 = ICE PELLETS
5 = HAIL
6 = FREEZING RAIN OR DRIZZLE
7 = DUSTSTORM OR SANDSTORM:
8 = SMOKE OR HAZE
9 = BLOWING SNOW
X = TORNADO

$$
