000
CXUS54 KEWX 011927
CLMDRT

CLIMATE REPORT
NATIONAL WEATHER SERVICE AUSTIN/SAN ANTONIO, TX
155 PM CDT THU SEP 1 2016

...................................

...THE DEL RIO CLIMATE SUMMARY FOR THE MONTH OF AUGUST 2016...

CLIMATE NORMAL PERIOD 1981 TO 2010
CLIMATE RECORD PERIOD 1906 TO 2016

WEATHER         OBSERVED          NORMAL  DEPART  LAST YEAR`S
                 VALUE   DATE(S)  VALUE   FROM    VALUE  DATE(S)
                                          NORMAL
................................................................
TEMPERATURE (F)
HIGHEST           107   08/12                        106  08/14
                                                          08/13
LOWEST             72   08/22                         71  08/28
                        08/20
                        08/16
AVG. MAXIMUM     95.0              97.1    -2.1    101.1
AVG. MINIMUM     75.4              75.3     0.1     76.5
MEAN             85.2              86.2    -1.0     88.8
DAYS MAX >= 90     20                                 31
DAYS MAX <= 32      0                                  0
DAYS MIN <= 32      0                                  0
DAYS MIN <= 0       0                                  0

PRECIPITATION (INCHES)
TOTALS          10.26              2.18    8.08     2.02
DAILY AVG.       0.33              0.07    0.26     0.07
DAYS >= .01        12                                  2
DAYS >= .10        11                                  1
DAYS >= .50         7                                  1
DAYS >= 1.00        3                                  1
GREATEST
 24 HR. TOTAL    3.89   08/19 TO 08/20

SNOWFALL (INCHES)
TOTALS            0.0               0.0     0.0      0.0
SINCE 7/1         0.0               0.0     0.0      0.0

DEGREE_DAYS
HEATING TOTAL       0                 0       0        0
 SINCE 7/1          0                 0       0        0
COOLING TOTAL     634               657     -23      743
 SINCE 1/1       2714              2635      79     2589
.................................................................

WIND (MPH)
AVERAGE WIND SPEED              8.7
HIGHEST WIND SPEED/DIRECTION    26/020    DATE  08/12
HIGHEST GUST SPEED/DIRECTION    39/010    DATE  08/12

SKY COVER
POSSIBLE SUNSHINE (PERCENT)   MM
AVERAGE SKY COVER           0.30
NUMBER OF DAYS FAIR           18
NUMBER OF DAYS PC             10
NUMBER OF DAYS CLOUDY          3

AVERAGE RH (PERCENT)     66

WEATHER CONDITIONS. NUMBER OF DAYS WITH
THUNDERSTORM              0     MIXED PRECIP               0
HEAVY RAIN               10     RAIN                       9
LIGHT RAIN               13     FREEZING RAIN              0
LT FREEZING RAIN          0     HAIL                       0
HEAVY SNOW                0     SNOW                       0
LIGHT SNOW                0     SLEET                      0
FOG                      11     FOG W/VIS <= 1/4 MILE      0
HAZE                      0

-  INDICATES NEGATIVE NUMBERS.
R  INDICATES RECORD WAS SET OR TIED.
MM INDICATES DATA IS MISSING.
T  INDICATES TRACE AMOUNT.

&&

MONTHLY CLIMATE SUMMARY:
AUGUST 2016 WAS THE 49TH COOLEST AND THE 3RD WETTEST AUGUST
SINCE RECORD KEEPING BEGAN.

SEA LEVEL PRESSURE DATA:
HIGHEST SLP 30.06 ON 23RD
LOWEST  SLP 29.64 ON 12TH

PRELIMINARY LOCAL CLIMATOLOGICAL DATA (WS FORM: F-6)

                                          STATION:   DEL RIO
                                          MONTH:     AUGUST
                                          YEAR:      2016
                                          LATITUDE:   29 22 N
                                          LONGITUDE: 100 55 W

  TEMPERATURE IN F:       :PCPN:    SNOW:  WIND      :SUNSHINE: SKY     :PK WND
================================================================================
1   2   3   4   5  6A  6B    7    8   9   10  11  12  13   14  15   16   17  18
                                     12Z  AVG MX 2MIN
DY MAX MIN AVG DEP HDD CDD  WTR  SNW DPTH SPD SPD DIR MIN PSBL S-S WX    SPD DR
================================================================================

 1 102  77  90   3   0  25 0.00  0.0    0 13.3 25 160   M    M   1        33 160
 2 103  76  90   3   0  25 0.00  0.0    0 11.6 22 160   M    M   0        28 140
 3 102  78  90   3   0  25 0.00  0.0    0 10.8 18 150   M    M   0        25 150
 4 102  78  90   3   0  25 0.00  0.0    0 11.6 20 160   M    M   0        29 150
 5 102  78  90   3   0  25 0.00  0.0    0 11.4 20 140   M    M   0        28 140
 6 103  79  91   4   0  26 0.00  0.0    0 11.5 22 160   M    M   1        29 150
 7 104  80  92   5   0  27 0.00  0.0    0 12.7 21 140   M    M   1        28 150
 8 103  81  92   5   0  27 0.00  0.0    0 11.9 22 140   M    M   0        28 120
 9 103  80  92   5   0  27 0.00  0.0    0 11.4 25 120   M    M   1        32 120
10 103  80  92   5   0  27 0.00  0.0    0 12.2 22 120   M    M   1        27 120
11 104  81  93   6   0  28 0.00  0.0    0  8.7 22 120   M    M   0        29 120
12 107  75  91   4   0  26 0.72  0.0    0 10.1 26  20   M    M   1 1      39  10
13  92  74  83  -4   0  18 1.47  0.0    0  4.6 24 350   M    M   5 1      33 350
14  85  72  79  -8   0  14 0.87  0.0    0  5.9 14 350   M    M  10 1      18  20
15  92  73  83  -4   0  18 0.00  0.0    0  5.6 16  70   M    M   6        21  70
16  89  72  81  -6   0  16 0.16  0.0    0  6.2 17  70   M    M   6        22  80
17  87  74  81  -5   0  16 0.09  0.0    0  7.8 17 100   M    M   7 1      23 110
18  88  74  81  -5   0  16 1.29  0.0    0  7.6 18  70   M    M   5 1      24 100
19  88  73  81  -5   0  16 0.99  0.0    0  8.1 23 180   M    M   7 1      29 170
20  88  72  80  -6   0  15 3.12  0.0    0  5.5 20 330   M    M   8 1      25 330
21  89  74  82  -4   0  17    T  0.0    0  6.4 16 110   M    M   7        22 100
22  88  72  80  -6   0  15 0.11  0.0    0  8.7 20 160   M    M   6 1      25 170
23  93  75  84  -2   0  19 0.00  0.0    0 11.9 23 150   M    M   2        29 140
24  93  73  83  -3   0  18 0.00  0.0    0 10.8 22 150   M    M   1        28 150
25  92  73  83  -3   0  18 0.00  0.0    0 10.0 18 140   M    M   2        26 150
26  92  74  83  -2   0  18 0.00  0.0    0  8.3 16 150   M    M   2        21  80
27  93  74  84  -1   0  19 0.00  0.0    0  5.9 13 140   M    M   1        19 150
28  94  74  84  -1   0  19 0.00  0.0    0  6.2 20  40   M    M   2        30  40
29  89  74  82  -3   0  17 0.42  0.0    0  3.9 17 300   M    M   6 1      19 310
30  87  73  80  -5   0  15 0.26  0.0    0  4.4 17  70   M    M   9 1      22  70
31  89  74  82  -2   0  17 0.76  0.0    0  3.5 16  20   M    M   5 1      20  30
================================================================================
SM 2946 2337         0 634 10.26     0.0 268.5          M      103
================================================================================
AV 95.0 75.4                               8.7 FASTST   M    M   3    MAX(MPH)
                                 MISC ---->  # 26  20               # 39   10
================================================================================
NOTES:
# LAST OF SEVERAL OCCURRENCES

COLUMN 17 PEAK WIND IN M.P.H.

SYMBOLS USED IN COLUMN 16
1 = FOG OR MIST
2 = FOG REDUCING VISIBILITY
3 = THUNDER
4 = ICE PELLETS
5 = HAIL
6 = FREEZING RAIN OR DRIZZLE
7 = DUSTSTORM OR SANDSTORM:
8 = SMOKE OR HAZE
9 = BLOWING SNOW
X = TORNADO

$$
