000
CXUS53 KDMX 011416
CLMDSM

CLIMATE REPORT
NATIONAL WEATHER SERVICE DES MOINES IA
915 AM CDT TUE SEP 1 2015

...................................

...THE DES MOINES IA CLIMATE SUMMARY FOR THE MONTH OF AUGUST 2015...

CLIMATE NORMAL PERIOD 1981 TO 2010
CLIMATE RECORD PERIOD 1878 TO 2015

WEATHER         OBSERVED          NORMAL  DEPART  LAST YEAR`S
                 VALUE   DATE(S)  VALUE   FROM    VALUE  DATE(S)
                                          NORMAL
................................................................
TEMPERATURE (F)
RECORD
 HIGH             110   08/04/1918
 LOW               40   08/20/1950
                        08/24/1891
HIGHEST            93   08/02        96      -3       93  08/24
LOWEST             53   08/26        53       0       57  08/13
                        08/25
                        08/24
AVG. MAXIMUM     82.1              83.8    -1.7     83.6
AVG. MINIMUM     64.2              64.8    -0.6     67.2
MEAN             73.1              74.3    -1.2     75.4
DAYS MAX >= 90      2               5.5    -3.5        3
DAYS MAX <= 32      0               0.0     0.0        0
DAYS MIN <= 32      0               0.0     0.0        0
DAYS MIN <= 0       0               0.0     0.0        0

PRECIPITATION (INCHES)
RECORD
 MAXIMUM        13.68   1977
 MINIMUM         0.14   1909
TOTALS           4.25              4.13    0.12    11.36
DAILY AVG.       0.14              0.13    0.01     0.37
DAYS >= .01        11               9.1     1.9       14
DAYS >= .10         4               6.4    -2.4       10
DAYS >= .50         3               2.7     0.3        5
DAYS >= 1.00        1               1.3    -0.3        4

SNOWFALL (INCHES)
RECORDS
 TOTAL             MM   5
TOTALS            0.0               0.0     0.0      0.0
SINCE 7/1         0.0               0.0     0.0      0.0
SNOWDEPTH AVG.      0                MM      MM        0
DAYS >= 1.0         0               0.0     0.0        0
GREATEST
 SNOW DEPTH         0   MM                             0  MM
 24 HR TOTAL      0.0   08/31 TO 08/31

DEGREE_DAYS
HEATING TOTAL       2                 5      -3        0
 SINCE 7/1          2                 6      -4        2
COOLING TOTAL     262               293     -31      329
 SINCE 1/1        952               939      13      969
.................................................................

WIND (MPH)
AVERAGE WIND SPEED              7.9
HIGHEST WIND SPEED/DIRECTION    32/250    DATE  08/02
HIGHEST GUST SPEED/DIRECTION    39/250    DATE  08/02

SKY COVER
POSSIBLE SUNSHINE (PERCENT)   MM
AVERAGE SKY COVER           0.50
NUMBER OF DAYS FAIR           11
NUMBER OF DAYS PC             11
NUMBER OF DAYS CLOUDY          9

AVERAGE RH (PERCENT)     68

WEATHER CONDITIONS. NUMBER OF DAYS WITH
THUNDERSTORM              0     MIXED PRECIP               0
HEAVY RAIN                4     RAIN                       4
LIGHT RAIN               13     FREEZING RAIN              0
LT FREEZING RAIN          0     HAIL                       0
HEAVY SNOW                0     SNOW                       0
LIGHT SNOW                0     SLEET                      0
FOG                      13     FOG W/VIS <= 1/4 MILE      2
HAZE                      4

-  INDICATES NEGATIVE NUMBERS.
R  INDICATES RECORD WAS SET OR TIED.
MM INDICATES DATA IS MISSING.
T  INDICATES TRACE AMOUNT.

$$
