561
CXUS53 KDVN 011507
CLMDVN


CLIMATE REPORT
NATIONAL WEATHER SERVICE QUAD CITIES IA IL
1000 AM CDT WED NOV 1 2017

...................................

...THE DAVENPORT IA CLIMATE SUMMARY FOR THE MONTH OF OCTOBER 2017...

CLIMATE NORMAL PERIOD 1981 TO 2010
CLIMATE RECORD PERIOD 9999 TO 9999

WEATHER         OBSERVED          NORMAL  DEPART
                 VALUE   DATE(S)  VALUE   FROM
                                          NORMAL
................................................
TEMPERATURE (F)
HIGHEST            84   10/02        69      15
LOWEST             21   10/29        36     -15
AVG. MAXIMUM     65.6              62.8     2.8
AVG. MINIMUM     46.0              40.6     5.4
MEAN             55.8              51.7     4.1
DAYS MAX >= 90      0
DAYS MAX <= 32      0
DAYS MIN <= 32      3
DAYS MIN <= 0       0

PRECIPITATION (INCHES)
TOTALS           4.30              2.97    1.33
DAILY AVG.       0.14              0.10    0.04
DAYS >= .01         8
DAYS >= .10         4
DAYS >= .50         2
DAYS >= 1.00        2
GREATEST
 24 HR. TOTAL    1.99   10/14 TO 10/14

SNOWFALL (INCHES)
TOTALS              T
SINCE 7/1           T
SNOWDEPTH AVG.      0
DAYS >= TRACE       4
DAYS >= 1.0         0
GREATEST
 SNOW DEPTH         0   MM
 24 HR TOTAL        T   10/31 TO 10/31
                        10/30 TO 10/30
                        10/29 TO 10/29

DEGREE_DAYS
HEATING TOTAL     304               425    -121
 SINCE 7/1        392               560    -168
COOLING TOTAL      27                12      15
 SINCE 1/1        770               786     -16
.................................................

WIND (MPH)
AVERAGE WIND SPEED              10.0
HIGHEST WIND SPEED/DIRECTION    31/230    DATE  10/07
HIGHEST GUST SPEED/DIRECTION    43/240    DATE  10/07

SKY COVER
POSSIBLE SUNSHINE (PERCENT)   MM
AVERAGE SKY COVER           0.50
NUMBER OF DAYS FAIR           13
NUMBER OF DAYS PC              9
NUMBER OF DAYS CLOUDY          9

AVERAGE RH (PERCENT)     70

WEATHER CONDITIONS. NUMBER OF DAYS WITH
THUNDERSTORM              1     HAIL                       0
SLEET                     0     FOG                       11
FOG W/VIS <= 1/4 MILE     2     HAZE                       3

-  INDICATES NEGATIVE NUMBERS.
R  INDICATES RECORD WAS SET OR TIED.
MM INDICATES DATA IS MISSING.
T  INDICATES TRACE AMOUNT.

$$
