000
CXUS56 KOTX 012044
CLMEAT

CLIMATE REPORT
NATIONAL WEATHER SERVICE SPOKANE, WA
1227 PM PST MON FEB 1 2016

...................................

...THE WENATCHEE WA PANGBORN FIELD CLIMATE SUMMARY FOR THE MONTH OF JANUARY 2016...

CLIMATE NORMAL PERIOD 1981 TO 2010
CLIMATE RECORD PERIOD 1959 TO 2016

WEATHER         OBSERVED          NORMAL  DEPART  LAST YEAR`S
                 VALUE   DATE(S)  VALUE   FROM    VALUE  DATE(S)
                                          NORMAL
................................................................
TEMPERATURE (F)
RECORD
 HIGH              60   MM
 LOW              -12   01/30/1996
HIGHEST            44   01/28        34      10       53  01/18
LOWEST              7   01/01        25     -18       12  01/01
AVG. MAXIMUM     35.5              33.8     1.7     36.4
AVG. MINIMUM     27.9              22.1     5.8     29.1
MEAN             31.7              29.5     2.2     32.7
DAYS MAX >= 90      0                MM      MM        0
DAYS MAX <= 32      5                MM      MM        5
DAYS MIN <= 32     21                MM      MM       19
DAYS MIN <= 0       0                MM      MM        0

PRECIPITATION (INCHES)
RECORD
 MAXIMUM         2.84   1995
 MINIMUM         0.01   1977
TOTALS           2.22              1.06    1.16     0.63
DAILY AVG.       0.07              0.04    0.03     0.02
DAYS >= .01        14                MM      MM        7
DAYS >= .10         9                MM      MM        2
DAYS >= .50         0                MM      MM        0
DAYS >= 1.00        0                MM      MM        0
GREATEST
 24 HR. TOTAL    0.43   01/19 TO 01/19           01/17 TO 01/18
                                                          01/18 TO 01/18
                                                          01/18 TO 01/18

SNOWFALL (INCHES)
RECORDS
 TOTAL           31.0   1970
TOTALS             MM               9.8      MM       MM
SINCE 7/1         0.0              27.9   -27.9       MM
SNOWDEPTH AVG.     MM                 6      MM       MM
DAYS >= 1.0        MM                MM      MM        0
GREATEST
 SNOW DEPTH        MM                                 MM  MM
 24 HR TOTAL       MM                                 MM

DEGREE_DAYS
HEATING TOTAL     995              1100    -105      993
 SINCE 7/1       3118              3620    -502     3029
.........................................................

WIND (MPH)
AVERAGE WIND SPEED              3.2
HIGHEST WIND SPEED/DIRECTION    16/320    DATE  01/13
HIGHEST GUST SPEED/DIRECTION    19/320    DATE  01/13

SKY COVER
POSSIBLE SUNSHINE (PERCENT)   MM
AVERAGE SKY COVER           0.80
NUMBER OF DAYS FAIR            3
NUMBER OF DAYS PC              5
NUMBER OF DAYS CLOUDY         23

AVERAGE RH (PERCENT)     86

WEATHER CONDITIONS. NUMBER OF DAYS WITH
THUNDERSTORM              0     MIXED PRECIP               0
HEAVY RAIN                0     RAIN                       0
LIGHT RAIN               10     FREEZING RAIN              0
LT FREEZING RAIN          1     HAIL                       0
HEAVY SNOW                0     SNOW                       5
LIGHT SNOW               15     SLEET                      0
FOG                      28     FOG W/VIS <= 1/4 MILE     21
HAZE                      5

-  INDICATES NEGATIVE NUMBERS.
R  INDICATES RECORD WAS SET OR TIED.
MM INDICATES DATA IS MISSING.
T  INDICATES TRACE AMOUNT.

$$

THE MONTH STARTED OFF ON A COLD NOTE.  WITH FRESH SNOW ON THE GROUND
AND CLEARING SKIES, NIGHTTIME LOWS DROPPED TO AROUND ZERO WITH
DAYTIME HIGHS IN THE TEENS AND LOWER 20S.  BUT THIS WAS QUICKLY
REPLACED WITH MILDER AND MOISTER AIR MASSES BY THE 4TH.  A
WIDESPREAD 4-7 INCHES OF SNOW FELL ACROSS THE REGION ON THE 4TH.  A
MORE SIGNIFICANT STORM ARRIVED ON THE 12TH WITH 5 TO 12 INCHES OF
SNOW IN THE LEAVENWORTH AREA.  THE 18TH SAW MORE SNOW FOR THE AREA
WITH MOST FOLKS PICKING UP 2 TO 7 INCHES.  DESPITE ALL OF THE SNOW,
TEMPERATURES WERE ACTUALLY MILDER THAN NORMAL.  DAYTIME READINGS
CONSISTENTLY MADE IT ABOVE FREEZING EACH DAY AND NIGHTTIME LOWS
WEREN`T ALL THAT COLD. THERE WAS VERY LITTLE WIND DURING THE ENTIRE
MONTH AS THE STORM SYSTEMS WERE RATHER WEAK.


THE ONLY RECORD AT WENATCHEE FOR THE MONTH OCCURRED ON THE 19TH,WHEN
0.43 INCHES OF LIQUID FELL, ECLIPSING THE OLD RECORD OF 0.24".  THE
13.1 INCHES OF SNOW THAT FELL AT WENATCHEE IS THE SNOWIEST JANUARY
SINCE 1998, WHICH WAS ALSO A STRONG EL NINO WINTER.
