000
CXUS52 KAKQ 011438
CLMECG


CLIMATE REPORT
NATIONAL WEATHER SERVICE WAKEFIELD, VA
1037 AM EDT TUE JUL 1 2014

...................................

...THE ELIZABETH CITY NC CLIMATE SUMMARY FOR THE MONTH OF JUNE 2014...

CLIMATE NORMAL PERIOD 1981 TO 2010
CLIMATE RECORD PERIOD 1934 TO 2014

WEATHER         OBSERVED          NORMAL  DEPART  LAST YEAR`S
                 VALUE   DATE(S)  VALUE   FROM    VALUE  DATE(S)
                                          NORMAL
................................................................
TEMPERATURE (F)
RECORD
 HIGH             102   06/20/1939
 LOW               43   06/05/1997
HIGHEST            94   06/19        87       7       MM  MM
                        06/18
LOWEST             45   06/02        62     -17       MM  MM
AVG. MAXIMUM     84.3              84.7    -0.4       MM
AVG. MINIMUM     65.8              66.1    -0.3       MM
MEAN             75.0              75.4    -0.4       MM
DAYS MAX >= 90      5               5.3    -0.3       MM
DAYS MAX <= 32      0               0.0     0.0       MM
DAYS MIN <= 32      0               0.0     0.0       MM
DAYS MIN <= 0       0               0.0     0.0       MM

PRECIPITATION (INCHES)
RECORD
 MAXIMUM           MM   MM
 MINIMUM           MM   MM
TOTALS           3.83              4.49   -0.66       MM
DAILY AVG.       0.13              0.15   -0.02       MM
DAYS >= .01        13              10.9     2.1       MM
DAYS >= .10         8               7.0     1.0       MM
DAYS >= .50         3               3.2    -0.2       MM
DAYS >= 1.00        1               1.8    -0.8       MM
GREATEST
 24 HR. TOTAL    1.32   06/17 TO 06/17
                        06/16 TO 06/17
                        06/17 TO 06/17

DEGREE_DAYS
HEATING TOTAL       5                 3       2       MM
 SINCE 7/1       3341              3232     109       MM
COOLING TOTAL     311               314      -3       MM
 SINCE 1/1        520               478      42       MM
.................................................................

WIND (MPH)
AVERAGE WIND SPEED              7.4
HIGHEST WIND SPEED/DIRECTION    32/140    DATE  06/17
HIGHEST GUST SPEED/DIRECTION    49/140    DATE  06/17

SKY COVER
POSSIBLE SUNSHINE (PERCENT)   MM
AVERAGE SKY COVER           0.20

AVERAGE RH (PERCENT)     73

WEATHER CONDITIONS. NUMBER OF DAYS WITH
THUNDERSTORM              0     MIXED PRECIP               0
HEAVY RAIN                7     RAIN                       7
LIGHT RAIN               13     FREEZING RAIN              0
LT FREEZING RAIN          0     HAIL                       0
HEAVY SNOW                0     SNOW                       0
LIGHT SNOW                0     SLEET                      0
FOG                      14     FOG W/VIS <= 1/4 MILE      1
HAZE                      3

-  INDICATES NEGATIVE NUMBERS.
R  INDICATES RECORD WAS SET OR TIED.
MM INDICATES DATA IS MISSING.
T  INDICATES TRACE AMOUNT.

$$
