000
CXUS51 KRLX 090147
CLMEKN


CLIMATE REPORT
NATIONAL WEATHER SERVICE CHARLESTON WV
946 PM EDT WED JUL 8 2015

...................................

...THE ELKINS CLIMATE SUMMARY FOR THE MONTH OF JUNE 2015...

CLIMATE NORMAL PERIOD 1981 TO 2010
CLIMATE RECORD PERIOD 1899 TO 2015

WEATHER         OBSERVED          NORMAL  DEPART  LAST YEAR`S
                 VALUE   DATE(S)  VALUE   FROM    VALUE  DATE(S)
                                          NORMAL
................................................................
TEMPERATURE (F)
RECORD
 HIGH              96   06/29/2012
 LOW                0   06/30/2012
HIGHEST            87   06/11        MM      MM       87  06/18
                                                          06/17
LOWEST             48   06/29        MM      MM       46  06/07
AVG. MAXIMUM     78.9              77.9     1.0     80.6
AVG. MINIMUM     59.3              54.6     4.7     57.6
MEAN             69.1              66.3     2.8     69.1
DAYS MAX >= 90      0               0.2    -0.2        0
DAYS MAX <= 32      0               0.0     0.0
DAYS MIN <= 32      0               0.0     0.0        0
DAYS MIN <= 0       0               0.0     0.0        0

PRECIPITATION (INCHES)
RECORD
 MAXIMUM        10.05   1998
 MINIMUM         1.11   2005
TOTALS           8.52              4.40    4.12     4.52
DAILY AVG.       0.28              0.15    0.13     0.15
DAYS >= .01        23              14.8     8.2       17
DAYS >= .10        19               9.2     9.8       10
DAYS >= .50         6               3.1     2.9        2
DAYS >= 1.00        2               0.9     1.1        2
GREATEST
 24 HR. TOTAL    2.17   06/26 TO 06/27           06/20 TO 06/21
                                                          06/30 TO 06/30
                                                          06/30 TO 06/30
 STORM TOTAL       MM                                 MM
 (MM/DD(HH))            MM                    06/21(00) TO 06/21(00)
                                                 06/30(00) TO 06/30(00)0
                                                 06/30(00) TO 06/30(00)0

SNOWFALL (INCHES)
RECORDS
 TOTAL             MM   MM
TOTALS            0.0               0.0     0.0      0.0
SINCE 7/1        70.3              83.5   -13.2     92.3
SNOWDEPTH AVG.      0                MM      MM        0
DAYS >= 1.0         0               0.0     0.0        0
GREATEST
 SNOW DEPTH         0   MM                             0
 24 HR TOTAL      0.0   06/30 TO 06/30           06/30 TO 06/30
                                                          06/30 TO 06/30
                                                          06/30 TO 06/30

DEGREE_DAYS
HEATING TOTAL      21                55     -34       14
 SINCE 7/1       5956              5852     104     6002
COOLING TOTAL     153                92      61      145
 SINCE 1/1        218               115     103      181
.................................................

WIND (MPH)
AVERAGE WIND SPEED              3.9
HIGHEST WIND SPEED/DIRECTION    28/270    DATE  06/20
HIGHEST GUST SPEED/DIRECTION    38/270    DATE  06/20

SKY COVER
POSSIBLE SUNSHINE (PERCENT)   MM
AVERAGE SKY COVER           0.60
NUMBER OF DAYS FAIR            8
NUMBER OF DAYS PC             14
NUMBER OF DAYS CLOUDY          8

AVERAGE RH (PERCENT)     76

WEATHER CONDITIONS. NUMBER OF DAYS WITH
THUNDERSTORM              0     MIXED PRECIP               0
HEAVY RAIN               16     RAIN                      16
LIGHT RAIN               25     FREEZING RAIN              0
LT FREEZING RAIN          0     HAIL                       0
HEAVY SNOW                0     SNOW                       0
LIGHT SNOW                0     SLEET                      0
FOG                      28     FOG W/VIS <= 1/4 MILE      7
HAZE                      7

-  INDICATES NEGATIVE NUMBERS.
R  INDICATES RECORD WAS SET OR TIED.
MM INDICATES DATA IS MISSING.
T  INDICATES TRACE AMOUNT.

$$
