000
CXUS55 KLKN 011756
CLMEKO


CLIMATE REPORT
NATIONAL WEATHER SERVICE ELKO NV
1039 AM PDT SAT APR 1 2017

...................................

...THE ELKO AIRPORT NV CLIMATE SUMMARY FOR THE MONTH OF MARCH 2017...

CLIMATE NORMAL PERIOD 1981 TO 2010
CLIMATE RECORD PERIOD 1888 TO 2017

WEATHER         OBSERVED          NORMAL  DEPART  LAST YEAR`S
                 VALUE   DATE(S)  VALUE   FROM    VALUE  DATE(S)
                                          NORMAL
................................................................
TEMPERATURE (F)
RECORD
 HIGH              78   03/21/2004
                        03/18/1910
 LOW              -15   03/02/1890
HIGHEST            73   03/17        67       6       71  03/20
LOWEST             19   03/01        12       7       20  03/26
AVG. MAXIMUM     58.4              51.6     6.8     55.1
AVG. MINIMUM     30.3              26.2     4.1     30.8
MEAN             44.4              38.9     5.5     42.9
DAYS MAX >= 90      0               0.0     0.0        0
DAYS MAX <= 32      0               0.5    -0.5        0
DAYS MIN <= 32     21              24.8    -3.8       23
DAYS MIN <= 0       0               0.0     0.0        0

PRECIPITATION (INCHES)
RECORD
 MAXIMUM         3.75   1904
                        1902
 MINIMUM         0.04   1988
TOTALS           1.29              1.00    0.29     1.01
DAILY AVG.       0.04              0.03    0.01     0.03
DAYS >= .01        10               8.8     1.2       11
DAYS >= .10         5               3.5     1.5        6
DAYS >= .50         1               0.1     0.9        0
DAYS >= 1.00        0               0.0     0.0        0
GREATEST
 24 HR. TOTAL    0.59   03/22 TO 03/22              0.35

SNOWFALL (INCHES)
RECORDS
 TOTAL           35.5   1902
TOTALS            1.9               5.1    -3.2      6.5
SINCE 7/1        53.3              37.6    15.7     62.4
SNOWDEPTH AVG.      0                                  0
DAYS >= TRACE       8               4.7     3.3        9
DAYS >= 1.0         0               2.1    -2.1        3
DAYS >= 5.0         0                                  0
GREATEST
 SNOW DEPTH         T   03/31                          3
 24 HR TOTAL      0.6   03/07 TO 03/07               2.7

DEGREE_DAYS
HEATING TOTAL     635               809    -174      676
 SINCE 7/1       5371              5977    -606     5701
COOLING TOTAL       0                 0       0        0
 SINCE 1/1          0                 0       0        0
.................................................................

WIND (MPH)
AVERAGE WIND SPEED              5.8
HIGHEST WIND SPEED/DIRECTION    39/260    DATE  03/30
HIGHEST GUST SPEED/DIRECTION    50/250    DATE  03/30

AVERAGE RH (PERCENT)     58

WEATHER CONDITIONS. NUMBER OF DAYS WITH
THUNDERSTORM              0     MIXED PRECIP               0
HEAVY RAIN                2     RAIN                       2
LIGHT RAIN                9     FREEZING RAIN              0
LT FREEZING RAIN          0     HAIL                       0
HEAVY SNOW                1     SNOW                       2
LIGHT SNOW                8     SLEET                      0
FOG                       7     FOG W/VIS <= 1/4 MILE      2
HAZE                      5

-  INDICATES NEGATIVE NUMBERS.
R  INDICATES RECORD WAS SET OR TIED.
MM INDICATES DATA IS MISSING.
T  INDICATES TRACE AMOUNT.

&&

====================================================================

...2ND WARMEST MARCH ON RECORD IN ELKO...

A RECORD DAILY MAXIMUM TEMP OF 72 DEGREES WAS TIED ON THE 14TH.
A RECORD DAILY MAXIMUM TEMP OF 72 DEGREES WAS TIED ON THE 15TH.
A RECORD DAILY PRECIPITATION OF 0.59 INCHES WAS SET ON THE 22ND.
$$

DS
