000
CXUS54 KEPZ 011024
CLMELP


CLIMATE REPORT
NATIONAL WEATHER SERVICE EL PASO, TX
303 AM MST MON FEB 1 2016

...................................

...THE EL PASO     CLIMATE SUMMARY FOR THE MONTH OF JANUARY 2016...

CLIMATE NORMAL PERIOD 1981 TO 2010
CLIMATE RECORD PERIOD 1879 TO 2016

WEATHER         OBSERVED          NORMAL  DEPART  LAST YEAR`S
                 VALUE   DATE(S)  VALUE   FROM    VALUE  DATE(S)
                                          NORMAL
................................................................
TEMPERATURE (F)
RECORD
 HIGH              80   01/24/1970
 LOW               -8   01/11/1962
HIGHEST            73   01/30        59      14       73  01/28
LOWEST             23   01/27        29      -6       22  01/23
                                                          01/05
AVG. MAXIMUM     57.2              57.7    -0.5     56.1
AVG. MINIMUM     33.4              32.5     0.9     32.3
MEAN             45.3              45.1     0.2     44.2
DAYS MAX >= 90      0               0.0     0.0        0
DAYS MAX <= 32      0               0.2    -0.2        0
DAYS MIN <= 32     15              14.5     0.5       19
DAYS MIN <= 0       0               0.0     0.0        0

PRECIPITATION (INCHES)
RECORD
 MAXIMUM         1.84
 MINIMUM         0.00
TOTALS           0.46              0.40    0.06     0.85
DAYS >= .01         3                                  5
DAYS >= .10         2                                  3
DAYS >= .50         0                                  0
DAYS >= 1.00        0                                  0
GREATEST
 24 HR. TOTAL    0.28   01/05 TO 01/06
 STORM TOTAL       MM
 (MM/DD(HH))            MM

SNOWFALL (INCHES)
TOTALS              T                                  T
SNOWDEPTH AVG.      0                                  0
DAYS >= TRACE       3                                  4
GREATEST
 SNOW DEPTH         0   MM
 24 HR TOTAL        T   01/05 TO 01/05
                        01/08 TO 01/08
                        01/11 TO 01/11
 STORM TOTAL       MM
 (MM/DD(HH))            MM

DEGREE_DAYS
HEATING TOTAL     602               617     -15      635
 SINCE 7/1       1491              1685    -194     1493
COOLING TOTAL       0                 0       0        0
 SINCE 1/1          0                 0       0        0

FREEZE DATES
RECORD
 EARLIEST     10/16/1880
 LATEST       05/02/1967
EARLIEST                        12/06
LATEST                          02/07
.................................................................

WIND (MPH)
AVERAGE WIND SPEED              8.2
HIGHEST WIND SPEED/DIRECTION    39/270    DATE  01/15
HIGHEST GUST SPEED/DIRECTION    54/280    DATE  01/15

SKY COVER
POSSIBLE SUNSHINE (PERCENT)   MM
AVERAGE SKY COVER           0.40
NUMBER OF DAYS FAIR           16
NUMBER OF DAYS PC             11
NUMBER OF DAYS CLOUDY          4

AVERAGE RH (PERCENT)     49

WEATHER CONDITIONS. NUMBER OF DAYS WITH
THUNDERSTORM              0     MIXED PRECIP               0
HEAVY RAIN                0     RAIN                       2
LIGHT RAIN                4     FREEZING RAIN              0
LT FREEZING RAIN          0     HAIL                       0
HEAVY SNOW                0     SNOW                       0
LIGHT SNOW                3     SLEET                      0
FOG                       4     FOG W/VIS <= 1/4 MILE      1
HAZE                      2

-  INDICATES NEGATIVE NUMBERS.
R  INDICATES RECORD WAS SET OR TIED.
MM INDICATES DATA IS MISSING.
T  INDICATES TRACE AMOUNT.

$$
