000
CXUS56 KPQR 011715
CLMEUG


CLIMATE REPORT
NATIONAL WEATHER SERVICE PORTLAND OREGON
1015 AM PDT SAT NOV 1 2014

...................................

...THE EUGENE OR CLIMATE SUMMARY FOR THE MONTH OF OCTOBER 2014...

CLIMATE NORMAL PERIOD 1981 TO 2010
CLIMATE RECORD PERIOD 1892 TO 2014

WEATHER         OBSERVED          NORMAL  DEPART  LAST YEAR`S
                 VALUE   DATE(S)  VALUE   FROM    VALUE  DATE(S)
                                          NORMAL
................................................................
TEMPERATURE (F)
HIGHEST            86                                 78  10/06
LOWEST             40                                 28  10/29
AVG. MAXIMUM     70.1              64.2     5.9     61.7
AVG. MINIMUM     48.2              41.2     7.0     39.0
MEAN             59.2              52.7     6.5     50.4
DAYS MAX >= 90      0               0.0     0.0        0
DAYS MAX <= 32      0               0.0     0.0        0
DAYS MIN <= 32      0               2.1    -2.1        2
DAYS MIN <= 0       0               0.0     0.0        0

PRECIPITATION (INCHES)
RECORD
 MAXIMUM        12.66   1950
 MINIMUM            T   1895
TOTALS           4.70              3.25    1.45     0.58
DAYS >= .01        18              11.4     6.6        6
DAYS >= .10        11               7.0     4.0        1
DAYS >= .50         2               1.9     0.1        0
DAYS >= 1.00        1               0.6     0.4        0
GREATEST
 24 HR. TOTAL    1.30   10/22 TO 10/23

DEGREE_DAYS
HEATING TOTAL     180               382    -202      445
 SINCE 7/1        221               570    -349      561
COOLING TOTAL       8                 1       7        0
 SINCE 1/1        475               239     236      411
.................................................................

WIND (MPH)
AVERAGE WIND SPEED              6.4
RESULTANT WIND SPEED/DIRECTION   3/185
HIGHEST WIND SPEED/DIRECTION    36/200    DATE  10/25
HIGHEST GUST SPEED/DIRECTION    45/200    DATE  10/25

SKY COVER
POSSIBLE SUNSHINE (PERCENT)   MM
AVERAGE SKY COVER           0.60
NUMBER OF DAYS FAIR            6
NUMBER OF DAYS PC             11
NUMBER OF DAYS CLOUDY         14

AVERAGE RH (PERCENT)     74

WEATHER CONDITIONS. NUMBER OF DAYS WITH
THUNDERSTORM              0     MIXED PRECIP               0
HEAVY RAIN                3     RAIN                       8
LIGHT RAIN               18     FREEZING RAIN              0
LT FREEZING RAIN          0     HAIL                       0
HEAVY SNOW                0     SNOW                       0
LIGHT SNOW                0     SLEET                      0
FOG                      25     FOG W/VIS <= 1/4 MILE      8
HAZE                      5

-  INDICATES NEGATIVE NUMBERS.
R  INDICATES RECORD WAS SET OR TIED.
MM INDICATES DATA IS MISSING.
T  INDICATES TRACE AMOUNT.

$$
