000
CXUS56 KPQR 011606
CLMEUG


CLIMATE REPORT
NATIONAL WEATHER SERVICE PORTLAND OREGON
806 AM PST WED FEB 1 2017

...................................

...THE EUGENE OR CLIMATE SUMMARY FOR THE MONTH OF JANUARY 2017...

CLIMATE NORMAL PERIOD 1981 TO 2010
CLIMATE RECORD PERIOD 1892 TO 2017

WEATHER         OBSERVED          NORMAL  DEPART  LAST YEAR`S
                 VALUE   DATE(S)  VALUE   FROM    VALUE  DATE(S)
                                          NORMAL
................................................................
TEMPERATURE (F)
HIGHEST            55                                 65  01/27
LOWEST             13                                 21  01/02
AVG. MAXIMUM     42.7              47.2    -4.5     48.7
AVG. MINIMUM     29.4              34.2    -4.8     37.5
MEAN             36.0              40.7    -4.7     43.1
DAYS MAX >= 90      0               0.0     0.0        0
DAYS MAX <= 32      3               0.7     2.3        1
DAYS MIN <= 32     19              11.9     7.1        5
DAYS MIN <= 0       0               0.0     0.0        0

PRECIPITATION (INCHES)
RECORD
 MAXIMUM        15.36   1995
 MINIMUM         0.31   1985
TOTALS           4.05              6.87   -2.82     7.32
DAYS >= .01        15              17.9    -2.9       25
DAYS >= .10         9              12.3    -3.3       21
DAYS >= .50         3               4.9    -1.9        5
DAYS >= 1.00        0               1.6    -1.6        2
GREATEST
 24 HR. TOTAL    0.92   01/08 TO 01/09

DEGREE_DAYS
HEATING TOTAL     890               753     137      673
 SINCE 7/1       2594              2710    -116     2302
COOLING TOTAL       0                 0       0        0
 SINCE 1/1          0                 0       0        0
.................................................................

WIND (MPH)
AVERAGE WIND SPEED              6.7
RESULTANT WIND SPEED/DIRECTION   0/020
HIGHEST WIND SPEED/DIRECTION    33/170    DATE  01/18
HIGHEST GUST SPEED/DIRECTION    44/160    DATE  01/18

SKY COVER
POSSIBLE SUNSHINE (PERCENT)   MM
AVERAGE SKY COVER           0.70
NUMBER OF DAYS FAIR            3
NUMBER OF DAYS PC             12
NUMBER OF DAYS CLOUDY         16

AVERAGE RH (PERCENT)     84

WEATHER CONDITIONS. NUMBER OF DAYS WITH
THUNDERSTORM              0     MIXED PRECIP               0
HEAVY RAIN                0     RAIN                       4
LIGHT RAIN               14     FREEZING RAIN              0
LT FREEZING RAIN          2     HAIL                       1
HEAVY SNOW                0     SNOW                       3
LIGHT SNOW                4     SLEET                      1
FOG                      21     FOG W/VIS <= 1/4 MILE      7
HAZE                      4

-  INDICATES NEGATIVE NUMBERS.
R  INDICATES RECORD WAS SET OR TIED.
MM INDICATES DATA IS MISSING.
T  INDICATES TRACE AMOUNT.

$$
