000
CXUS53 KPAH 012136
CLMEVV

INDCLMEEV 000
TTAA00 KPAH 012124


CLIMATE REPORT
NATIONAL WEATHER SERVICE PADUCAH KY
324 PM CST FRI DEC 1 2017

...................................

...THE EVANSVILLE ASOS CLIMATE SUMMARY FOR THE MONTH OF NOVEMBER 2017...

CLIMATE NORMAL PERIOD 1981 TO 2010
CLIMATE RECORD PERIOD 1896 TO 2017

WEATHER         OBSERVED          NORMAL  DEPART  LAST YEAR`S
                 VALUE   DATE(S)  VALUE   FROM    VALUE  DATE(S)
                                          NORMAL
................................................................
TEMPERATURE (F)
RECORD
 HIGH              86   11/01/2016
 LOW               -3   11/25/1950
HIGHEST            75   11/05        56      19       86  11/01
LOWEST             25   11/23        37     -12       22  11/21
                        11/22
                        11/20
AVG. MAXIMUM     56.8              56.5     0.3     62.7
AVG. MINIMUM     36.6              36.4     0.2     39.3
MEAN             46.7              46.4     0.3     51.0
DAYS MAX >= 90      0               0.0     0.0        0
DAYS MAX <= 32      0               0.2    -0.2        0
DAYS MIN <= 32     15              10.9     4.1        7
DAYS MIN <= 0       0               0.0     0.0        0

PRECIPITATION (INCHES)
RECORD
 MAXIMUM         9.24   1921
 MINIMUM         0.20   1904
TOTALS           1.70              4.33   -2.63     2.70
DAILY AVG.       0.06              0.14   -0.08     0.09
DAYS >= .01        11               9.7     1.3        6
DAYS >= .10         5               6.5    -1.5        3
DAYS >= .50         0               3.1    -3.1        3
DAYS >= 1.00        0               1.3    -1.3        1
GREATEST
 24 HR. TOTAL    0.39   11/18 TO 11/18
 STORM TOTAL       MM
 (MM/DD(HH))            MM

SNOWFALL (INCHES)
RECORDS
 TOTAL            7.1   1936
TOTALS            0.0               0.1    -0.1      0.0
SINCE 7/1         0.0               0.3    -0.3      0.0
SNOWDEPTH AVG.      0                MM      MM        0
DAYS >= TRACE       0
DAYS >= 1.0         0               0.0     0.0        0
GREATEST
 SNOW DEPTH         0   MM                             0  MM
 24 HR TOTAL      0.0   11/30 TO 11/30
 STORM TOTAL       MM
 (MM/DD(HH))            MM

DEGREE_DAYS
HEATING TOTAL     546               558     -12      422
 SINCE 7/1        780               861     -81      530
.................................................................

WIND (MPH)
AVERAGE WIND SPEED              6.9
HIGHEST WIND SPEED/DIRECTION    29/310    DATE  11/18
HIGHEST GUST SPEED/DIRECTION    38/310    DATE  11/18

SKY COVER
POSSIBLE SUNSHINE (PERCENT)   MM
AVERAGE SKY COVER           0.50
NUMBER OF DAYS FAIR           14
NUMBER OF DAYS PC              5
NUMBER OF DAYS CLOUDY         11

AVERAGE RH (PERCENT)     71

WEATHER CONDITIONS. NUMBER OF DAYS WITH
THUNDERSTORM              0     MIXED PRECIP               0
HEAVY RAIN                3     RAIN                       5
LIGHT RAIN               11     FREEZING RAIN              0
LT FREEZING RAIN          0     HAIL                       0
HEAVY SNOW                0     SNOW                       0
LIGHT SNOW                0     SLEET                      0
FOG                      12     FOG W/VIS <= 1/4 MILE      2
HAZE                      5

-  INDICATES NEGATIVE NUMBERS.
R  INDICATES RECORD WAS SET OR TIED.
MM INDICATES DATA IS MISSING.
T  INDICATES TRACE AMOUNT.

$$
