000
CXUS53 KIND 011513
CLMEYE


CLIMATE REPORT
NATIONAL WEATHER SERVICE INDIANAPOLIS IN
1111 AM EDT SAT APR 1 2017

...................................

...THE INDIANAPOLIS EAGLE CREEK IN CLIMATE SUMMARY FOR THE MONTH OF MARCH 2017...

CLIMATE NORMAL PERIOD 1981 TO 2010
CLIMATE RECORD PERIOD 9999 TO 9999

WEATHER         OBSERVED          NORMAL  DEPART  LAST YEAR`S
                 VALUE   DATE(S)  VALUE   FROM    VALUE  DATE(S)
                                          NORMAL
................................................................
TEMPERATURE (F)
HIGHEST            75   03/25                         75  03/27
LOWEST             18   03/16                         20  03/02
                        03/15
                        03/14
AVG. MAXIMUM     52.4              51.5     0.9     58.1
AVG. MINIMUM     35.4              33.4     2.0     40.1
MEAN             43.9              42.4     1.5     49.1
DAYS MAX >= 90      0               0.0     0.0        0
DAYS MAX <= 32      2               1.1     0.9        0
DAYS MIN <= 32     14              14.5    -0.5        8
DAYS MIN <= 0       0               0.0     0.0        0

PRECIPITATION (INCHES)
TOTALS           4.45              3.30    1.15     2.44
DAILY AVG.       0.14              0.11    0.03     0.08
DAYS >= .01        13                MM      MM        9
DAYS >= .10         9                MM      MM        6
DAYS >= .50         5                MM      MM        2
DAYS >= 1.00        0                MM      MM        0
GREATEST
 24 HR. TOTAL    0.65   03/26 TO 03/26

DEGREE_DAYS
HEATING TOTAL     648               700     -52      486
 SINCE 7/1       3908              4825    -917     3999
COOLING TOTAL       2                 1       1        0
 SINCE 1/1          2                 1       1        0
.................................................................

WIND (MPH)
AVERAGE WIND SPEED              9.4
HIGHEST WIND SPEED/DIRECTION    32/290    DATE  03/01
HIGHEST GUST SPEED/DIRECTION    47/260    DATE  03/08

SKY COVER
POSSIBLE SUNSHINE (PERCENT)   MM
AVERAGE SKY COVER           0.50
NUMBER OF DAYS FAIR           10
NUMBER OF DAYS PC             11
NUMBER OF DAYS CLOUDY          9

AVERAGE RH (PERCENT)     63

WEATHER CONDITIONS. NUMBER OF DAYS WITH
THUNDERSTORM              5     MIXED PRECIP               0
HEAVY RAIN                8     RAIN                       9
LIGHT RAIN               15     FREEZING RAIN              0
LT FREEZING RAIN          0     HAIL                       0
HEAVY SNOW                0     SNOW                       0
LIGHT SNOW                5     SLEET                      0
FOG                      15     FOG W/VIS <= 1/4 MILE      0
HAZE                      2

-  INDICATES NEGATIVE NUMBERS.
R  INDICATES RECORD WAS SET OR TIED.
MM INDICATES DATA IS MISSING.
T  INDICATES TRACE AMOUNT.

$$
