000
CXUS52 KKEY 020100
CLMEYW


CLIMATE REPORT
NATIONAL WEATHER SERVICE KEY WEST, FL
800 PM EST MON JAN 1 2018

...................................

...THE KEY WEST CLIMATE SUMMARY FOR THE MONTH OF DECEMBER 2017...

CLIMATE NORMAL PERIOD 1981 TO 2010
CLIMATE RECORD PERIOD 1871 TO 2017

WEATHER         OBSERVED          NORMAL  DEPART  LAST YEAR`S
                 VALUE   DATE(S)  VALUE   FROM    VALUE  DATE(S)
                                          NORMAL
................................................................
TEMPERATURE (F)
RECORD
 HIGH              88   12/24/1876
                        12/23/1876
 LOW               44   12/24/1989
                        12/27/1985
                        12/29/1894
HIGHEST            83   12/07                         85  12/19
                                                          12/13
                                                          12/08
LOWEST             54   12/14                         63  12/31
                        12/12                             12/30
AVG. MAXIMUM     78.0              76.0     2.0     81.7
AVG. MINIMUM     67.5              66.9     0.6     73.2
MEAN             72.7              71.4     1.3     77.5
DAYS MAX >= 90      0               0.0     0.0        0
DAYS MAX <= 32      0               0.0     0.0        0
DAYS MIN <= 32      0               0.0     0.0        0
DAYS MIN <= 0       0               0.0     0.0        0

PRECIPITATION (INCHES)
RECORD
 MAXIMUM        11.18   1986
 MINIMUM         0.05   2005
TOTALS           1.28              2.22   -0.94     1.74
DAILY AVG.       0.04              0.07   -0.03     0.06
DAYS >= .01         3               6.4    -3.4        7
DAYS >= .10         2               3.2    -1.2        3
DAYS >= .50         1               1.0     0.0        1
DAYS >= 1.00        1               0.6     0.4        1
GREATEST
 24 HR. TOTAL    1.15   12/09 TO 12/09

SNOWFALL (INCHES)
RECORDS
 TOTAL            0.0
TOTALS            0.0               0.0     0.0      0.0
SINCE 7/1         0.0               0.0     0.0      0.0
SNOWDEPTH AVG.      0               0.0     0.0        0
DAYS >= 1.0         0               0.0     0.0        0
GREATEST
 SNOW DEPTH         0                                  0
 24 HR TOTAL      0.0   12/31 TO 12/31

DEGREE_DAYS
HEATING TOTAL       9                17      -8        0
 SINCE 7/1          9                18      -9        0
COOLING TOTAL     260               217      43      393
 SINCE 1/1       5361              4750     611     5146
.................................................................

WIND (MPH)
AVERAGE WIND SPEED              8.0
HIGHEST WIND SPEED/DIRECTION    29/330    DATE  12/09
HIGHEST GUST SPEED/DIRECTION    37/320    DATE  12/09

SKY COVER
POSSIBLE SUNSHINE (PERCENT)   MM
AVERAGE SKY COVER           0.20
NUMBER OF DAYS FAIR           24
NUMBER OF DAYS PC              4
NUMBER OF DAYS CLOUDY          1

AVERAGE RH (PERCENT)     78

WEATHER CONDITIONS. NUMBER OF DAYS WITH
THUNDERSTORM              2     MIXED PRECIP               0
HEAVY RAIN                1     RAIN                       1
LIGHT RAIN                4     FREEZING RAIN              0
LT FREEZING RAIN          0     HAIL                       0
HEAVY SNOW                0     SNOW                       0
LIGHT SNOW                0     SLEET                      0
FOG                       1     FOG W/VIS <= 1/4 MILE      0
HAZE                      3

-  INDICATES NEGATIVE NUMBERS.
R  INDICATES RECORD WAS SET OR TIED.
MM INDICATES DATA IS MISSING.
T  INDICATES TRACE AMOUNT.

$$

DESPITE AN EXTENDED PERIOD OF COLDER TEMPERATURES LAST MONTH,
DECEMBER 2017 CONTINUED THE TREND OF WARMER THAN AVERAGE MONTHS FOR
KEY WEST. THE AVERAGE TEMPERATURE IN DECEMBER WAS 72.7 DEGREES
FAHRENHEIT, 1.3 DEGREES ABOVE NORMAL. THE WARMEST DECEMBER ON RECORD
FOR KEY WEST AVERAGED 77.6 DEGREES IN 2015. THE COLDEST DECEMBER ON
RECORD AVERAGED 63.1 DEGREES IN 2010.

FOLLOWING IN NOVEMBER`S FOOTSTEPS, DECEMBER ENDED ON THE DRIER-THAN-
NORMAL SIDE FOR KEY WEST AS WELL. THE TOTAL RAINFALL WAS 1.28
INCHES, OR 0.94 INCHES BELOW NORMAL. THE WETTEST DECEMBER ON RECORD
FOR KEY WEST WAS 1986 WHEN 11.18 INCHES WAS RECORDED. THE DRIEST
DECEMBER ON RECORD WAS 2005, WHEN ONLY 0.05 INCHES WAS RECORDED.

RAINFALL AND TEMPERATURE RECORDS IN KEY WEST DATE BACK TO 1871 AND
1872, RESPECTIVELY. COMPLETE YEARLY RECORDS FOR TEMPERATURE DATA
DATE BACK TO 1873.

DECEMBER 2017 DOES STAND OUT IN ONE RESPECT, NO RECORDS WERE SET
THROUGHOUT THE MONTH. THIS IS ONLY THE SECOND MONTH IN 2017 TO NOT
SET ANY RECORDS. THE LONE OTHER MONTH GAINING THIS DISTINCTION WAS
FEBRUARY.

DAILY RECORDS SET/TIED AT KEY WEST, DECEMBER 2017 AND 2017

RECORD                       DEC 2017   2017
======                       ========   ====
MAXIMUM TEMPERATURE              0        4
COOL MAXIMUM TEMPERATURE         0        0
WARM MINIMUM TEMPERATURE         0       30
MINIMUM TEMPERATURE              0        1
RAINFALL                         0        2

LOOKING BACK AT 2017, KEY WEST ENDED THE YEAR WITH AN AVERAGE
TEMPERATURE OF 79.4 DEGREES, 1.6 DEGREES ABOVE NORMAL. THIS TIES
1991 AND 1880 FOR THE THIRD WARMEST YEAR ON RECORD FOR THE KEY WEST
AREA. THE WARMEST YEAR ON RECORD WAS 2015 WITH AN AVERAGE
TEMPERATURE OF 79.9 DEGREES. RAINFALL FOR THE YEAR TOTALED 38.12
INCHES, JUST SHY OF THE NORMAL 39.83 INCHES FOR THE YEAR. THIS WAS
THE CLOSEST KEY WEST HAS BEEN TO NORMAL RAINFALL VALUES SINCE 2010.


ROSS
