152
CXUS53 KFGF 011120
CLMFAR

BISCLMFAR 000
TTAA00 KFGF 011100


CLIMATE REPORT
NATIONAL WEATHER SERVICE EASTERN NORTH DAKOTA/GRAND FORKS
615 AM CDT FRI JUL 1 2016

...................................

...THE FARGO HECTOR INTL AP ND CLIMATE SUMMARY FOR THE MONTH OF JUNE 2016...

CLIMATE NORMAL PERIOD 1981 TO 2010
CLIMATE RECORD PERIOD 1881 TO 2016

WEATHER         OBSERVED          NORMAL  DEPART  LAST YEAR`S
                 VALUE   DATE(S)  VALUE   FROM    VALUE  DATE(S)
                                          NORMAL
................................................................
TEMPERATURE (F)
RECORD
 HIGH             104   06/18/1933
 LOW               28   06/01/1888
HIGHEST            91   06/19        77      14       92  06/09
                        06/10
LOWEST             44   06/02        55     -11       44  06/16
AVG. MAXIMUM     80.4              77.4     3.0     78.5
AVG. MINIMUM     57.2              54.9     2.3     55.8
MEAN             68.8              66.2     2.6     67.1
DAYS MAX >= 90      3               2.2     0.8        1
DAYS MAX <= 32      0               0.0     0.0        0
DAYS MIN <= 32      0               0.0     0.0        0
DAYS MIN <= 0       0               0.0     0.0        0

PRECIPITATION (INCHES)
RECORD
 MAXIMUM        11.71   2000
 MINIMUM         0.30   1929
TOTALS           2.45              3.90   -1.45     2.75
DAILY AVG.       0.08              0.13   -0.05     0.09
DAYS >= .01        10              11.7    -1.7       11
DAYS >= .10         6               6.9    -0.9        7
DAYS >= .50         2               2.4    -0.4        2
DAYS >= 1.00        0               0.9    -0.9        0
GREATEST
 24 HR. TOTAL    0.87   06/29 TO 06/29           06/14 TO 06/14
                                                          06/30 TO 06/30
                                                          06/30 TO 06/30
 STORM TOTAL       MM                                 MM
 (MM/DD(HH))            MM                    06/14(00) TO 06/14(00)
                                                 06/30(00) TO 06/30(00)0
                                                 06/30(00) TO 06/30(00)0

SNOWFALL (INCHES)
RECORDS
 TOTAL             MM   MM
TOTALS            0.0               0.0     0.0      0.0
SINCE 7/1        27.4              50.4   -23.0     16.0
SNOWDEPTH AVG.      0                MM      MM        0
DAYS >= 1.0         0               0.0     0.0        0
GREATEST
 SNOW DEPTH         0   MM                             0  MM
 24 HR TOTAL      0.0   06/30 TO 06/30
 STORM TOTAL       MM                                 MM
 (MM/DD(HH))            MM                    06/30(00) TO 06/30(00)
                                                 06/30(00) TO 06/30(00)0
                                                 06/30(00) TO 06/30(00)0

DEGREE_DAYS
HEATING TOTAL      27                73     -46       23
 SINCE 7/1       7172              8802   -1630     8255
COOLING TOTAL     147               107      40       96
 SINCE 1/1        195               138      57      111
.................................................

WIND (MPH)
AVERAGE WIND SPEED              11.5
HIGHEST WIND SPEED/DIRECTION    38/280    DATE  06/26
HIGHEST GUST SPEED/DIRECTION    46/280    DATE  06/26

SKY COVER
POSSIBLE SUNSHINE (PERCENT)   MM
AVERAGE SKY COVER           0.30
NUMBER OF DAYS FAIR           20
NUMBER OF DAYS PC              9
NUMBER OF DAYS CLOUDY          1

AVERAGE RH (PERCENT)     62

WEATHER CONDITIONS. NUMBER OF DAYS WITH
THUNDERSTORM              0     MIXED PRECIP               0
HEAVY RAIN                4     RAIN                       6
LIGHT RAIN               12     FREEZING RAIN              0
LT FREEZING RAIN          0     HAIL                       0
HEAVY SNOW                0     SNOW                       0
LIGHT SNOW                0     SLEET                      0
FOG                      10     FOG W/VIS <= 1/4 MILE      1
HAZE                      1

-  INDICATES NEGATIVE NUMBERS.
R  INDICATES RECORD WAS SET OR TIED.
MM INDICATES DATA IS MISSING.
T  INDICATES TRACE AMOUNT.

&&

JUNE 2016 WAS ON THE WARM AND DRY SIDE OF NORMAL AT FARGO HECTOR
AIRPORT. THE AVERAGE TEMPERATURE WAS 68.8F WHICH IS 2.6 DEGREES
ABOVE THE NORMAL 66.2F. THE 2.45 INCHES OF RAIN WAS OFF OF THE
NORMAL...AVERAGE...JUNE RAINFALL OF 3.90 INCHES BY 1.45 INCHES.
THERE WERE NO TEMPERATURE OR PRECIPITATION RECORDS SET THIS MONTH.

REMEMBER...THIS DATA IS PROVISIONAL AND IS SUBJECT TO CHANGE. THE
FINAL AND OFFICIAL RECORDS WILL BE AVAILABLE FROM THE NATIONAL
CENTERS FOR ENVIRONMENTAL INFORMATION (FORMERLY THE NATIONAL
CLIMATIC DATA CENTER).

$$
