000
CXUS56 KHNX 011700
CLMFAT


CLIMATE REPORT
NATIONAL WEATHER SERVICE SAN JOAQUIN VALLEY, CA
853 AM PST SUN JAN 1 2017

...................................

...THE FRESNO CA CLIMATE SUMMARY FOR THE MONTH OF DECEMBER 2016...

CLIMATE NORMAL PERIOD 1981 TO 2010
CLIMATE RECORD PERIOD 1887 TO 2016

WEATHER         OBSERVED          NORMAL  DEPART  LAST YEAR`S
                 VALUE   DATE(S)  VALUE   FROM    VALUE  DATE(S)
                                          NORMAL
................................................................
TEMPERATURE (F)
RECORD
 HIGH              77   12/08/2006
 LOW               18   12/23/1990
                        12/12/1932
HIGHEST            67   12/14        MM      MM       69  12/03
                        12/10
LOWEST             30   12/26        MM      MM       29  12/26
                        12/25
                        12/19
AVG. MAXIMUM     55.8              54.9     0.9     54.8
AVG. MINIMUM     38.5              38.0     0.5     36.7
MEAN             47.1              46.5     0.6     45.8
DAYS MAX >= 90      0               0.0     0.0        0
DAYS MIN <= 32      8               5.1     2.9       10

PRECIPITATION (INCHES)
RECORD
 MAXIMUM         6.73   1955
TOTALS           2.51              1.77    0.74     2.97
DAYS >= .01         7               7.5    -0.5        8
DAYS >= .10         4               4.3    -0.3        7
DAYS >= .50         1               1.0     0.0        2
DAYS >= 1.00        1               0.2     0.8        1
GREATEST
 24 HR. TOTAL    1.62   12/15 TO 12/16

SNOWFALL (INCHES)
RECORDS
 TOTAL            0.0
TOTALS            0.0               0.0

DEGREE_DAYS
HEATING TOTAL     544               575     -31      587
 SINCE 7/1        795               963    -168      977
COOLING TOTAL       0                 0       0        0
 SINCE 1/1       2342              2124     218     2524
.................................................................

WIND (MPH)
AVERAGE WIND SPEED              3.9
HIGHEST WIND SPEED/DIRECTION    26/290    DATE  12/16
HIGHEST GUST SPEED/DIRECTION    33/290    DATE  12/16

AVERAGE RH (PERCENT)     77

WEATHER CONDITIONS. NUMBER OF DAYS WITH
THUNDERSTORM              0     RAIN                       4
HAIL                      0     FOG                       27
FOG W/VIS <= 1/4 MILE    10     HAZE                      21

-  INDICATES NEGATIVE NUMBERS.
R  INDICATES RECORD WAS SET OR TIED.
MM INDICATES DATA IS MISSING.
T  INDICATES TRACE AMOUNT.

$$
