000
CXUS53 KFGF 011517
CLMFGF

BISCLMFGF 000
TTAA00 KFGF 011359


CLIMATE REPORT
NATIONAL WEATHER SERVICE EASTERN NORTH DAKOTA/GRAND FORKS
1015 AM CDT WED JUL 1 2015

...................................

...THE GRAND FORKS UNIV. (NWS) CLIMATE SUMMARY FOR THE MONTH OF JUNE 2015...

CLIMATE NORMAL PERIOD 1981 TO 2010
CLIMATE RECORD PERIOD 1890 TO 2015

WEATHER         OBSERVED          NORMAL  DEPART  LAST YEAR`S
                 VALUE   DATE(S)  VALUE   FROM    VALUE
                                          NORMAL
.............................................................
TEMPERATURE (F)
RECORD
 HIGH             105   06/18/1933
 LOW               28   06/03/1910
                        06/02/1910
HIGHEST            86   06/09        78       8
                        06/08
LOWEST             44   06/16        54     -10
AVG. MAXIMUM     77.3              76.6     0.7
AVG. MINIMUM     55.8              53.9     1.9
MEAN             66.6              65.3     1.3
DAYS MAX >= 90      0               1.7    -1.7
DAYS MAX <= 32      0               0.0     0.0
DAYS MIN <= 32      0               0.0     0.0
DAYS MIN <= 0       0               0.0     0.0

PRECIPITATION (INCHES)
RECORD
 MAXIMUM         9.52   1925
 MINIMUM         0.49   1903
TOTALS           2.32              3.74   -1.42
DAILY AVG.       0.08              0.12   -0.04
DAYS >= .01        14              11.0     3.0
DAYS >= .10        11               6.5     4.5
DAYS >= .50         1               2.4    -1.4
DAYS >= 1.00        0               0.7    -0.7
GREATEST
 24 HR. TOTAL    0.72   06/02 TO 06/02              1.56
 STORM TOTAL       MM                                 MM
 (MM/DD(HH))            MM

SNOWFALL (INCHES)
RECORDS
 TOTAL             MM   MM
TOTALS            0.1               0.0     0.1
 LIQUID EQUIV    0.01              0.00    0.01
SINCE 7/1        19.4              43.4   -24.0
 LIQUID 7/1      1.94
DAYS >= TRACE       1               0.0     1.0
DAYS >= 1.0         0               0.0     0.0
GREATEST
 SNOW DEPTH         0   MM

DEGREE_DAYS
HEATING TOTAL      46                83     -37
 SINCE 7/1       8845              9208    -363
COOLING TOTAL     101                91      10
 SINCE 1/1        112               117      -5
..............................................................

SKY COVER
POSSIBLE SUNSHINE (PERCENT)   MM
AVERAGE SKY COVER             MM
NUMBER OF DAYS FAIR            0
NUMBER OF DAYS PC              0
NUMBER OF DAYS CLOUDY          0


WEATHER CONDITIONS. NUMBER OF DAYS WITH
THUNDERSTORM              0     MIXED PRECIP               0
HEAVY RAIN                0     RAIN                       2
LIGHT RAIN                7     FREEZING RAIN              0
LT FREEZING RAIN          0     HAIL                       0
HEAVY SNOW                0     SNOW                       0
LIGHT SNOW                0     SLEET                      0
FOG                       0     FOG W/VIS <= 1/4 MILE      0
HAZE                      0

-  INDICATES NEGATIVE NUMBERS.
R  INDICATES RECORD WAS SET OR TIED.
MM INDICATES DATA IS MISSING.
T  INDICATES TRACE AMOUNT.

&&

THE MONTH OF JUNE 2015 WAS SLIGHTLY WARMER THAN NORMAL WITH AN
AVERAGE TEMPERATURE OF 66.6 DEGREES...WHICH IS 1.2 DEGREES ABOVE
NORMAL. IT WAS ALSO DRIER THAN NORMAL WITH RAINFALL FOR THE MONTH
OF 2.32 INCHES...WHICH IS 1.42 INCHES BELOW NORMAL.

REMEMBER...THIS DATA IS PROVISIONAL AND SUBJECT TO CHANGE. THE FINAL
AND OFFICIAL RECORDS WILL BE AVAILABLE FROM THE NATIONAL CENTERS FOR
ENVIRONMENTAL INFORMATION (FORMERLY THE NATIONAL CLIMATE DATA
CENTER).

$$
