000
CXUS52 KILM 010908
CLMFLO


CLIMATE REPORT
NATIONAL WEATHER SERVICE WILMINGTON NC
506 AM EDT FRI SEP 1 2017

...................................

...THE FLORENCE SC CLIMATE SUMMARY FOR THE MONTH OF AUGUST 2017...

CLIMATE NORMAL PERIOD 1981 TO 2010
CLIMATE RECORD PERIOD 1948 TO 2017

WEATHER         OBSERVED          NORMAL  DEPART  LAST YEAR`S
                 VALUE   DATE(S)  VALUE   FROM    VALUE  DATE(S)
                                          NORMAL
................................................................
TEMPERATURE (F)
RECORD
 HIGH             106   08/10/2007
                        08/09/2007
                        08/08/2007
 LOW               54   08/17/1979
HIGHEST            96   08/23                         98  08/27
LOWEST             60   08/01                         64  08/25
AVG. MAXIMUM     88.5              89.4    -0.9     93.1
AVG. MINIMUM     71.2              70.5     0.7     73.6
MEAN             79.8              79.9    -0.1     83.3
DAYS MAX >= 90     14              14.2    -0.2       28
DAYS MAX <= 32      0               0.0     0.0        0
DAYS MIN <= 32      0               0.0     0.0        0
DAYS MIN <= 0       0               0.0     0.0        0

PRECIPITATION (INCHES)
RECORD
 MAXIMUM        14.36   1992
 MINIMUM         1.23   2016
TOTALS           3.55              5.24   -1.69     1.23
DAILY AVG.       0.11              0.17   -0.06     0.04
DAYS >= .01        12              10.7     1.3        9
DAYS >= .10         6               7.1    -1.1        4
DAYS >= .50         2               3.4    -1.4        0
DAYS >= 1.00        1               1.9    -0.9        0
GREATEST
 24 HR. TOTAL    1.36   08/23 TO 08/23

SNOWFALL (INCHES)
RECORDS
 TOTAL             MM   MM
TOTALS             MM               0.0
SINCE 7/1          MM               0.0

DEGREE_DAYS
HEATING TOTAL       0                 0       0        0
COOLING TOTAL     467               464       3      574
...................................................

WIND (MPH)
AVERAGE WIND SPEED              6.1
RESULTANT WIND SPEED/DIRECTION   1/110
HIGHEST WIND SPEED/DIRECTION    35/250    DATE  08/23
HIGHEST GUST SPEED/DIRECTION    46/240    DATE  08/23

SKY COVER
POSSIBLE SUNSHINE (PERCENT)   MM
AVERAGE SKY COVER           0.40
NUMBER OF DAYS FAIR           16
NUMBER OF DAYS PC             10
NUMBER OF DAYS CLOUDY          5

AVERAGE RH (PERCENT)     79

WEATHER CONDITIONS. NUMBER OF DAYS WITH
THUNDERSTORM             12     MIXED PRECIP              MM
HEAVY RAIN                6     RAIN                       6
LIGHT RAIN               15     FREEZING RAIN              0
LT FREEZING RAIN          0     HAIL                      MM
HEAVY SNOW                0     SNOW                       0
LIGHT SNOW                0     SLEET                     MM
FOG                      17     FOG W/VIS <= 1/4 MILE      3
HAZE                      2

-  INDICATES NEGATIVE NUMBERS.
R  INDICATES RECORD WAS SET OR TIED.
MM INDICATES DATA IS MISSING.
T  INDICATES TRACE AMOUNT.

$$
