896
CXUS52 KILM 021239
CLMFLO


CLIMATE REPORT
NATIONAL WEATHER SERVICE WILMINGTON NC
736 AM EST TUE JAN 2 2018

...................................

...THE FLORENCE SC CLIMATE SUMMARY FOR THE YEAR OF 2017...

CLIMATE NORMAL PERIOD 1981 TO 2010
CLIMATE RECORD PERIOD 1948 TO 2018

WEATHER         OBSERVED          NORMAL  DEPART  LAST YEAR`S
                 VALUE   DATE(S)  VALUE   FROM    VALUE  DATE(S)
                                          NORMAL
................................................................
TEMPERATURE (F)
RECORD
 HIGH             108   06/27/1954
 LOW                0   01/21/1985
HIGHEST            96   08/23                         98  08/27
                        07/15                             07/05
                                                          07/03
LOWEST             18   01/09                         19  01/19
AVG. MAXIMUM     76.5              74.6     1.9     76.1
AVG. MINIMUM     54.5              52.8     1.7     55.0
MEAN             65.5              63.7     1.8     65.6
DAYS MAX >= 90     57              56.4     0.6       94
DAYS MAX <= 32      0               0.7    -0.7        0
DAYS MIN <= 32     31              40.0    -9.0       39
DAYS MIN <= 0       0               0.0     0.0        0

PRECIPITATION (INCHES)
RECORD
 MAXIMUM        64.71   1959
 MINIMUM        27.50   1954
TOTALS          42.63             42.91   -0.28    60.95
DAILY AVG.       0.12              0.12    0.00     0.17
DAYS >= .01       105             106.0    -1.0      115
DAYS >= .10        72              70.4     1.6       72
DAYS >= .50        27              28.6    -1.6       34
DAYS >= 1.00        9              11.7    -2.7       17
GREATEST
 24 HR. TOTAL    3.50   MM

SNOWFALL (INCHES)
RECORDS
 TOTAL           17.0   1973
TOTALS             MM               1.5
DAYS >= TRACE       2               0.8
DAYS >= 1.0        MM               0.7

DEGREE_DAYS
HEATING TOTAL    1964              2524    -560     2271
 SINCE 7/1        936               979     -43      808
COOLING TOTAL    2248              2062     186     2586
 SINCE 1/1       2248              2063     185     2586

FREEZE DATES
RECORD
 EARLIEST     10/14/1988
 LATEST       04/20/1983
EARLIEST                        11/11
LATEST                          03/22
.........................................................

WIND (MPH)
AVERAGE WIND SPEED              6.8
RESULTANT WIND SPEED/DIRECTION   1/234
HIGHEST WIND SPEED/DIRECTION    45/340    DATE  07/23
HIGHEST GUST SPEED/DIRECTION    57/340    DATE  07/23

SKY COVER
POSSIBLE SUNSHINE (PERCENT)    0
AVERAGE SKY COVER           0.30
NUMBER OF DAYS FAIR          242
NUMBER OF DAYS PC             88
NUMBER OF DAYS CLOUDY         35

AVERAGE RH (PERCENT)     71

WEATHER CONDITIONS. NUMBER OF DAYS WITH
THUNDERSTORM             65     MIXED PRECIP              MM
HEAVY RAIN               55     RAIN                      61
LIGHT RAIN              128     FREEZING RAIN              0
LT FREEZING RAIN          0     HAIL                      MM
HEAVY SNOW                0     SNOW                       1
LIGHT SNOW                2     SLEET                     MM
FOG                     166     FOG W/VIS <= 1/4 MILE     32
HAZE                     38

-  INDICATES NEGATIVE NUMBERS.
R  INDICATES RECORD WAS SET OR TIED.
MM INDICATES DATA IS MISSING.
T  INDICATES TRACE AMOUNT.

$$
