000
CXUS52 KILM 011950
CLMFLO


CLIMATE REPORT
NATIONAL WEATHER SERVICE WILMINGTON NC
349 PM EDT WED NOV 1 2017

...................................

...THE FLORENCE SC CLIMATE SUMMARY FOR THE MONTH OF OCTOBER 2017...

CLIMATE NORMAL PERIOD 1981 TO 2010
CLIMATE RECORD PERIOD 1948 TO 2017

WEATHER         OBSERVED          NORMAL  DEPART  LAST YEAR`S
                 VALUE   DATE(S)  VALUE   FROM    VALUE  DATE(S)
                                          NORMAL
................................................................
TEMPERATURE (F)
RECORD
 HIGH             102   10/06/1954
 LOW               27   10/27/1962
HIGHEST            87   10/12                         88  10/19
LOWEST             36   10/30                         39  10/23
AVG. MAXIMUM     77.6              75.5     2.1     79.2
AVG. MINIMUM     55.5              53.1     2.4     56.4
MEAN             66.6              64.3     2.3     67.8
DAYS MAX >= 90      0               0.4    -0.4        0
DAYS MAX <= 32      0               0.0     0.0        0
DAYS MIN <= 32      0               0.2    -0.2        0
DAYS MIN <= 0       0               0.0     0.0        0

PRECIPITATION (INCHES)
RECORD
 MAXIMUM        14.71   2015
 MINIMUM         0.00   2000
                        1953
TOTALS           1.57              3.08   -1.51    12.77
DAILY AVG.       0.05              0.10   -0.05     0.43
DAYS >= .01         6               6.7    -0.7        3
DAYS >= .10         4               4.3    -0.3        2
DAYS >= .50         1               1.8    -0.8        2
DAYS >= 1.00        0               1.0    -1.0        2
GREATEST
 24 HR. TOTAL    0.94   10/23 TO 10/23

SNOWFALL (INCHES)
RECORDS
 TOTAL             MM   MM
TOTALS             MM               0.0
SINCE 7/1          MM               0.0

DEGREE_DAYS
HEATING TOTAL      90               108     -18       32
COOLING TOTAL     145                86      59      123
.........................................................

WIND (MPH)
AVERAGE WIND SPEED              6.5
RESULTANT WIND SPEED/DIRECTION   1/082
HIGHEST WIND SPEED/DIRECTION    30/260    DATE  10/29
HIGHEST GUST SPEED/DIRECTION    37/260    DATE  10/29

SKY COVER
POSSIBLE SUNSHINE (PERCENT)   MM
AVERAGE SKY COVER           0.30
NUMBER OF DAYS FAIR           19
NUMBER OF DAYS PC              9
NUMBER OF DAYS CLOUDY          3

AVERAGE RH (PERCENT)     74

WEATHER CONDITIONS. NUMBER OF DAYS WITH
THUNDERSTORM              2     MIXED PRECIP              MM
HEAVY RAIN                3     RAIN                       3
LIGHT RAIN                8     FREEZING RAIN              0
LT FREEZING RAIN          0     HAIL                      MM
HEAVY SNOW                0     SNOW                       0
LIGHT SNOW                0     SLEET                     MM
FOG                      13     FOG W/VIS <= 1/4 MILE      3
HAZE                      5

-  INDICATES NEGATIVE NUMBERS.
R  INDICATES RECORD WAS SET OR TIED.
MM INDICATES DATA IS MISSING.
T  INDICATES TRACE AMOUNT.

$$
