000
CXUS54 KTSA 031558 CCA
CLMFSM

CLIMATE REPORT - CORRECTED RECORD TEMPS
NATIONAL WEATHER SERVICE TULSA OK
547 AM CDT SAT NOV 1 2014

...................................

...THE FORT SMITH ARKANSAS CLIMATE SUMMARY FOR THE MONTH OF OCTOBER 2014...

CLIMATE NORMAL PERIOD 1981 TO 2010
CLIMATE RECORD PERIOD 1882 TO 2014

WEATHER         OBSERVED          NORMAL  DEPART  LAST YEAR`S
                 VALUE   DATE(S)  VALUE   FROM    VALUE  DATE(S)
                                          NORMAL
................................................................
TEMPERATURE (F)
RECORD
 HIGH              96   10/01/1953
                        10/06/1956
                        10/08/1963
                        10/11/1963
 LOW               22   10/29/1952
                        10/30/1917
HIGHEST            89   10/01        96      -7       89
LOWEST             38   10/31        22      16       38
AVG. MAXIMUM     77.4              74.8     2.6     74.0
AVG. MINIMUM     53.8              50.7     3.1     52.6
MEAN             65.6              62.8     2.8     63.3
DAYS MAX >= 90      0
DAYS MAX <= 32      0
DAYS MIN <= 32      0
DAYS MIN <= 0       0

PRECIPITATION (INCHES)
RECORD
 MAXIMUM        12.28   MM
 MINIMUM            T   1964
TOTALS           7.90              4.32    3.58     4.18
DAILY AVG.       0.25              0.14    0.11     0.13
DAYS >= .01         7               8.4    -1.4       11
DAYS >= .10         6               5.7     0.3        9
DAYS >= .50         5               2.7     2.3        3
DAYS >= 1.00        4               1.4     2.6        2
GREATEST
 24 HR. TOTAL    2.77   10/10 TO 10/11

SNOWFALL (INCHES)
RECORDS
 TOTAL              T   1993
TOTALS            0.0               0.0     0.0      0.0
SINCE 7/1         0.0               0.0     0.0      0.0
SNOWDEPTH AVG.      0                MM      MM        0
DAYS >= 1.0         0               0.0     0.0        0
GREATEST
 SNOW DEPTH         0   MM                             0  MM
 24 HR TOTAL      0.0   10/31 TO 10/31

DEGREE_DAYS
HEATING TOTAL      71               137     -66      135
 SINCE 7/1         75               154     -79      135
COOLING TOTAL      94                68      26       88
 SINCE 1/1       2053              2046       7     2310
.................................................................

WIND (MPH)
AVERAGE WIND SPEED              6.0
HIGHEST WIND SPEED/DIRECTION    45/010    DATE  10/10
HIGHEST GUST SPEED/DIRECTION    61/020    DATE  10/10

SKY COVER
POSSIBLE SUNSHINE (PERCENT)   MM
AVERAGE SKY COVER           0.30
NUMBER OF DAYS FAIR           22
NUMBER OF DAYS PC              5
NUMBER OF DAYS CLOUDY          4

AVERAGE RH (PERCENT)     69

WEATHER CONDITIONS. NUMBER OF DAYS WITH
THUNDERSTORM              7     MIXED PRECIP               0
HEAVY RAIN                7     RAIN                       5
LIGHT RAIN                7     FREEZING RAIN              0
LT FREEZING RAIN          0     HAIL                       0
HEAVY SNOW                0     SNOW                       0
LIGHT SNOW                0     SLEET                      0
FOG                      20     FOG W/VIS <= 1/4 MILE      3
HAZE                      6

-  INDICATES NEGATIVE NUMBERS.
R  INDICATES RECORD WAS SET OR TIED.
MM INDICATES DATA IS MISSING.
T  INDICATES TRACE AMOUNT.

&&
-------------------------------------------------------------------
 YEARLY PRECIPITATION (INCHES):
 TOTAL.....................38.25
 DEPARTURE FROM NORMAL.....+0.52
$$
