000
CXUS51 KCAR 031346
CLMFVE


CLIMATE REPORT
NATIONAL WEATHER SERVICE CARIBOU, ME
844 AM EST MON NOV 3 2014

...................................

...THE FRENCHVILLE ME CLIMATE SUMMARY FOR THE MONTH OF OCTOBER 2014...

CLIMATE NORMAL PERIOD 1981 TO 2010
CLIMATE RECORD PERIOD 9999 TO 9999

WEATHER         OBSERVED          NORMAL  DEPART  LAST YEAR`S
                 VALUE   DATE(S)  VALUE   FROM    VALUE  DATE(S)
                                          NORMAL
................................................................
TEMPERATURE (F)
RECORD
 HIGH              MM   MM
 LOW               MM   MM
HIGHEST            69   10/14        MM      MM       72  10/02
                                                          10/01
LOWEST             26   10/21        MM      MM       20  10/30
AVG. MAXIMUM     51.7              49.4     2.3     53.1
AVG. MINIMUM     37.3              34.4     2.9     36.7
MEAN             44.5              41.9     2.6     44.9
DAYS MAX >= 90      0               0.0     0.0        0
DAYS MAX <= 32      0               0.2    -0.2        1
DAYS MIN <= 32      3              12.6    -9.6        9
DAYS MIN <= 0       0               0.0     0.0        0

PRECIPITATION (INCHES)
RECORD
 MAXIMUM           MM   MM
 MINIMUM           MM   MM
TOTALS           5.00              2.54    2.46     2.02
DAILY AVG.       0.16              0.08    0.08     0.07
DAYS >= .01        17                MM      MM       13
DAYS >= .10        10                MM      MM        6
DAYS >= .50         3                MM      MM        1
DAYS >= 1.00        1                MM      MM        0
GREATEST
 24 HR. TOTAL    1.67   10/16 TO 10/17           10/07 TO 10/08
                                                          10/08 TO 10/08
                                                          10/08 TO 10/08
 STORM TOTAL       MM                                 MM
 (MM/DD(HH))            MM                    10/08(00) TO 10/08(00)
                                                 10/08(00) TO 10/08(00)8
                                                 10/08(00) TO 10/08(00)8

SNOWFALL (INCHES)
RECORDS
 TOTAL             MM   MM
TOTALS             MM                MM      MM       MM
SINCE 7/1          MM                MM      MM       MM
SNOWDEPTH AVG.     MM                MM      MM       MM
DAYS >= 1.0         0                MM      MM        0
GREATEST
 SNOW DEPTH        MM                                 MM  MM
 24 HR TOTAL       MM                                 MM

DEGREE_DAYS
HEATING TOTAL     628               716     -88      615
 SINCE 7/1       1121              1260    -139     1071
COOLING TOTAL       0                 0       0        0
 SINCE 1/1        139               134       5      139
.........................................................

WIND (MPH)
AVERAGE WIND SPEED              9.0
HIGHEST WIND SPEED/DIRECTION    29/330    DATE  10/27
HIGHEST GUST SPEED/DIRECTION    37/340    DATE  10/27

SKY COVER
POSSIBLE SUNSHINE (PERCENT)   MM
AVERAGE SKY COVER           0.60
NUMBER OF DAYS FAIR            7
NUMBER OF DAYS PC             10
NUMBER OF DAYS CLOUDY         14

AVERAGE RH (PERCENT)     78

WEATHER CONDITIONS. NUMBER OF DAYS WITH
THUNDERSTORM              0     MIXED PRECIP               0
HEAVY RAIN                4     RAIN                       9
LIGHT RAIN               19     FREEZING RAIN              0
LT FREEZING RAIN          0     HAIL                       0
HEAVY SNOW                0     SNOW                       0
LIGHT SNOW                0     SLEET                      0
FOG                      19     FOG W/VIS <= 1/4 MILE      8
HAZE                      1

-  INDICATES NEGATIVE NUMBERS.
R  INDICATES RECORD WAS SET OR TIED.
MM INDICATES DATA IS MISSING.
T  INDICATES TRACE AMOUNT.

$$
