000
CXUS53 KIWX 012048 RRA
CLMFWA

INDCLMFWA 000
TTAA00 KIWX 011428


CLIMATE REPORT
NATIONAL WEATHER SERVICE NORTHERN INDIANA
1027 AM EDT THU SEP 1 2016

...................................

...THE FORT WAYNE CLIMATE SUMMARY FOR THE MONTH OF AUGUST 2016...

CLIMATE NORMAL PERIOD 1981 TO 2010
CLIMATE RECORD PERIOD 1897 TO 2016

WEATHER         OBSERVED          NORMAL  DEPART  LAST YEAR`S
                 VALUE   DATE(S)  VALUE   FROM    VALUE  DATE(S)
                                          NORMAL
................................................................
TEMPERATURE (F)
RECORD
 HIGH             102   08/09/1934
                        08/05/1918
 LOW               38   08/29/1965
HIGHEST            94   08/10        MM      MM       90  08/02
LOWEST             54   08/23        MM      MM       50  08/27
AVG. MAXIMUM     85.4              82.2     3.2     80.8
AVG. MINIMUM     65.7              60.8     4.9     59.9
MEAN             75.6              71.5     4.1
DAYS MAX >= 90      7               3.0     4.0        1
DAYS MAX <= 32      0               0.0     0.0        0
DAYS MIN <= 32      0               0.0     0.0        0
DAYS MIN <= 0       0               0.0     0.0        0

PRECIPITATION (INCHES)
RECORD
 MAXIMUM        10.09   1926
 MINIMUM         0.42   1969
TOTALS           3.06              3.64   -0.58     3.57
DAILY AVG.       0.10              0.12   -0.02     0.12
DAYS >= .01        11               9.4     1.6        9
DAYS >= .10         6               5.8     0.2        7
DAYS >= .50         2               2.4    -0.4        2
DAYS >= 1.00        0               1.1    -1.1        1
GREATEST
 24 HR. TOTAL    0.96   08/24 TO 08/25

SNOWFALL (INCHES)
RECORDS
 TOTAL            0.0   MM
TOTALS            0.0               0.0     0.0      0.0
SINCE 7/1         0.0               0.0     0.0      0.0
SNOWDEPTH AVG.      0                MM      MM        0
DAYS >= 1.0         0               0.0     0.0        0
GREATEST
 SNOW DEPTH         0   MM                             0
 24 HR TOTAL      0.0   08/31 TO 08/31

DEGREE_DAYS
HEATING TOTAL       0                 9      -9        9
 SINCE 7/1          3                12      -9        9
COOLING TOTAL     336               211     125      183
 SINCE 1/1        926               717     209      672
.................................................................

WIND (MPH)
AVERAGE WIND SPEED              6.1
HIGHEST WIND SPEED/DIRECTION    28/350    DATE  08/28
HIGHEST GUST SPEED/DIRECTION    33/360    DATE  08/28

SKY COVER
POSSIBLE SUNSHINE (PERCENT)   MM
AVERAGE SKY COVER           0.60
NUMBER OF DAYS FAIR            4
NUMBER OF DAYS PC             21
NUMBER OF DAYS CLOUDY          6

AVERAGE RH (PERCENT)     74

WEATHER CONDITIONS. NUMBER OF DAYS WITH
THUNDERSTORM              9     MIXED PRECIP               0
HEAVY RAIN                4     RAIN                       4
LIGHT RAIN               11     FREEZING RAIN              0
LT FREEZING RAIN          0     HAIL                       0
HEAVY SNOW                0     SNOW                       0
LIGHT SNOW                0     SLEET                      0
FOG                      18     FOG W/VIS <= 1/4 MILE      3
HAZE                      8

-  INDICATES NEGATIVE NUMBERS.
R  INDICATES RECORD WAS SET OR TIED.
MM INDICATES DATA IS MISSING.
T  INDICATES TRACE AMOUNT.

&&

...VERY WARM AND DRY AUGUST AT FORT WAYNE...

AUGUST 2016 BEGAN WITH QUIET WEATHER...AND DROUGHT CONDITIONS
DEVELOPING ACROSS THE REGION. NO MEASURABLE PRECIPITATION WAS
RECORDED DURING THE FIRST TEN DAYS OF THE MONTH. A SLIGHTLY MORE
ACTIVE PATTERN EMERGED DURING THE MIDDLE OF THE MONTH...HOWEVER MOST
OF NORTHEAST INDIANA AND NORTHWEST OHIO MISSED OUT ON THE BIGGER
RAINFALL TOTALS THAT WERE RECORDED IN NORTHWEST INDIANA.

THE HIGHLIGHT OF THE MONTH WAS TORNAODES IN AND AROUND THE FORT
WAYNE AREA. A WEAK TORNADO TOUCHED DOWN NORTH OF FORT WAYNE ON THE
20TH. A BIGGER TORNADO OUTBREAK ON THE 24TH BROUGHT SEVERAL
DESTRUCTIVE TORNADOES TO NORTHEAST INDIANA AND NORTHWEST OHIO. THE
MOST NOTABLE TORNADO WAS AN EF-3 THAT TOUCHED DOWN IN NORTHEAST
ALLEN COUNTY...WITH ESTIMATED WINDS OF 160 MPH. THIS WAS THE
STRONGEST TORNADO OBSERVED IN THE REGION FOR OVER A DECADE.

OVERALL...IT WAS A WARM MONTH AT FORT WAYNE. THE AVERAGE TEMPERATURE
FOR AUGUST WAS 75.6...WHICH IS 4.1 DEGREES ABOVE NORMAL. THIS IS THE
9TH WARMEST AUGUST ON RECORD AT FORT WAYNE. THE AVERAGE HIGH
TEMPERATURE WAS 85.4 DEGREES AND THE AVERAGE LOW TEMPERATURE WAS
65.7. THE WARMEST TEMPERATURE RECORDED WAS 94 ON THE 10TH AND THE
COLDEST TEMPERATURE RECORDED WAS 54 ON THE 23RD. THERE WERE 7 90
DEGREE DAYS IN AUGUST...THE MOST IN AUGUST SINCE 1995.

3.06 INCHES OF PRECIPITATION FELL IN AUGUST. THIS IS 0.58 INCHES
BELOW NORMAL...TIED FOR THE 52ND DRIEST AUGUST SINCE 1912. THE
GREATEST 24 HOUR TOTAL WAS 0.96 ON THE 24TH AND 25TH. MEASURABLE
RAIN FELL ON 11 OF THE LAST 21 DAYS OF THE MONTH...BUT ONLY 2 DAYS
RECORDED A HALF INCH OR MORE.

$$

NG
