000
CXUS54 KTSA 011950
CLMFYV

CLIMATE REPORT
NATIONAL WEATHER SERVICE TULSA OK
547 AM CDT MON MAY 1 2017

...................................

...THE FAYETTEVILLE ARKANSAS CLIMATE SUMMARY FOR THE MONTH OF APRIL
2017...

CLIMATE NORMAL PERIOD 1981 TO 2010
CLIMATE RECORD PERIOD 1905 TO 2017

WEATHER         OBSERVED          NORMAL  DEPART  LAST YEAR`S
                 VALUE   DATE(S)  VALUE   FROM    VALUE  DATE(S)
                                          NORMAL
................................................................
TEMPERATURE (F)
RECORD
 HIGH              93   04/17/2006
 LOW               17   04/08/2007
HIGHEST            80   04/15        96     -16       80  04/26
                        04/13
                        04/04
LOWEST             30   04/07        18      12       25  04/02
AVG. MAXIMUM     72.3              69.0     3.3     71.2
AVG. MINIMUM     47.8              44.7     3.1     44.9
MEAN             60.0              56.8     3.2     58.0
DAYS MAX >= 90      0               0.1    -0.1        0
DAYS MAX <= 32      0               0.0     0.0        0
DAYS MIN <= 32      1               2.8    -1.8        2
DAYS MIN <= 0       0               0.0     0.0        0

PRECIPITATION (INCHES)
RECORD
 MAXIMUM        15.28   2011
 MINIMUM         0.14   1989
TOTALS          12.86              4.57    8.29     3.95
DAILY AVG.       0.43              0.15    0.28     0.13
DAYS >= .01        13              10.1     2.9        7
DAYS >= .10        11               7.0     4.0        5
DAYS >= .50         5               3.2     1.8        3
DAYS >= 1.00        3               1.4     1.6        1
GREATEST
 24 HR. TOTAL    4.46   04/29 TO 04/29           04/29 TO 04/30
                                                          04/30 TO 04/30
                                                          04/30 TO 04/30

SNOWFALL (INCHES)
RECORDS
 TOTAL            1.0   1957
 24 HR TOTAL      1.0   04/12/1957 TO 04/12/1957
TOTALS            0.0               0.0     0.0      0.0
SINCE 7/1         1.0               7.0    -6.0        T
SNOWDEPTH AVG.      0                MM      MM        0
DAYS >= TRACE       0               0.0     0.0        0
DAYS >= 1.0         0               0.0     0.0        0
GREATEST
 SNOW DEPTH         0   MM                             0  MM
 24 HR TOTAL      0.0   04/29 TO 04/29           04/30 TO 04/30
                                                          04/30 TO 04/30
                                                          04/30 TO 04/30

DEGREE_DAYS
HEATING TOTAL     161               269    -108      214
 SINCE 7/1       3119              4098    -979     3454
COOLING TOTAL      19                24      -5       11
 SINCE 1/1         37                28       9       13
.................................................

WIND (MPH)
AVERAGE WIND SPEED              7.7
HIGHEST WIND SPEED/DIRECTION    30/210    DATE  04/30
HIGHEST GUST SPEED/DIRECTION    44/320    DATE  04/05

SKY COVER
POSSIBLE SUNSHINE (PERCENT)   MM
AVERAGE SKY COVER           0.40
NUMBER OF DAYS FAIR           16
NUMBER OF DAYS PC              7
NUMBER OF DAYS CLOUDY          7

AVERAGE RH (PERCENT)     75

WEATHER CONDITIONS. NUMBER OF DAYS WITH
THUNDERSTORM              9     MIXED PRECIP               0
HEAVY RAIN                8     RAIN                      10
LIGHT RAIN               13     FREEZING RAIN              0
LT FREEZING RAIN          0     HAIL                       0
HEAVY SNOW                0     SNOW                       0
LIGHT SNOW                0     SLEET                      0
FOG                      18     FOG W/VIS <= 1/4 MILE      4
HAZE                      1

-  INDICATES NEGATIVE NUMBERS.
R  INDICATES RECORD WAS SET OR TIED.
MM INDICATES DATA IS MISSING.
T  INDICATES TRACE AMOUNT.

&&
-------------------------------------------------------------------
 YEARLY PRECIPITATION (INCHES):
 TOTAL.....................22.31
 DEPARTURE FROM NORMAL.....+8.14
$$
