150
CXUS54 KTSA 011134
CLMFYV

CLIMATE REPORT
NATIONAL WEATHER SERVICE TULSA OK
633 AM CDT FRI SEP 1 2017

...................................

...THE FAYETTEVILLE ARKANSAS CLIMATE SUMMARY FOR THE MONTH OF AUGUST 2017...

CLIMATE NORMAL PERIOD 1981 TO 2010
CLIMATE RECORD PERIOD 1905 TO 2017

WEATHER         OBSERVED          NORMAL  DEPART  LAST YEAR`S
                 VALUE   DATE(S)  VALUE   FROM    VALUE  DATE(S)
                                          NORMAL
................................................................
TEMPERATURE (F)
RECORD
 HIGH             110   08/03/2011
 LOW               45   08/22/1956
HIGHEST            92   08/19       109     -17       94  08/04
LOWEST             54   08/25        44      10       51  08/22
AVG. MAXIMUM     83.2              89.1    -5.9     86.9
AVG. MINIMUM     63.6              65.1    -1.5     67.0
MEAN             73.4              77.1    -3.7     77.0
DAYS MAX >= 90      2              15.0   -13.0       13
DAYS MAX <= 32      0               0.0     0.0        0
DAYS MIN <= 32      0               0.0     0.0        0
DAYS MIN <= 0       0               0.0     0.0        0

PRECIPITATION (INCHES)
RECORD
 MAXIMUM         9.12   1964
 MINIMUM         0.02   2010
TOTALS           5.66              3.24    2.42     1.09
DAILY AVG.       0.18              0.10    0.08     0.04
DAYS >= .01        15               7.8     7.2       10
DAYS >= .10        11               4.5     6.5        4
DAYS >= .50         3               2.2     0.8        0
DAYS >= 1.00        2               1.2     0.8        0
GREATEST
 24 HR. TOTAL    1.50   08/13 TO 08/13           08/05 TO 08/05
                                                          08/04 TO 08/05
                                                          08/05 TO 08/05

SNOWFALL (INCHES)
RECORDS
 TOTAL            0.0   2002
 24 HR TOTAL      0.0
TOTALS            0.0               0.0     0.0      0.0
SINCE 7/1         0.0               0.0     0.0      0.0
SNOWDEPTH AVG.      0               0.0     0.0        0
DAYS >= TRACE       0               0.0     0.0        0
DAYS >= 1.0         0               0.0     0.0        0
GREATEST
 SNOW DEPTH         0   MM                             0  MM
 24 HR TOTAL      0.0   08/31 TO 08/31           08/31 TO 08/31
                                                          08/05 TO 08/05
                                                          08/05 TO 08/05

DEGREE_DAYS
HEATING TOTAL       0                 1      -1        0
 SINCE 7/1          0                 1      -1        0
COOLING TOTAL     269               376    -107      380
 SINCE 1/1       1012              1125    -113     1219
......................................................

WIND (MPH)
AVERAGE WIND SPEED              3.5
HIGHEST WIND SPEED/DIRECTION    26/330    DATE  08/03
HIGHEST GUST SPEED/DIRECTION    36/320    DATE  08/18

SKY COVER
POSSIBLE SUNSHINE (PERCENT)   MM
AVERAGE SKY COVER           0.40
NUMBER OF DAYS FAIR           16
NUMBER OF DAYS PC             12
NUMBER OF DAYS CLOUDY          3

AVERAGE RH (PERCENT)     81

WEATHER CONDITIONS. NUMBER OF DAYS WITH
THUNDERSTORM              8     MIXED PRECIP               0
HEAVY RAIN                8     RAIN                      10
LIGHT RAIN               12     FREEZING RAIN              0
LT FREEZING RAIN          0     HAIL                       0
HEAVY SNOW                0     SNOW                       0
LIGHT SNOW                0     SLEET                      0
FOG                      26     FOG W/VIS <= 1/4 MILE     10
HAZE                      3

-  INDICATES NEGATIVE NUMBERS.
R  INDICATES RECORD WAS SET OR TIED.
MM INDICATES DATA IS MISSING.
T  INDICATES TRACE AMOUNT.

&&
-------------------------------------------------------------------
 YEARLY PRECIPITATION (INCHES):
 TOTAL.....................42.84
 DEPARTURE FROM NORMAL.....+10.95
$$
