000
CXUS55 KRIW 011904
CLMGEY


CLIMATE REPORT
NATIONAL WEATHER SERVICE RIVERTON WY
1257 PM MDT SAT AUG 1 2015

...................................

...THE GREYBULL WY CLIMATE SUMMARY FOR THE MONTH OF JULY 2015...

CLIMATE NORMAL PERIOD 1981 TO 2010
CLIMATE RECORD PERIOD 1998 TO 2015

WEATHER         OBSERVED          NORMAL  DEPART
                 VALUE   DATE(S)  VALUE   FROM
                                          NORMAL
................................................
TEMPERATURE (F)
RECORD
 HIGH             108   07/14/2002
 LOW               44   07/07/2010
                        07/12/2008
HIGHEST           100   07/26
                        07/04
LOWEST             46   07/29
AVG. MAXIMUM     88.7              90.3    -1.6
AVG. MINIMUM     57.5              57.2     0.3
MEAN             73.1              73.7    -0.6
DAYS MAX >= 90     18
DAYS MAX <= 32      0
DAYS MIN <= 32      0
DAYS MIN <= 0       0

PRECIPITATION (INCHES)
RECORD
 MAXIMUM         0.53   2004
 MINIMUM         0.00   2011
                        2007
TOTALS              T              0.66   -0.66
DAILY AVG.          T              0.02   -0.02
DAYS >= .01         0
DAYS >= .10         0
DAYS >= .50         0
DAYS >= 1.00        0
GREATEST
 24 HR. TOTAL       T   07/27 TO 07/27
                        07/04 TO 07/05
                        07/07 TO 07/08

DEGREE_DAYS
HEATING TOTAL       3                 6      -3
 SINCE 7/1          3                 6      -3
COOLING TOTAL     262               277     -15
 SINCE 1/1        512               403     109
.................................................

WIND (MPH)
AVERAGE WIND SPEED              7.3
HIGHEST WIND SPEED/DIRECTION    58/310    DATE  07/27
HIGHEST GUST SPEED/DIRECTION    74/320    DATE  07/27

SKY COVER
POSSIBLE SUNSHINE (PERCENT)   MM
AVERAGE SKY COVER           0.10
NUMBER OF DAYS FAIR           30
NUMBER OF DAYS PC              1
NUMBER OF DAYS CLOUDY          0

AVERAGE RH (PERCENT)     44

WEATHER CONDITIONS. NUMBER OF DAYS WITH
THUNDERSTORM              0     MIXED PRECIP               0
HEAVY RAIN                2     RAIN                       1
LIGHT RAIN                8     FREEZING RAIN              0
LT FREEZING RAIN          0     HAIL                       0
HEAVY SNOW                0     SNOW                       0
LIGHT SNOW                0     SLEET                      0
FOG                       2     FOG W/VIS <= 1/4 MILE      0
HAZE                      3

-  INDICATES NEGATIVE NUMBERS.
R  INDICATES RECORD WAS SET OR TIED.
MM INDICATES DATA IS MISSING.
T  INDICATES TRACE AMOUNT.

$$
