000
CXUS53 KIND 011515
CLMGEZ


CLIMATE REPORT
NATIONAL WEATHER SERVICE INDIANAPOLIS IN
1115 AM EDT FRI JUL 1 2016

...................................

...THE SHELBYVILLE IN CLIMATE SUMMARY FOR THE MONTH OF JUNE 2016...

CLIMATE NORMAL PERIOD 1981 TO 2010
CLIMATE RECORD PERIOD 9999 TO 9999

WEATHER         OBSERVED          NORMAL  DEPART  LAST YEAR`S
                 VALUE   DATE(S)  VALUE   FROM    VALUE  DATE(S)
                                          NORMAL
................................................................
TEMPERATURE (F)
HIGHEST            95   06/11                         93  06/11
LOWEST             53   06/08                         48  06/03
AVG. MAXIMUM     86.2              82.0     4.2     83.0
AVG. MINIMUM     64.3              61.0     3.3     64.7
MEAN             75.3              71.5     3.8     73.8
DAYS MAX >= 90     10               2.4     7.6        8
DAYS MAX <= 32      0               0.0     0.0        0
DAYS MIN <= 32      0               0.0     0.0        0
DAYS MIN <= 0       0               0.0     0.0        0

PRECIPITATION (INCHES)
TOTALS           4.15              4.40   -0.25     7.82
DAILY AVG.       0.14              0.15   -0.01     0.26
DAYS >= .01         9                MM      MM       16
DAYS >= .10         8                MM      MM       15
DAYS >= .50         4                MM      MM        7
DAYS >= 1.00        0                MM      MM        2
GREATEST
 24 HR. TOTAL    0.98   06/14 TO 06/15

DEGREE_DAYS
HEATING TOTAL       0                15     -15       21
 SINCE 7/1       4071              5410   -1339     5577
COOLING TOTAL     314               209     105      291
 SINCE 1/1        437               290     147      479
.................................................................

WIND (MPH)
AVERAGE WIND SPEED              7.7
HIGHEST WIND SPEED/DIRECTION    33/200    DATE  06/04
HIGHEST GUST SPEED/DIRECTION    47/220    DATE  06/04

SKY COVER
POSSIBLE SUNSHINE (PERCENT)   MM
AVERAGE SKY COVER           0.30
NUMBER OF DAYS FAIR           23
NUMBER OF DAYS PC              6
NUMBER OF DAYS CLOUDY          1

AVERAGE RH (PERCENT)     63

WEATHER CONDITIONS. NUMBER OF DAYS WITH
THUNDERSTORM              0     MIXED PRECIP               0
HEAVY RAIN                5     RAIN                       5
LIGHT RAIN               12     FREEZING RAIN              0
LT FREEZING RAIN          0     HAIL                       0
HEAVY SNOW                0     SNOW                       0
LIGHT SNOW                0     SLEET                      0
FOG                      13     FOG W/VIS <= 1/4 MILE      2
HAZE                      4

-  INDICATES NEGATIVE NUMBERS.
R  INDICATES RECORD WAS SET OR TIED.
MM INDICATES DATA IS MISSING.
T  INDICATES TRACE AMOUNT.

$$
