000
CXUS51 KALY 010912
CLMGFL


CLIMATE REPORT
NATIONAL WEATHER SERVICE ALBANY NY
507 AM EDT SUN MAY 1 2016

...................................

...THE GLENS FALLS NY CLIMATE SUMMARY FOR THE MONTH OF APRIL 2016...

CLIMATE NORMAL PERIOD 1981 TO 2010
CLIMATE RECORD PERIOD 1949 TO 2016

WEATHER         OBSERVED          NORMAL  DEPART  LAST YEAR`S
                 VALUE   DATE(S)  VALUE   FROM    VALUE  DATE(S)
                                          NORMAL
................................................................
TEMPERATURE (F)
HIGHEST            76   04/21                         74  04/13
LOWEST              7R  04/05                         19  04/01
AVG. MAXIMUM     55.6              56.7    -1.1     56.2
AVG. MINIMUM     31.7              32.5    -0.8     33.2
MEAN             43.6              44.6    -1.0     44.7
DAYS MAX >= 90      0               0.1    -0.1        0
DAYS MAX <= 32      1               0.2     0.8        0
DAYS MIN <= 32     17              14.8     2.2       16
DAYS MIN <= 0       0               0.0     0.0        0

PRECIPITATION (INCHES)
RECORD
 MAXIMUM         6.46   1983
 MINIMUM         0.58   1999
TOTALS           1.46              3.00   -1.54     1.97
DAILY AVG.       0.05              0.10   -0.05     0.07
DAYS >= .01        11              11.3    -0.3       10
DAYS >= .10         5               6.9    -1.9        5
DAYS >= .50         0               2.0    -2.0        1
DAYS >= 1.00        0               0.6    -0.6        0
GREATEST
 24 HR. TOTAL    0.53   04/11 TO 04/12

DEGREE_DAYS
HEATING TOTAL     633               613      20      600
 SINCE 7/1       5627              7276   -1649     7463
COOLING TOTAL       0                 1      -1        0
 SINCE 1/1          0                 1      -1        0

FREEZE DATES
RECORD
 EARLIEST     08/29/1982
 LATEST       06/01/2009
EARLIEST                        09/29
LATEST                          05/13
.................................................................

WIND (MPH)
AVERAGE WIND SPEED              6.6
HIGHEST WIND SPEED/DIRECTION    31/200    DATE  04/07
HIGHEST GUST SPEED/DIRECTION    48/200    DATE  04/07

SKY COVER
AVERAGE SKY COVER           0.40

AVERAGE RH (PERCENT)     53

WEATHER CONDITIONS. NUMBER OF DAYS WITH
THUNDERSTORM              1     MIXED PRECIP               0
HEAVY RAIN                1     RAIN                       2
LIGHT RAIN               12     FREEZING RAIN              0
LT FREEZING RAIN          0     HAIL                       0
HEAVY SNOW                0     SNOW                       1
LIGHT SNOW                2     SLEET                      0
FOG                       9     FOG W/VIS <= 1/4 MILE      1
HAZE                      2

-  INDICATES NEGATIVE NUMBERS.
R  INDICATES RECORD WAS SET OR TIED.
MM INDICATES DATA IS MISSING.
T  INDICATES TRACE AMOUNT.

$$
