000
CXUS55 KGGW 012040
CLMGGW

CLIMATE REPORT
NATIONAL WEATHER SERVICE GLASGOW MT
1140 AM MDT MON AUG 1 2016

...................................

...THE GLASGOW CLIMATE SUMMARY FOR THE MONTH OF JULY 2016...

CLIMATE NORMAL PERIOD 1981 TO 2010
CLIMATE RECORD PERIOD 1893 TO 2016

WEATHER         OBSERVED          NORMAL  DEPART  LAST YEAR`S
                 VALUE   DATE(S)  VALUE   FROM    VALUE  DATE(S)
                                          NORMAL
................................................................
TEMPERATURE (F)
RECORD
 HIGH             113   07/31/1900
 LOW               34   07/08/1904
HIGHEST            93   07/25                         98  07/22
                        07/22
LOWEST             51   07/17                         47  07/17
                        07/07
AVG. MAXIMUM     82.3              85.1    -2.8     86.2
AVG. MINIMUM     57.5              57.1     0.4     57.2
MEAN             69.9              71.1    -1.2     71.7
DAYS MAX >= 90      7                                 11
DAYS MAX <= 32      0                                  0
DAYS MIN <= 32      0                                  0
DAYS MIN <= 0       0                                  0

PRECIPITATION (INCHES)
RECORD
 MAXIMUM         5.93   1993
 MINIMUM            T   1894
TOTALS           3.42              1.78    1.64     1.75
DAILY AVG.       0.11              0.06    0.05     0.06
DAYS >= .01        16                                 12
DAYS >= .10         9                                  3
DAYS >= .50         2                                  2
DAYS >= 1.00        0                                  0
GREATEST
 24 HR. TOTAL    0.63   07/02 TO 07/03

SNOWFALL (INCHES)
RECORDS
 TOTAL             MM   MM
 SNOW DEPTH        MM   MM
TOTALS            0.0               0.0     0.0      0.0
 LIQUID EQUIV    0.00              0.00    0.00     0.00
SINCE 7/1         0.0               0.0     0.0      0.0
 LIQUID 7/1      0.00              0.00    0.00     0.00
SNOWDEPTH AVG.      0                                  0
DAYS >= TRACE       0                                  0
DAYS >= 1.0         0                                  0
GREATEST
 SNOW DEPTH         0   MM                             0  MM
 24 HR TOTAL      0.0   07/31 TO 07/31

DEGREE_DAYS
HEATING TOTAL       8                18     -10        5
 SINCE 7/1          8                18     -10        5
COOLING TOTAL     166               207     -41      221
 SINCE 1/1        246               299     -53      348
.................................................................

WIND (MPH)
AVERAGE WIND SPEED              10.2
HIGHEST WIND SPEED/DIRECTION    53/280    DATE  07/18
HIGHEST GUST SPEED/DIRECTION    71/290    DATE  07/18

SKY COVER
POSSIBLE SUNSHINE (PERCENT)   MM
AVERAGE SKY COVER           0.20
NUMBER OF DAYS FAIR           24
NUMBER OF DAYS PC              7
NUMBER OF DAYS CLOUDY          0

AVERAGE RH (PERCENT)     63

WEATHER CONDITIONS. NUMBER OF DAYS WITH
THUNDERSTORM             18     MIXED PRECIP               0
HEAVY RAIN               10     RAIN                      11
LIGHT RAIN               22     FREEZING RAIN              0
LT FREEZING RAIN          0     HAIL                       1
HEAVY SNOW                0     SNOW                       0
LIGHT SNOW                0     SLEET                      0
FOG                       8     FOG W/VIS <= 1/4 MILE      0
HAZE                      0

-  INDICATES NEGATIVE NUMBERS.
R  INDICATES RECORD WAS SET OR TIED.
MM INDICATES DATA IS MISSING.
T  INDICATES TRACE AMOUNT.

&&

JULY WAS COOLER AND WETTER THAN NORMAL. THE AVERAGE TEMPERATURE WAS
69.9 DEGREES...WHICH WAS 1.2 DEGREES COOLER THAN NORMAL. THE AVERAGE
HIGH WAS 82.3 DEGREES AND THE AVERAGE LOW WAS 57.5 DEGREES.
SEVEN DAYS GOT ABOVE 90 DEGREES DURING THE MONTH. THE WARMEST DAYS
OF THE MONTH WERE THE 22ND AND THE 25TH WHEN THE HIGH REACHED 93
DEGREES. THE COLDEST READINGS OF THE MONTH WERE ON THE 7TH AND THE
17TH WHEN THE LOW WAS 51 DEGREES.

3.42 INCHES OF RAIN FELL DURING THE MONTH...WHICH WAS 1.64 INCHES
ABOVE NORMAL. MEASURABLE RAINFALL OCCURRED ON 16 DAYS IN JULY...WITH
THE MOST RAINFALL IN A 24 HOUR PERIOD BEING 0.63 INCHES...WHICH FELL
ON THE 2ND. THUNDER WAS REPORTED ON 18 DAYS...WHILE HAIL FELL ON ONE
DAY.

THE WIND GUSTED TO 30 MPH OR GREATER ON 16 DAYS...IN EXCESS OF 40
MPH OR GREATER ON 9 DAYS...AND IN EXCESS OF 50 MPH ON 4 DAYS. A PEAK
WIND GUST OF 71 MPH OCCURRED ON THE 18TH.

LOOKING AHEAD TO AUGUST...THE AVERAGE TEMPERATURE FOR THE MONTH IS
69.3 DEGREES. NORMAL HIGHS BEGIN IN THE UPPER 80S...WITH LOWS IN THE
UPPER 50S. BY THE END OF THE MONTH...NORMAL HIGHS ARE IN THE LOW 80S
WITH LOWS IN THE LOW 50S. NORMAL RAINFALL FOR THE MONTH IS 1.21
INCHES.

$$

AEH
