000
CXUS54 KJAN 012031
CLMGLH


CLIMATE REPORT
NATIONAL WEATHER SERVICE JACKSON MS
330 PM CDT THU SEP 1 2016

...................................

...THE GREENVILLE CLIMATE SUMMARY FOR THE MONTH OF AUGUST 2016...

CLIMATE NORMAL PERIOD 1981 TO 2010
CLIMATE RECORD PERIOD 1920 TO 2016

WEATHER         OBSERVED          NORMAL  DEPART  LAST YEAR`S
                 VALUE   DATE(S)  VALUE   FROM    VALUE  DATE(S)
                                          NORMAL
................................................................
TEMPERATURE (F)
RECORD
 HIGH             107   08/08/1935
                        08/08/1930
 LOW               50   08/14/2004
HIGHEST            98   08/04        MM      MM       99  08/10
                        08/03                             08/09
                                                          08/04
LOWEST             71   08/27        MM      MM       56  08/27
AVG. MAXIMUM     92.4              92.1     0.3     92.8
AVG. MINIMUM     74.3              70.8     3.5     69.5
MEAN             83.3              81.5     1.8     81.1
DAYS MAX >= 90     24              21.6     2.4       24
DAYS MAX <= 32      0               0.0     0.0        0
DAYS MIN <= 32      0               0.0     0.0        0
DAYS MIN <= 0       0               0.0     0.0        0

PRECIPITATION (INCHES)
RECORD
 MAXIMUM         8.10   1923
 MINIMUM         0.05   1983
TOTALS           6.96              2.46    4.50     1.76
DAILY AVG.       0.22              0.08    0.14     0.06
DAYS >= .01        15                MM      MM        5
DAYS >= .10        13                MM      MM        3
DAYS >= .50         6                MM      MM        1
DAYS >= 1.00        1                MM      MM        1
GREATEST
 24 HR. TOTAL    1.98   08/22 TO 08/22              1.11

SNOWFALL (INCHES)
TOTALS            0.0

DEGREE_DAYS
HEATING TOTAL       0                 0       0        0
 SINCE 7/1          0                 0       0        0
COOLING TOTAL     575               510      65      507
 SINCE 1/1       2012              1779     233     1964
.................................................................

WIND (MPH)
AVERAGE WIND SPEED              4.7
HIGHEST WIND SPEED/DIRECTION    35/330    DATE  08/06
HIGHEST GUST SPEED/DIRECTION    44/320    DATE  08/06

SKY COVER
POSSIBLE SUNSHINE (PERCENT)   MM
AVERAGE SKY COVER           0.30
NUMBER OF DAYS FAIR           21
NUMBER OF DAYS PC              7
NUMBER OF DAYS CLOUDY          3

AVERAGE RH (PERCENT)     74

WEATHER CONDITIONS. NUMBER OF DAYS WITH
THUNDERSTORM             14     MIXED PRECIP               0
HEAVY RAIN               11     RAIN                      14
LIGHT RAIN               20     FREEZING RAIN              0
LT FREEZING RAIN          0     HAIL                       0
HEAVY SNOW                0     SNOW                       0
LIGHT SNOW                0     SLEET                      0
FOG                      17     FOG W/VIS <= 1/4 MILE      2
HAZE                      8

-  INDICATES NEGATIVE NUMBERS.
R  INDICATES RECORD WAS SET OR TIED.
MM INDICATES DATA IS MISSING.
T  INDICATES TRACE AMOUNT.

$$
