000
CXUS52 KJAX 011044
CLMGNV

CLIMATE REPORT
NATIONAL WEATHER SERVICE JACKSONVILLE FL
643 AM EDT SAT APR 1 2017

...................................

...THE GAINESVILLE CLIMATE SUMMARY FOR THE MONTH OF MARCH 2017...

CLIMATE NORMAL PERIOD 1981 TO 2010
CLIMATE RECORD PERIOD 1890 TO 2017

WEATHER         OBSERVED          NORMAL  DEPART  LAST YEAR`S
                 VALUE   DATE(S)  VALUE   FROM    VALUE  DATE(S)
                                          NORMAL
................................................................
TEMPERATURE (F)
RECORD
 HIGH              96   03/31/1907
 LOW               22   03/03/1980
HIGHEST            89   03/30        75      14       89  03/16
                        03/29
                        03/22
LOWEST             25   03/16        50     -25       34  03/22
AVG. MAXIMUM     78.1              74.6     3.5     79.3
AVG. MINIMUM     48.1              50.0    -1.9     53.7
MEAN             63.1              62.3     0.8     66.5
DAYS MAX >= 90      0               0.0     0.0        0
DAYS MAX <= 32      0               0.0     0.0        0
DAYS MIN <= 32      3               0.9     2.1        0
DAYS MIN <= 0       0               0.0     0.0        0

PRECIPITATION (INCHES)
RECORD
 MAXIMUM        11.13   1996
 MINIMUM            T   1945
TOTALS           0.67              4.33   -3.66     2.35
DAILY AVG.       0.02              0.14   -0.12     0.08
DAYS >= .01         3               7.9    -4.9       10
DAYS >= .10         2               5.7    -3.7        6
DAYS >= .50         1               2.5    -1.5        1
DAYS >= 1.00        0               1.3    -1.3        1
GREATEST
 24 HR. TOTAL    0.53

SNOWFALL (INCHES)
RECORDS
 TOTAL              T   1991
TOTALS            0.0               0.0     0.0      0.0
SINCE 7/1         0.0               0.0     0.0      0.0
SNOWDEPTH AVG.      0                MM      MM        0
DAYS >= 1.0         0               0.0     0.0        0
GREATEST
 SNOW DEPTH         0   MM                             0  MM
 24 HR TOTAL      0.0

DEGREE_DAYS
HEATING TOTAL     125               137     -12       74
 SINCE 7/1        628              1171    -543      839
COOLING TOTAL      73                54      19      129
 SINCE 1/1        157                86      71      154
.................................................................

WIND (MPH)
AVERAGE WIND SPEED              6.7
HIGHEST WIND SPEED/DIRECTION    29/050    DATE  03/12
HIGHEST GUST SPEED/DIRECTION    36/250    DATE  03/31

SKY COVER
POSSIBLE SUNSHINE (PERCENT)   MM
AVERAGE SKY COVER           0.30
NUMBER OF DAYS FAIR           23
NUMBER OF DAYS PC              7
NUMBER OF DAYS CLOUDY          1

AVERAGE RH (PERCENT)     64

WEATHER CONDITIONS. NUMBER OF DAYS WITH
THUNDERSTORM              0     MIXED PRECIP               0
HEAVY RAIN                2     RAIN                       2
LIGHT RAIN                4     FREEZING RAIN              0
LT FREEZING RAIN          0     HAIL                       0
HEAVY SNOW                0     SNOW                       0
LIGHT SNOW                0     SLEET                      0
FOG                       9     FOG W/VIS <= 1/4 MILE      4
HAZE                      0

-  INDICATES NEGATIVE NUMBERS.
R  INDICATES RECORD WAS SET OR TIED.
MM INDICATES DATA IS MISSING.
T  INDICATES TRACE AMOUNT.

$$
