000
CXUS55 KMSO 011342
CLMGPI


CLIMATE REPORT
NATIONAL WEATHER SERVICE MISSOULA, MT
742 AM MDT FRI MAY 1 2015

...................................

...THE KALISPELL MT CLIMATE SUMMARY FOR THE MONTH OF APRIL 2015...

CLIMATE NORMAL PERIOD 1981 TO 2010
CLIMATE RECORD PERIOD 1894 TO 2015

WEATHER         OBSERVED          NORMAL  DEPART  LAST YEAR`S
                 VALUE   DATE(S)  VALUE   FROM    VALUE
                                          NORMAL
.............................................................
TEMPERATURE (F)
RECORD
 HIGH              85   04/18/1936
 LOW               -8   04/01/1936
HIGHEST            75   04/28        MM      MM       71
LOWEST             21   04/13        MM      MM       19
AVG. MAXIMUM     58.5              56.1     2.4     56.0
AVG. MINIMUM     28.9              31.2    -2.3     29.5
MEAN             43.7              43.6     0.1
DAYS MAX >= 90      0               0.0     0.0        0
DAYS MAX <= 32      0               0.0     0.0        0
DAYS MIN <= 32     23              17.3     5.7       22
DAYS MIN <= 0       0               0.0     0.0        0

PRECIPITATION (INCHES)
RECORD
 MAXIMUM         2.37   1978
 MINIMUM         0.01   1924
TOTALS           0.35              1.24   -0.89
DAILY AVG.       0.01              0.04   -0.03     0.04
DAYS >= .01         4              10.7    -6.7       11
DAYS >= .10         2               4.0    -2.0        3
DAYS >= .50         0               0.3    -0.3        0
DAYS >= 1.00        0               0.0     0.0        0
GREATEST
 24 HR. TOTAL    0.18   04/14 TO 04/14              0.48
                        04/13 TO 04/14
                        04/14 TO 04/14

SNOWFALL (INCHES)
TOTALS              T               2.2    -2.2        T
SINCE 7/1        59.4              55.2     4.2     71.7
DAYS >= TRACE       3               2.7     0.3        1
DAYS >= 1.0         0               0.8    -0.8        0
GREATEST
 SNOW DEPTH         0   MM
 24 HR TOTAL        T   04/12 TO 04/12                 T

DEGREE_DAYS
HEATING TOTAL     629               640     -11
 SINCE 7/1       6874              7411    -537
COOLING TOTAL       0                 0       0
 SINCE 1/1          0                 0       0
..............................................................

WIND (MPH)
AVERAGE WIND SPEED              6.6
HIGHEST WIND SPEED/DIRECTION    35/230    DATE  04/11
HIGHEST GUST SPEED/DIRECTION    46/230    DATE  04/11

SKY COVER
POSSIBLE SUNSHINE (PERCENT)   MM
AVERAGE SKY COVER           0.40
NUMBER OF DAYS FAIR           15
NUMBER OF DAYS PC             11
NUMBER OF DAYS CLOUDY          4

AVERAGE RH (PERCENT)     61

WEATHER CONDITIONS. NUMBER OF DAYS WITH
THUNDERSTORM              0     MIXED PRECIP               0
HEAVY RAIN                0     RAIN                       0
LIGHT RAIN               11     FREEZING RAIN              0
LT FREEZING RAIN          0     HAIL                       1
HEAVY SNOW                0     SNOW                       1
LIGHT SNOW                3     SLEET                      0
FOG                       5     FOG W/VIS <= 1/4 MILE      1
HAZE                      3

-  INDICATES NEGATIVE NUMBERS.
R  INDICATES RECORD WAS SET OR TIED.
MM INDICATES DATA IS MISSING.
T  INDICATES TRACE AMOUNT.

$$
