000
CXUS52 KGSP 011308
CLMGSP

CLIMATE REPORT
NATIONAL WEATHER SERVICE GREENVILLE-SPARTANBURG SC
908 AM EDT FRI APR 1 2016

...................................

...THE GREENVILLE-SPARTANBURG CLIMATE SUMMARY FOR THE MONTH OF MARCH 2016...

CLIMATE NORMAL PERIOD 1981 TO 2010
CLIMATE RECORD PERIOD 1884 TO 2016

WEATHER         OBSERVED          NORMAL  DEPART  LAST YEAR`S
                 VALUE   DATE(S)  VALUE   FROM    VALUE  DATE(S)
                                          NORMAL
................................................................
TEMPERATURE (F)
RECORD
 HIGH              91   03/23/1907
 LOW               11   03/15/1993
                        03/03/1980
HIGHEST            86   03/16        MM      MM       84  03/17
LOWEST             32   03/03        MM      MM       25  03/29
AVG. MAXIMUM     69.9              64.5     5.4     66.7
AVG. MINIMUM     46.6              41.2     5.4     43.5
MEAN             58.2              52.9     5.3     55.1
DAYS MAX >= 90      0               0.0     0.0        0
DAYS MAX <= 32      0               0.0     0.0        0
DAYS MIN <= 32      1               5.2    -4.2        5
DAYS MIN <= 0       0               0.0     0.0        0

PRECIPITATION (INCHES)
RECORD
 MAXIMUM        11.99   1952
 MINIMUM         1.13   1985
TOTALS           1.69              4.52   -2.83     2.09
DAILY AVG.       0.05              0.15   -0.10     0.07
DAYS >= .01         6               9.6    -3.6       13
DAYS >= .10         4               6.8    -2.8        8
DAYS >= .50         1               3.3    -2.3        0
DAYS >= 1.00        0               1.4    -1.4        0
GREATEST
 24 HR. TOTAL    0.66   03/14 TO 03/14           03/13 TO 03/14
                        03/14 TO 03/14                    03/31 TO 03/31
                        03/14 TO 03/14                    03/31 TO 03/31
 STORM TOTAL       MM                                 MM
 (MM/DD(HH))            MM                    03/14(00) TO 03/14(00)
                                                 03/31(00) TO 03/31(00)1
                                                 03/31(00) TO 03/31(00)1

SNOWFALL (INCHES)
RECORDS
 TOTAL           15.3   1960
 24 HR TOTAL      9.8   03/12/1993 TO 03/13/1993
 SNOW DEPTH         5   03/24/1983
TOTALS              T               0.9    -0.9      0.0
 LIQUID EQUIV      MM              0.10      MM     0.00
SINCE 7/1         2.6               4.7    -2.1      3.7
 LIQUID 7/1      0.26              0.50   -0.24     0.37
SNOWDEPTH AVG.      0                MM      MM        0
DAYS >= TRACE       1               0.3     0.7        0
DAYS >= 1.0         0               0.1    -0.1        0
GREATEST
 SNOW DEPTH         0   MM                             0  MM
 24 HR TOTAL        T   03/14 TO 03/14           03/31 TO 03/31
                                                          03/31 TO 03/31
                                                          03/31 TO 03/31
 STORM TOTAL       MM                                 MM
 (MM/DD(HH))            MM                    03/31(00) TO 03/31(00)
                                                 03/31(00) TO 03/31(00)1
                                                 03/31(00) TO 03/31(00)1

DEGREE_DAYS
HEATING TOTAL     226               384    -158      304
 SINCE 7/1       2323              2833    -510     2918
COOLING TOTAL      26                 8      18        6
 SINCE 1/1         26                 8      18        6

FREEZE DATES
RECORD
 EARLIEST     MM
 LATEST       MM
EARLIEST                        MM
LATEST                          MM
..................................................

WIND (MPH)
AVERAGE WIND SPEED              7.2
HIGHEST WIND SPEED/DIRECTION    28/210    DATE  03/01
HIGHEST GUST SPEED/DIRECTION    34/210    DATE  03/01

SKY COVER
POSSIBLE SUNSHINE (PERCENT)   MM
AVERAGE SKY COVER           0.30
NUMBER OF DAYS FAIR           18
NUMBER OF DAYS PC              9
NUMBER OF DAYS CLOUDY          4

AVERAGE RH (PERCENT)     62

WEATHER CONDITIONS. NUMBER OF DAYS WITH
THUNDERSTORM              1     MIXED PRECIP               0
HEAVY RAIN                2     RAIN                       4
LIGHT RAIN               12     FREEZING RAIN              0
LT FREEZING RAIN          0     HAIL                       1
HEAVY SNOW                0     SNOW                       0
LIGHT SNOW                1     SLEET                      0
FOG                      11     FOG W/VIS <= 1/4 MILE      1
HAZE                      3

-  INDICATES NEGATIVE NUMBERS.
R  INDICATES RECORD WAS SET OR TIED.
MM INDICATES DATA IS MISSING.
T  INDICATES TRACE AMOUNT.

$$

OUTLAW
