000
CXUS54 KAMA 011635
CLMGUY


CLIMATE REPORT
NATIONAL WEATHER SERVICE AMARILLO TX
1128 AM CDT SUN MAY 1 2016

...................................

...THE GUYMON CLIMATE SUMMARY FOR THE MONTH OF APRIL 2016...

CLIMATE NORMAL PERIOD 1981 TO 2010
CLIMATE RECORD PERIOD 1998 TO 2016

WEATHER         OBSERVED          NORMAL  DEPART  LAST YEAR`S
                 VALUE   DATE(S)  VALUE   FROM    VALUE  DATE(S)
                                          NORMAL
................................................................
TEMPERATURE (F)
HIGHEST            89   04/05                         89  04/08
                                                          04/01
LOWEST             27   04/02                         28  04/10
AVG. MAXIMUM     71.8              70.3     1.5     73.8
AVG. MINIMUM     42.5              40.2     2.3     42.5
MEAN             57.2              55.2     2.0     58.2
DAYS MAX >= 90      0               0.8    -0.8        0
DAYS MAX <= 32      0               0.0     0.0        0
DAYS MIN <= 32      2               4.8    -2.8        2
DAYS MIN <= 0       0               0.0     0.0        0

PRECIPITATION (INCHES)
TOTALS           5.26              1.51    3.75     1.46
DAILY AVG.       0.18              0.05    0.13     0.05
DAYS >= .01        10                MM      MM        6
DAYS >= .10         6                MM      MM        3
DAYS >= .50         3                MM      MM        1
DAYS >= 1.00        3                MM      MM        1
GREATEST
 24 HR. TOTAL    1.99   04/15 TO 04/16

SNOWFALL (INCHES)
TOTALS            0.0                MM      MM      0.0
SINCE 7/1           T                MM      MM     23.3
DAYS >= TRACE       0                MM      MM
DAYS >= 1.0         0                MM      MM        0
GREATEST
 SNOW DEPTH         0
 24 HR TOTAL      0.0

DEGREE_DAYS
HEATING TOTAL     239               305     -66      213
 SINCE 7/1       3650              4353    -703     3883
COOLING TOTAL      11                13      -2       16
 SINCE 1/1         20                15       5       17
.................................................................

WIND (MPH)
AVERAGE WIND SPEED              12.2
HIGHEST WIND SPEED/DIRECTION    44/350    DATE  04/05
HIGHEST GUST SPEED/DIRECTION    61/010    DATE  04/05

SKY COVER
POSSIBLE SUNSHINE (PERCENT)   MM
NUMBER OF DAYS FAIR           20
NUMBER OF DAYS PC              6
NUMBER OF DAYS CLOUDY          4

AVERAGE RH (PERCENT)     54

WEATHER CONDITIONS. NUMBER OF DAYS WITH
THUNDERSTORM              5     MIXED PRECIP               0
HEAVY RAIN                5     RAIN                       5
LIGHT RAIN               11     FREEZING RAIN              0
LT FREEZING RAIN          0     HEAVY SNOW                 0
SNOW                      0     LIGHT SNOW                 0
SLEET                     0     FOG                        8
FOG W/VIS <= 1/4 MILE     0     HAZE                       1

-  INDICATES NEGATIVE NUMBERS.
R  INDICATES RECORD WAS SET OR TIED.
MM INDICATES DATA IS MISSING.
T  INDICATES TRACE AMOUNT.

$$
