000
CXUS54 KJAN 021308
CLMHBG


CLIMATE REPORT
NATIONAL WEATHER SERVICE JACKSON MS
806 AM CDT WED AUG 2 2017

...................................

...THE HATTIESBURG CLIMATE SUMMARY FOR THE MONTH OF JULY 2017...

CLIMATE NORMAL PERIOD 1981 TO 2010
CLIMATE RECORD PERIOD 1948 TO 2017

WEATHER         OBSERVED          NORMAL  DEPART  LAST YEAR`S
                 VALUE   DATE(S)  VALUE   FROM    VALUE  DATE(S)
                                          NORMAL
................................................................
TEMPERATURE (F)
RECORD
 HIGH             105   07/17/2000
 LOW               57   07/11/1953
HIGHEST            96   07/20        MM      MM       97  07/21
                                                          07/02
LOWEST             71   07/31        MM      MM       70  07/01
                        07/30
                        07/28
AVG. MAXIMUM     91.2              92.1    -0.9     92.8
AVG. MINIMUM     73.0              71.6     1.4     73.6
MEAN             82.1              81.9     0.2     83.2
DAYS MAX >= 90     26              23.1     2.9       28
DAYS MAX <= 32      0               0.0     0.0        0
DAYS MIN <= 32      0               0.0     0.0        0
DAYS MIN <= 0       0               0.0     0.0        0

PRECIPITATION (INCHES)
RECORD
 MAXIMUM        14.52   1979
 MINIMUM         2.00   1983
TOTALS           5.37              5.39   -0.02     6.12
DAILY AVG.       0.17              0.17    0.00     0.20
DAYS >= .01        14                MM      MM       18
DAYS >= .10         8                MM      MM       12
DAYS >= .50         3                MM      MM        3
DAYS >= 1.00        2                MM      MM        3
GREATEST
 24 HR. TOTAL    1.54   07/24 TO 07/24              1.78

SNOWFALL (INCHES)
TOTALS            0.0
SINCE 7/1         0.0
DAYS >= TRACE       0
DAYS >= 1.0         0
GREATEST
 24 HR TOTAL      0.0   07/31 TO 07/31

DEGREE_DAYS
HEATING TOTAL       0                 0       0        0
 SINCE 7/1          0                 0       0        0
COOLING TOTAL     538               522      16      572
 SINCE 1/1       1443              1360      83     1543
.................................................................

WIND (MPH)
AVERAGE WIND SPEED              3.6
HIGHEST WIND SPEED/DIRECTION    28/190    DATE  07/21
HIGHEST GUST SPEED/DIRECTION    39/030    DATE  07/09

SKY COVER
POSSIBLE SUNSHINE (PERCENT)   MM
AVERAGE SKY COVER           0.20
NUMBER OF DAYS FAIR           25
NUMBER OF DAYS PC              6
NUMBER OF DAYS CLOUDY          0

AVERAGE RH (PERCENT)     77

WEATHER CONDITIONS. NUMBER OF DAYS WITH
THUNDERSTORM             18     MIXED PRECIP               0
HEAVY RAIN               10     RAIN                       9
LIGHT RAIN               17     FREEZING RAIN              0
LT FREEZING RAIN          0     HAIL                       0
HEAVY SNOW                0     SNOW                       0
LIGHT SNOW                0     SLEET                      0
FOG                      17     FOG W/VIS <= 1/4 MILE      3
HAZE                      2

-  INDICATES NEGATIVE NUMBERS.
R  INDICATES RECORD WAS SET OR TIED.
MM INDICATES DATA IS MISSING.
T  INDICATES TRACE AMOUNT.

$$
