000
CXUS54 KJAN 011219
CLMHBG


CLIMATE REPORT
NATIONAL WEATHER SERVICE JACKSON MS
616 AM CST MON FEB 1 2016

...................................

...THE HATTIESBURG CLIMATE SUMMARY FOR THE MONTH OF JANUARY 2016...

CLIMATE NORMAL PERIOD 1981 TO 2010
CLIMATE RECORD PERIOD 1948 TO 2016

WEATHER         OBSERVED          NORMAL  DEPART  LAST YEAR`S
                 VALUE   DATE(S)  VALUE   FROM    VALUE  DATE(S)
                                          NORMAL
................................................................
TEMPERATURE (F)
RECORD
 HIGH              84   01/26/1950
                        01/11/1949
                        01/10/1949
 LOW                4   01/21/1985
HIGHEST            75   01/31        MM      MM       77  01/29
LOWEST             24   01/24        MM      MM       16  01/08
AVG. MAXIMUM     60.7              59.9     0.8     59.5
AVG. MINIMUM     36.0              37.3    -1.3     35.5
MEAN             48.3              48.6    -0.3     47.5
DAYS MAX >= 90      0               0.0     0.0        0
DAYS MAX <= 32      0               0.1    -0.1        0
DAYS MIN <= 32     12              11.2     0.8       12
DAYS MIN <= 0       0               0.0     0.0        0

PRECIPITATION (INCHES)
RECORD
 MAXIMUM        13.65   1999
 MINIMUM         0.53   2003
TOTALS           4.52              5.74   -1.22     5.35
DAILY AVG.       0.15              0.19   -0.04     0.17
DAYS >= .01         9                MM      MM        9
DAYS >= .10         5                MM      MM        5
DAYS >= .50         2                MM      MM        2
DAYS >= 1.00        2                MM      MM        2
GREATEST
 24 HR. TOTAL    2.04   01/26 TO 01/27              2.50

SNOWFALL (INCHES)
TOTALS            0.0
SINCE 7/1         0.0
DAYS >= TRACE       0
DAYS >= 1.0         0
GREATEST
 24 HR TOTAL      0.0   01/31 TO 01/31

DEGREE_DAYS
HEATING TOTAL     508               514      -6      541
 SINCE 7/1        916              1299    -383     1290
COOLING TOTAL       0                 6      -6        6
 SINCE 1/1          0                 0       0        6
.................................................................

WIND (MPH)
AVERAGE WIND SPEED              5.7
HIGHEST WIND SPEED/DIRECTION    26/310    DATE  01/22
HIGHEST GUST SPEED/DIRECTION    35/310    DATE  01/22

SKY COVER
POSSIBLE SUNSHINE (PERCENT)   MM
AVERAGE SKY COVER           0.30
NUMBER OF DAYS FAIR           18
NUMBER OF DAYS PC              9
NUMBER OF DAYS CLOUDY          4

AVERAGE RH (PERCENT)     69

WEATHER CONDITIONS. NUMBER OF DAYS WITH
THUNDERSTORM              1     MIXED PRECIP               0
HEAVY RAIN                4     RAIN                       5
LIGHT RAIN               14     FREEZING RAIN              0
LT FREEZING RAIN          0     HAIL                       0
HEAVY SNOW                0     SNOW                       0
LIGHT SNOW                0     SLEET                      0
FOG                      13     FOG W/VIS <= 1/4 MILE      1
HAZE                      1

-  INDICATES NEGATIVE NUMBERS.
R  INDICATES RECORD WAS SET OR TIED.
MM INDICATES DATA IS MISSING.
T  INDICATES TRACE AMOUNT.

$$
