384
CXUS54 KJAN 021408
CLMHBG


CLIMATE REPORT
NATIONAL WEATHER SERVICE JACKSON MS
806 AM CST MON JAN 2 2017

...................................

...THE HATTIESBURG CLIMATE SUMMARY FOR THE MONTH OF DECEMBER 2016...

CLIMATE NORMAL PERIOD 1981 TO 2010
CLIMATE RECORD PERIOD 1948 TO 2017

WEATHER         OBSERVED          NORMAL  DEPART  LAST YEAR`S
                 VALUE   DATE(S)  VALUE   FROM    VALUE  DATE(S)
                                          NORMAL
................................................................
TEMPERATURE (F)
RECORD
 HIGH              84   12/02/2007
                        12/07/1951
 LOW                4   12/23/1989
HIGHEST            82   12/27        MM      MM       81  12/27
                                                          12/26
                                                          12/13
LOWEST             25   12/10        MM      MM       29  12/20
                                                          12/19
AVG. MAXIMUM     65.4              61.8     3.6     70.1
AVG. MINIMUM     44.7              39.6     5.1     49.1
MEAN             55.1              50.7     4.4     59.6
DAYS MAX >= 90      0               0.0     0.0        0
DAYS MAX <= 32      0               0.0     0.0        0
DAYS MIN <= 32      7               8.3    -1.3        4
DAYS MIN <= 0       0               0.0     0.0        0

PRECIPITATION (INCHES)
RECORD
 MAXIMUM        17.34   2009
 MINIMUM         1.32   2010
TOTALS           7.06              4.91    2.15    10.01
DAILY AVG.       0.23              0.16    0.07     0.32
DAYS >= .01         9                MM      MM       16
DAYS >= .10         8                MM      MM       14
DAYS >= .50         4                MM      MM        8
DAYS >= 1.00        2                MM      MM        4
GREATEST
 24 HR. TOTAL    2.30   12/31 TO 12/31              1.97

SNOWFALL (INCHES)
TOTALS            0.0
SINCE 7/1         0.0
DAYS >= TRACE       0
DAYS >= 1.0         0
GREATEST
 24 HR TOTAL      0.0   12/31 TO 12/31

DEGREE_DAYS
HEATING TOTAL     338               457    -119      230
 SINCE 7/1        534               785    -251      408
COOLING TOTAL      39                13      26       71
 SINCE 1/1       2849              2403     446     2925
.................................................................

WIND (MPH)
AVERAGE WIND SPEED              5.4
HIGHEST WIND SPEED/DIRECTION    26/180    DATE  12/31
HIGHEST GUST SPEED/DIRECTION    35/320    DATE  12/18

SKY COVER
POSSIBLE SUNSHINE (PERCENT)   MM
AVERAGE SKY COVER           0.60
NUMBER OF DAYS FAIR            8
NUMBER OF DAYS PC              7
NUMBER OF DAYS CLOUDY         16

AVERAGE RH (PERCENT)     74

WEATHER CONDITIONS. NUMBER OF DAYS WITH
THUNDERSTORM              4     MIXED PRECIP               0
HEAVY RAIN                7     RAIN                       8
LIGHT RAIN               14     FREEZING RAIN              0
LT FREEZING RAIN          0     HAIL                       0
HEAVY SNOW                0     SNOW                       0
LIGHT SNOW                0     SLEET                      0
FOG                      21     FOG W/VIS <= 1/4 MILE      5
HAZE                      0

-  INDICATES NEGATIVE NUMBERS.
R  INDICATES RECORD WAS SET OR TIED.
MM INDICATES DATA IS MISSING.
T  INDICATES TRACE AMOUNT.

$$
