000
CXHW50 PHFO 011631
CLMHNL


CLIMATE REPORT
NATIONAL WEATHER SERVICE HONOLULU HI
631 AM HST MON JUN 1 2015

...................................

...THE HONOLULU HI CLIMATE SUMMARY FOR THE MONTH OF MAY 2015...

CLIMATE NORMAL PERIOD 1981 TO 2010
CLIMATE RECORD PERIOD 1946 TO 2015

WEATHER         OBSERVED          NORMAL  DEPART  LAST YEAR`S
                 VALUE   DATE(S)  VALUE   FROM    VALUE  DATE(S)
                                          NORMAL
................................................................
TEMPERATURE (F)
RECORD
 HIGH              93   05/31/1988
 LOW               57   05/20/2015
HIGHEST            87   05/30        85       2       89  05/16
LOWEST             67   05/02        70      -3       69  05/25
                        05/01                             05/14
AVG. MAXIMUM     82.9              84.6    -1.7     84.3
AVG. MINIMUM     69.9              70.9    -1.0     72.0
MEAN             76.4              77.8    -1.4     78.1
DAYS MAX >= 90      0               0.2    -0.2        0
DAYS MAX <= 32      0               0.0     0.0        0
DAYS MIN <= 32      0               0.0     0.0        0
DAYS MIN <= 0       0               0.0     0.0        0

PRECIPITATION (INCHES)
RECORD
 MAXIMUM         7.23   1965
 MINIMUM         0.03   2000
TOTALS           0.20              0.62   -0.42     3.35
DAILY AVG.       0.01              0.02   -0.01     0.11
DAYS >= .01         8               5.8     2.2        9
DAYS >= .10         0               1.4    -1.4        3
DAYS >= .50         0               0.4    -0.4        2
DAYS >= 1.00        0               0.0     0.0        2
GREATEST
 24 HR. TOTAL    0.07   05/22 TO 05/22              1.94
                        05/21 TO 05/22
                        05/22 TO 05/22

SNOWFALL (INCHES)
RECORDS
 TOTAL             MM   5
TOTALS            0.0               0.0     0.0      0.0
SINCE 7/1         0.0               0.0     0.0      0.0
SNOWDEPTH AVG.      0                MM      MM        0
DAYS >= 1.0         0               0.0     0.0        0
GREATEST
 SNOW DEPTH         0   MM                             0  MM
 24 HR TOTAL      0.0   05/31 TO 05/31               0.0

DEGREE_DAYS
HEATING TOTAL       0                 0       0        0
 SINCE 7/1          0                 0       0        0
COOLING TOTAL     349               395     -46      415
 SINCE 1/1       1475              1502     -27     1609
.................................................................

WIND (MPH)
AVERAGE WIND SPEED              11.1
HIGHEST WIND SPEED/DIRECTION    28/060    DATE  05/17
HIGHEST GUST SPEED/DIRECTION    37/080    DATE  05/10

SKY COVER
POSSIBLE SUNSHINE (PERCENT)   MM
AVERAGE SKY COVER           0.50
NUMBER OF DAYS FAIR            1
NUMBER OF DAYS PC             30
NUMBER OF DAYS CLOUDY          0

AVERAGE RH (PERCENT)     66

WEATHER CONDITIONS. NUMBER OF DAYS WITH
THUNDERSTORM              0     MIXED PRECIP               0
HEAVY RAIN                0     RAIN                       1
LIGHT RAIN               11     FREEZING RAIN              0
LT FREEZING RAIN          0     HAIL                       0
HEAVY SNOW                0     SNOW                       0
LIGHT SNOW                0     SLEET                      0
FOG                       4     FOG W/VIS <= 1/4 MILE      0
HAZE                      0

-  INDICATES NEGATIVE NUMBERS.
R  INDICATES RECORD WAS SET OR TIED.
MM INDICATES DATA IS MISSING.
T  INDICATES TRACE AMOUNT.

$$
