000
CXUS53 KFSD 011558
CLMHON

CLIMATE REPORT
NATIONAL WEATHER SERVICE SIOUX FALLS SD
1047 AM CDT FRI JUL 1 2016

...................................

...THE HURON SD CLIMATE SUMMARY FOR THE MONTH OF JUNE 2016...

CLIMATE NORMAL PERIOD 1981 TO 2010
CLIMATE RECORD PERIOD 1881 TO 2016

WEATHER         OBSERVED          NORMAL  DEPART  LAST YEAR`S
                 VALUE   DATE(S)  VALUE   FROM    VALUE  DATE(S)
                                          NORMAL
................................................................
TEMPERATURE (F)
RECORD
 HIGH             109   06/24/1988
                        06/21/1988
                        06/25/1936
 LOW               31   06/05/1894
HIGHEST            97   06/19        MM      MM       99  06/09
LOWEST             44   06/07        MM      MM       47  06/12
                        06/02
AVG. MAXIMUM     85.1              79.6     5.5     80.9
AVG. MINIMUM     58.4              55.9     2.5     57.8
MEAN             71.8              67.8     4.0     69.3
DAYS MAX >= 90     10               3.2     6.8        1
DAYS MAX <= 32      0               0.0     0.0        0
DAYS MIN <= 32      0               0.0     0.0        0
DAYS MIN <= 0       0               0.0     0.0        0

PRECIPITATION (INCHES)
RECORD
 MAXIMUM        11.56   1914
 MINIMUM         0.67   1950
TOTALS           1.91              3.93   -2.02     4.60
DAILY AVG.       0.06              0.13   -0.07     0.15
DAYS >= .01         6              11.2    -5.2       10
DAYS >= .10         4               6.7    -2.7        7
DAYS >= .50         2               2.9    -0.9        5
DAYS >= 1.00        0               1.0    -1.0        2
GREATEST
 24 HR. TOTAL    0.89   06/14 TO 06/14
                        06/13 TO 06/14
                        06/14 TO 06/14

DEGREE_DAYS
HEATING TOTAL      17                51     -34       11
 SINCE 7/1       6569              7672   -1103     7505
COOLING TOTAL     228               133      95      150
 SINCE 1/1        259               166      93      170
.................................................................

WIND (MPH)
AVERAGE WIND SPEED              10.4
HIGHEST WIND SPEED/DIRECTION    37/330    DATE  06/02
HIGHEST GUST SPEED/DIRECTION    48/330    DATE  06/02

SKY COVER
POSSIBLE SUNSHINE (PERCENT)   MM
AVERAGE SKY COVER           0.10
NUMBER OF DAYS FAIR           27
NUMBER OF DAYS PC              3
NUMBER OF DAYS CLOUDY          0

AVERAGE RH (PERCENT)     64

WEATHER CONDITIONS. NUMBER OF DAYS WITH
THUNDERSTORM              8     MIXED PRECIP               0
HEAVY RAIN                2     RAIN                       2
LIGHT RAIN                7     FREEZING RAIN              0
LT FREEZING RAIN          0     HAIL                       0
HEAVY SNOW                0     SNOW                       0
LIGHT SNOW                0     SLEET                      0
FOG                       3     FOG W/VIS <= 1/4 MILE      0
HAZE                      1

-  INDICATES NEGATIVE NUMBERS.
R  INDICATES RECORD WAS SET OR TIED.
MM INDICATES DATA IS MISSING.
T  INDICATES TRACE AMOUNT.

$$
