000
CXUS54 KHGX 032119
CLMHOU

CLIMATE REPORT
NATIONAL WEATHER SERVICE HOUSTON/GALVESTON TX
415 PM CDT MON AUG 3 2015

...................................

...THE HOUSTON INTERCONTINENTAL CLIMATE SUMMARY FOR THE MONTH OF JULY 2015...

CLIMATE NORMAL PERIOD 1981 TO 2010
CLIMATE RECORD PERIOD 1892 TO 2015

WEATHER         OBSERVED          NORMAL  DEPART  LAST YEAR`S
                 VALUE   DATE(S)  VALUE   FROM    VALUE  DATE(S)
                                          NORMAL
................................................................
TEMPERATURE (F)
RECORD
 HIGH             105   07/26/1954
 LOW               62   07/14/1990
                        07/07/1972
HIGHEST           101   07/30        94       7       99  07/28
LOWEST             71   07/02        73      -2       72  07/30
                        07/01                             07/19
                                                          07/11
AVG. MAXIMUM     95.6              93.7     1.9     93.1
AVG. MINIMUM     76.5              75.1     1.4     74.3
MEAN             86.1              84.4     1.7     83.7
DAYS MAX >= 90     30              26.4     3.6       26
DAYS MAX <= 32      0               0.0     0.0        0
DAYS MIN <= 32      0               0.0     0.0        0
DAYS MIN <= 0       0               0.0     0.0        0

PRECIPITATION (INCHES)
RECORD
 MAXIMUM        14.80   1900
 MINIMUM         0.24   1944
TOTALS           0.61              3.79   -3.18     5.40
DAILY AVG.       0.02              0.12   -0.10     0.17
DAYS >= .01         3               9.1    -6.1       12
DAYS >= .10         2               5.6    -3.6        4
DAYS >= .50         0               2.2    -2.2        1
DAYS >= 1.00        0               1.2    -1.2        1

DEGREE_DAYS
HEATING TOTAL       0                 0       0        0
 SINCE 7/1          0                 0       0        0
COOLING TOTAL     660               601      59      588
 SINCE 1/1       1875              1773     102     1662
.................................................................

WIND (MPH)
AVERAGE WIND SPEED              6.3
RESULTANT WIND SPEED/DIRECTION   5/168
HIGHEST WIND SPEED/DIRECTION    26/070    DATE  07/30
HIGHEST GUST SPEED/DIRECTION    35/050    DATE  07/30

SKY COVER
AVERAGE SKY COVER           0.50

AVERAGE RH (PERCENT)     71

WEATHER CONDITIONS. NUMBER OF DAYS WITH
THUNDERSTORM              4     MIXED PRECIP               0
HEAVY RAIN                1     RAIN                       2
LIGHT RAIN                9     FREEZING RAIN              0
LT FREEZING RAIN          0     HAIL                       0
HEAVY SNOW                0     SNOW                       0
LIGHT SNOW                0     SLEET                      0
FOG                       9     FOG W/VIS <= 1/4 MILE      0
HAZE                      3

-  INDICATES NEGATIVE NUMBERS.
R  INDICATES RECORD WAS SET OR TIED.
MM INDICATES DATA IS MISSING.
T  INDICATES TRACE AMOUNT.
...................................

&&

...THE HOUSTON/HOBBY AIRPORT CLIMATE SUMMARY FOR THE MONTH OF JULY 2015...

CLIMATE NORMAL PERIOD 1981 TO 2010
CLIMATE RECORD PERIOD 1930 TO 2015

WEATHER         OBSERVED          NORMAL  DEPART  LAST YEAR`S
                 VALUE   DATE(S)  VALUE   FROM    VALUE  DATE(S)
                                          NORMAL
................................................................
TEMPERATURE (F)
RECORD
 HIGH             105   07/08/1939
 LOW               64   07/16/1967
                        07/15/1967
HIGHEST           101   07/30                         97  07/28
LOWEST             71   07/02                         73  07/06
AVG. MAXIMUM     94.9              92.1     2.8     92.2
AVG. MINIMUM     77.1              75.5     1.6     75.6
MEAN             86.0              83.8     2.2     83.9
DAYS MAX >= 90     30              24.0     6.0       25
DAYS MAX <= 32      0               0.0     0.0        0
DAYS MIN <= 32      0               0.0     0.0        0
DAYS MIN <= 0       0               0.0     0.0        0

PRECIPITATION (INCHES)
RECORD
 MAXIMUM        12.77   2010
 MINIMUM         1.26   2014
TOTALS           2.57              4.66   -2.09     1.26
DAILY AVG.       0.08              0.15   -0.07     0.04
DAYS >= .01         5               9.1    -4.1       11
DAYS >= .10         4               6.3    -2.3        4
DAYS >= .50         1               3.0    -2.0        0
DAYS >= 1.00        1               1.5    -0.5        0

DEGREE_DAYS
HEATING TOTAL       0                 0       0        0
 SINCE 7/1          0                 0       0        0
COOLING TOTAL     657               583      74      595
 SINCE 1/1       1935              1747     188     1675
.................................................................

WIND (MPH)
AVERAGE WIND SPEED              6.3
RESULTANT WIND SPEED/DIRECTION   5/177
HIGHEST WIND SPEED/DIRECTION    30/150    DATE  07/05
HIGHEST GUST SPEED/DIRECTION    64/270    DATE  07/14

SKY COVER
AVERAGE SKY COVER           0.50

AVERAGE RH (PERCENT)     70

WEATHER CONDITIONS. NUMBER OF DAYS WITH
THUNDERSTORM              3     MIXED PRECIP               0
HEAVY RAIN                3     RAIN                       0
LIGHT RAIN                6     FREEZING RAIN              0
LT FREEZING RAIN          0     HAIL                       0
HEAVY SNOW                0     SNOW                       0
LIGHT SNOW                0     SLEET                      0
FOG                       1     FOG W/VIS <= 1/4 MILE      0
HAZE                      0

-  INDICATES NEGATIVE NUMBERS.
R  INDICATES RECORD WAS SET OR TIED.
MM INDICATES DATA IS MISSING.
T  INDICATES TRACE AMOUNT.

$$
