000
CXUS53 KGID 011651
CLMHSI


CLIMATE REPORT
NATIONAL WEATHER SERVICE HASTINGS NE
1045 AM CST MON FEB 1 2016

...................................

...THE HASTINGS NE CLIMATE SUMMARY FOR THE MONTH OF JANUARY 2016...

CLIMATE NORMAL PERIOD 1981 TO 2010
CLIMATE RECORD PERIOD 1894 TO 2016

WEATHER         OBSERVED          NORMAL  DEPART  LAST YEAR`S
                 VALUE   DATE(S)  VALUE   FROM    VALUE  DATE(S)
                                          NORMAL
................................................................
TEMPERATURE (F)
RECORD
 HIGH              76   01/11/1990
 LOW              -30   01/12/1912
HIGHEST            58   01/29        61      -3       69  01/28
LOWEST             -8   01/10       -10       2       -2  01/04
AVG. MAXIMUM     36.6              36.0     0.6     41.7
AVG. MINIMUM     19.2              16.0     3.2     16.3
MEAN             27.9              26.0     1.9     29.0
DAYS MAX >= 90      0               0.0     0.0        0
DAYS MAX <= 32     12              11.7     0.3        8
DAYS MIN <= 32     31              29.8     1.2       31
DAYS MIN <= 0       3               3.7    -0.7        1

PRECIPITATION (INCHES)
RECORD
 MAXIMUM         3.23   1960
 MINIMUM         0.00   1986
                        1943
                        1935
TOTALS           0.35              0.41   -0.06     0.77
DAILY AVG.       0.01              0.01    0.00     0.02
DAYS >= .01         9                MM      MM        2
DAYS >= .10         1                MM      MM        1
DAYS >= .50         0                MM      MM        1
DAYS >= 1.00        0                MM      MM        0
GREATEST
 24 HR. TOTAL    0.10   01/20 TO 01/20

SNOWFALL (INCHES)
RECORDS
 TOTAL           22.0   1932
TOTALS            5.5               6.0    -0.5      5.7
SINCE 7/1        14.3              15.9    -1.6     10.8
SNOWDEPTH AVG.      1                MM      MM        0
DAYS >= 1.0         2                MM      MM        2
GREATEST
 SNOW DEPTH         3   01/02                          2  01/01
                        01/01

DEGREE_DAYS
HEATING TOTAL    1141              1209     -68     1109
 SINCE 7/1       3051              3649    -598     3521
COOLING TOTAL       0                 0       0        0
 SINCE 1/1          0                 0       0        0
.................................................................

WIND (MPH)
AVERAGE WIND SPEED              9.4
HIGHEST WIND SPEED/DIRECTION    31/340    DATE  01/15
HIGHEST GUST SPEED/DIRECTION    36/340    DATE  01/15

SKY COVER
POSSIBLE SUNSHINE (PERCENT)   MM
AVERAGE SKY COVER           0.50
NUMBER OF DAYS FAIR           15
NUMBER OF DAYS PC              5
NUMBER OF DAYS CLOUDY         11

AVERAGE RH (PERCENT)     75

WEATHER CONDITIONS. NUMBER OF DAYS WITH
THUNDERSTORM              0     MIXED PRECIP               0
HEAVY RAIN                0     RAIN                       0
LIGHT RAIN                1     FREEZING RAIN              0
LT FREEZING RAIN          1     HAIL                       0
HEAVY SNOW                0     SNOW                       1
LIGHT SNOW               12     SLEET                      0
FOG                      12     FOG W/VIS <= 1/4 MILE      4
HAZE                      7

-  INDICATES NEGATIVE NUMBERS.
R  INDICATES RECORD WAS SET OR TIED.
MM INDICATES DATA IS MISSING.
T  INDICATES TRACE AMOUNT.

$$
