000
CXUS54 KHUN 012135
CLMHSV


CLIMATE REPORT
NATIONAL WEATHER SERVICE HUNTSVILLE AL
435 PM CDT FRI JUL 1 2016

...................................

...THE HUNTSVILLE CLIMATE SUMMARY FOR THE MONTH OF JUNE 2016...

CLIMATE NORMAL PERIOD 1981 TO 2010
CLIMATE RECORD PERIOD 1894 TO 2016

WEATHER         OBSERVED          NORMAL  DEPART  LAST YEAR`S
                 VALUE   DATE(S)  VALUE   FROM    VALUE
                                          NORMAL
.............................................................
TEMPERATURE (F)
RECORD
 HIGH             108   06/29/1931
 LOW               42   06/03/1956
HIGHEST            99   06/26        MM      MM       99
                        06/25
LOWEST             57   06/09        MM      MM       62
                        06/08
AVG. MAXIMUM     92.8              88.2     4.6     92.2
AVG. MINIMUM     68.7              67.1     1.6     70.4
MEAN             80.7              77.7     3.0     81.3
DAYS MAX >= 90     24              12.6    11.4       23
DAYS MAX <= 32      0               0.0     0.0        0
DAYS MIN <= 32      0               0.0     0.0        0
DAYS MIN <= 0       0               0.0     0.0        0

PRECIPITATION (INCHES)
RECORD
 MAXIMUM        14.99   1989
 MINIMUM         0.17   1988
TOTALS           4.40              4.29    0.11     2.38
DAILY AVG.       0.15              0.14    0.01     0.08
DAYS >= .01         8              10.1    -2.1       10
DAYS >= .10         5               6.5    -1.5        4
DAYS >= .50         2               2.9    -0.9        2
DAYS >= 1.00        2               1.1     0.9        0
GREATEST
 24 HR. TOTAL    2.10   05/31 TO 06/01              1.18
                        06/01 TO 06/01
                        06/01 TO 06/02

SNOWFALL (INCHES)
RECORDS
 TOTAL              T   1999
                        1994
 24 HR TOTAL      0.0   MM
TOTALS            0.0               0.0     0.0      0.0
SINCE 7/1         0.4               2.4    -2.0      9.8
DAYS >= TRACE       0               0.0     0.0        0
DAYS >= 1.0         0               0.0     0.0        0
GREATEST
 SNOW DEPTH         0   MM                             0
 24 HR TOTAL      0.0   06/30 TO 06/30

DEGREE_DAYS
HEATING TOTAL       0                 1      -1        0
 SINCE 7/1       2253              3002    -749     3030
COOLING TOTAL     480               380     100      497
 SINCE 1/1        767               643     124      822

FREEZE DATES
RECORD
 EARLIEST     10/09/2000
 LATEST       05/02/1909
EARLIEST      03/05             11/05
LATEST        03/05             03/30
..............................................................

WIND (MPH)
AVERAGE WIND SPEED              MM
HIGHEST WIND SPEED/DIRECTION    44/360    DATE  06/15
HIGHEST GUST SPEED/DIRECTION    53/010    DATE  06/15

AVERAGE RH (PERCENT)     62


-  INDICATES NEGATIVE NUMBERS.
R  INDICATES RECORD WAS SET OR TIED.
MM INDICATES DATA IS MISSING.
T  INDICATES TRACE AMOUNT.

$$
