000
CXUS55 KTFX 011244
CLMHVR


CLIMATE REPORT
NATIONAL WEATHER SERVICE GREAT FALLS MT
642 AM MDT SAT OCT 1 2016

...................................

...THE HAVRE MT CLIMATE SUMMARY FOR THE MONTH OF SEPTEMBER 2016...

CLIMATE NORMAL PERIOD 1981 TO 2010
CLIMATE RECORD PERIOD 1880 TO 2016

WEATHER         OBSERVED          NORMAL  DEPART  LAST YEAR`S
                 VALUE   DATE(S)  VALUE   FROM    VALUE
                                          NORMAL
.............................................................
TEMPERATURE (F)
RECORD
 HIGH             101   09/02/1998
                        09/05/1967
 LOW               18   09/21/1995
                        09/28/1984
                        09/27/1928
HIGHEST            93   09/01        78      15       90
LOWEST             28   09/13        36      -8       28
AVG. MAXIMUM     70.4              71.4    -1.0     71.6
AVG. MINIMUM     43.5              41.6     1.9     41.9
MEAN             57.0              56.5     0.5     56.8
DAYS MAX >= 90      1               1.9    -0.9        2
DAYS MAX <= 32      0               0.0     0.0        0
DAYS MIN <= 32      1               2.9    -1.9        2
DAYS MIN <= 0       0               0.0     0.0        0

PRECIPITATION (INCHES)
RECORD
 MAXIMUM         5.99   1911
 MINIMUM         0.04   1990
TOTALS           1.80              1.12    0.68     1.67
DAYS >= .01         9               7.5     1.5
DAYS >= .10         4               3.1     0.9
DAYS >= .50         1               0.5     0.5
DAYS >= 1.00        0               0.1    -0.1
GREATEST
 24 HR. TOTAL    0.80   09/04 TO 09/05

SNOWFALL (INCHES)
RECORDS
 TOTAL            6.2   5
                        0
                        -26215
 24 HR TOTAL      7.8
 SNOW DEPTH         6   09/23/1934
TOTALS            0.0               0.3    -0.3      0.0
SNOWDEPTH AVG.      0
DAYS >= TRACE       0               0.1    -0.1
DAYS >= 1.0         0               0.0     0.0
GREATEST
 SNOW DEPTH         0   MM                             0
 24 HR TOTAL      0.0   09/30 TO 09/30

DEGREE_DAYS
HEATING TOTAL     255               274     -19      245
 SINCE 7/1        316               357     -41      320
COOLING TOTAL      20                19       1        6
 SINCE 1/1        344               386     -42      416
..............................................................

WIND (MPH)
AVERAGE WIND SPEED              9.7
HIGHEST WIND SPEED/DIRECTION    41/290    DATE  09/08
HIGHEST GUST SPEED/DIRECTION    52/290    DATE  09/08

SKY COVER
AVERAGE SKY COVER           0.30

AVERAGE RH (PERCENT)     63

WEATHER CONDITIONS. NUMBER OF DAYS WITH
THUNDERSTORM              0     MIXED PRECIP               0
HEAVY RAIN                1     RAIN                       2
LIGHT RAIN               15     FREEZING RAIN              0
LT FREEZING RAIN          0     HAIL                       0
HEAVY SNOW                0     SNOW                       0
LIGHT SNOW                0     SLEET                      0
FOG                       5     FOG W/VIS <= 1/4 MILE      1
HAZE                      0

-  INDICATES NEGATIVE NUMBERS.
R  INDICATES RECORD WAS SET OR TIED.
MM INDICATES DATA IS MISSING.
T  INDICATES TRACE AMOUNT.

&&

Summary...September began and ended with dry conditions and very
warm temperatures (highs in the 80s to lower 90s) for much of North
Central and Southwest Montana. However, a series of weather systems
brought periods of moderate rain and mountain snow with unseasonably
cold temperatures. Many locations had a few days that did not get
warmer than the 30s to lower 40s with 24 hour precipitation totals
of at least 0.50 inches. In between these systems, though,
temperatures generally warmed back above normal. Overall, most areas
had slightly above normal temperatures with above normal
precipitation.

$$
