000
CXUS53 KUNR 011613
CLMIEN


CLIMATE REPORT
NATIONAL WEATHER SERVICE RAPID CITY SD
1012 AM MDT MON MAY 1 2017

...................................

...THE PINE RIDGE SD CLIMATE SUMMARY FOR THE MONTH OF APRIL 2017...

CLIMATE NORMAL PERIOD 1981 TO 2010
CLIMATE RECORD PERIOD 9999 TO 9999

WEATHER         OBSERVED          NORMAL  DEPART  LAST YEAR`S
                 VALUE   DATE(S)  VALUE   FROM    VALUE  DATE(S)
                                          NORMAL
................................................................
TEMPERATURE (F)
HIGHEST            81   04/07                         82  04/13
LOWEST             21   04/30                         18  04/11
AVG. MAXIMUM     61.7              59.9     1.8     60.3
AVG. MINIMUM     33.6              31.3     2.3     34.2
MEAN             47.7              45.6     2.1     47.2
DAYS MAX >= 90      0                                  0
DAYS MAX <= 32      0                                  0
DAYS MIN <= 32     12                                 14
DAYS MIN <= 0       0                                  0

PRECIPITATION (INCHES)
TOTALS           2.41              1.91    0.50     3.47
DAILY AVG.       0.08              0.06    0.02     0.12
DAYS >= .01         9                                 12
DAYS >= .10         7                                  7
DAYS >= .50         1                                  2
DAYS >= 1.00        0                                  1
GREATEST
 24 HR. TOTAL    0.70   04/19 TO 04/19              1.06
                        04/18 TO 04/19
                        04/19 TO 04/19

DEGREE_DAYS
HEATING TOTAL     512               582     -70      526
 SINCE 7/1       6369              6820    -451     6132
COOLING TOTAL       1                 0       1        1
 SINCE 1/1          1                 0       1        1
.................................................................

WIND (MPH)
AVERAGE WIND SPEED              9.4
HIGHEST WIND SPEED/DIRECTION    40/180    DATE  04/13
HIGHEST GUST SPEED/DIRECTION    53/180    DATE  04/13

AVERAGE RH (PERCENT)     65

WEATHER CONDITIONS. NUMBER OF DAYS WITH
THUNDERSTORM              0     MIXED PRECIP               0
HEAVY RAIN                2     RAIN                       4
LIGHT RAIN               12     FREEZING RAIN              0
LT FREEZING RAIN          0     HAIL                       0
HEAVY SNOW                0     SNOW                       0
LIGHT SNOW                4     SLEET                      0
FOG                      11     FOG W/VIS <= 1/4 MILE      0
HAZE                      3

-  INDICATES NEGATIVE NUMBERS.
R  INDICATES RECORD WAS SET OR TIED.
MM INDICATES DATA IS MISSING.
T  INDICATES TRACE AMOUNT.

$$
