000
CXUS55 KVEF 011142
CLMIGM

CLIMATE REPORT
NATIONAL WEATHER SERVICE LAS VEGAS, NV
321 AM PST FRI DEC 1 2017

...................................

...THE KINGMAN AZ CLIMATE SUMMARY FOR THE MONTH OF NOVEMBER 2017...

CLIMATE NORMAL PERIOD 1981 TO 2010
CLIMATE RECORD PERIOD 1901 TO 2017

WEATHER         OBSERVED          NORMAL  DEPART  LAST YEAR`S
                 VALUE   DATE(S)  VALUE   FROM    VALUE  DATE(S)
                                          NORMAL
................................................................
TEMPERATURE (F)
RECORD
 HIGH              90   11/02/1931
 LOW               13   11/29/1919

HIGHEST            83   11/26        MM      MM       83  11/08
                        11/23
LOWEST             26   11/19        MM      MM       25  11/30
AVG. MAXIMUM     72.6              64.3     8.3     69.5
AVG. MINIMUM     41.9              37.3     4.6     40.6
MEAN             57.3              50.8     6.5     55.1
DAYS MAX >= 90      0               0.0     0.0        0
DAYS MAX <= 32      0               0.0     0.0        0
DAYS MIN <= 32      2               5.7    -3.7        6
DAYS MIN <= 0       0               0.0     0.0        0

PRECIPITATION (INCHES)
RECORD
 MAXIMUM         6.28   1919
 MINIMUM         0.00   2014
                        2006
                        1992
TOTALS              T              0.65   -0.65     0.43
DAILY AVG.          T              0.02   -0.02     0.01
DAYS >= .01         0                MM      MM        2
DAYS >= .10         0                MM      MM        2
DAYS >= .50         0                MM      MM        0
DAYS >= 1.00        0                MM      MM        0
GREATEST
 24 HR. TOTAL       T   11/17 TO 11/17

SNOWFALL (INCHES)
RECORDS
 TOTAL            7.5   1919
 24 HR TOTAL      7.5
TOTALS             MM                MM      MM      0.0
SINCE 7/1         0.0
SNOWDEPTH AVG.     MM
DAYS >= TRACE       0
DAYS >= 1.0         0
GREATEST
 SNOW DEPTH        MM
 24 HR TOTAL       MM
 STORM TOTAL       MM
 (MM/DD(HH))

DEGREE_DAYS
HEATING TOTAL     223               427    -204      292
 SINCE 7/1        291               566    -275      322
COOLING TOTAL       0                 1      -1        2
 SINCE 1/1       2183              2093      90     2244

FREEZE DATES
RECORD
 EARLIEST     10/22/1996
 LATEST       05/21/1975
EARLIEST      11/19             11/14
LATEST                          04/04
.................................................................

WIND (MPH)
AVERAGE WIND SPEED              7.7
HIGHEST WIND SPEED/DIRECTION    39/220    DATE  11/27
HIGHEST GUST SPEED/DIRECTION    52/250    DATE  11/17

SKY COVER
POSSIBLE SUNSHINE (PERCENT)   MM
AVERAGE SKY COVER           0.00
NUMBER OF DAYS FAIR           30
NUMBER OF DAYS PC              0
NUMBER OF DAYS CLOUDY          0

AVERAGE RH (PERCENT)     37

WEATHER CONDITIONS. NUMBER OF DAYS WITH
THUNDERSTORM              0     MIXED PRECIP               0
HEAVY RAIN                0     RAIN                       0
LIGHT RAIN                1     FREEZING RAIN              0
LT FREEZING RAIN          0     HAIL                       0
HEAVY SNOW                0     SNOW                       0
LIGHT SNOW                0     SLEET                      0
FOG                       0     FOG W/VIS <= 1/4 MILE      0
HAZE                      0

-  INDICATES NEGATIVE NUMBERS.
R  INDICATES RECORD WAS SET OR TIED.
MM INDICATES DATA IS MISSING.
T  INDICATES TRACE AMOUNT.

$$
