000
CXUS55 KVEF 031005
CLMIGM
CLIMATE REPORT
NATIONAL WEATHER SERVICE LAS VEGAS, NV
305 AM PDT WED APR 03 2024
...................................
...THE KINGMAN AZ CLIMATE SUMMARY FOR THE MONTH OF MARCH 2024...
CLIMATE NORMAL PERIOD: 1991 TO 2020
CLIMATE RECORD PERIOD: 1901 TO 2024
WEATHER OBSERVED NORMAL DEPART LAST YEAR`S
VALUE DATE(S) VALUE FROM VALUE DATE(S)
NORMAL
................................................................
TEMPERATURE (F)
RECORD
HIGH 90 03/16/1934
LOW 11 03/04/1976
HIGHEST 72 03/21 67 03/11
03/22
03/13
03/14
LOWEST 32 03/09 22 03/02
03/25
AVG. MAXIMUM 62.7 67.4 -4.7 58.3
AVG. MINIMUM 39.8 38.1 1.7 36.4
MEAN 51.3 52.7 -1.4 47.3
DAYS MAX >= 90 0 0.0 0.0 0
DAYS MAX <= 32 0 0.0 0.0 0
DAYS MIN <= 32 2 6.1 -4.1 9
DAYS MIN <= 0 0 0.0 0.0 0
PRECIPITATION (INCHES)
RECORD
MAXIMUM 4.82 1992
MINIMUM 0.00 1984
TOTALS 1.61 0.59 1.02 3.06
DAILY AVG. 0.05 0.02 0.03 0.10
DAYS >= .01 8 3.4 4.6 10
DAYS >= .10 5 1.4 3.6 6
DAYS >= .50 0 0.2 -0.2 2
DAYS >= 1.00 0 0.0 0.0 1
GREATEST
24 HR. TOTAL 0.50 03/15 TO 03/16
DEGREE DAYS
HEATING TOTAL 416 382 34 538
SINCE 7/1 2580 2754 -174 MM
COOLING TOTAL 0 2 -2 0
SINCE 1/1 0 2 -2 MM
FREEZE DATES
RECORD
EARLIEST 09/24/1920
LATEST 05/21/1975
EARLIEST 11/10
LATEST 04/06
................................................................
WIND (MPH)
AVERAGE WIND SPEED 10.7
HIGHEST WIND SPEED/DIRECTION 44/220 DATE 03/02
HIGHEST GUST SPEED/DIRECTION 56/230 DATE 03/02
SKY COVER
POSSIBLE SUNSHINE (PERCENT) MM
AVERAGE SKY COVER 0.26
NUMBER OF DAYS FAIR 21
NUMBER OF DAYS PC 6
NUMBER OF DAYS CLOUDY 4
AVERAGE RH (PERCENT) 52
WEATHER CONDITIONS. NUMBER OF DAYS WITH
THUNDERSTORM 4 MIXED PRECIP 0
HEAVY RAIN 0 RAIN 4
LIGHT RAIN 10 FREEZING RAIN 0
LT FREEZING RAIN 0 HAIL 0
HEAVY SNOW 0 SLEET 0
FOG 6 FOG W/VIS <= 1/4 MILE 0
HAZE 0
- INDICATES NEGATIVE NUMBERS.
R INDICATES RECORD WAS SET OR TIED.
MM INDICATES DATA IS MISSING.
T INDICATES TRACE AMOUNT.
$$