000
CXUS55 KFGZ 011259
CLMINW


CLIMATE REPORT
NATIONAL WEATHER SERVICE FLAGSTAFF, AZ
558 AM MST WED NOV 1 2017

...................................

...THE WINSLOW AZ AIRPORT CLIMATE SUMMARY FOR THE MONTH OF OCTOBER 2017...

CLIMATE NORMAL PERIOD 1981 TO 2010
CLIMATE RECORD PERIOD 1915 TO 2017

WEATHER         OBSERVED          NORMAL  DEPART  LAST YEAR`S
                 VALUE   DATE(S)  VALUE   FROM    VALUE  DATE(S)
                                          NORMAL
................................................................
TEMPERATURE (F)
RECORD
 HIGH              93   10/01/1972
 LOW               13   10/28/1970
HIGHEST            90                                 86  10/22
                                                          10/15
                                                          10/14
LOWEST             24                                 31  10/20
AVG. MAXIMUM     78.5              73.4     5.1     80.1
AVG. MINIMUM     37.2              39.3    -2.1     42.9
MEAN             57.9              56.3     1.6     61.5
DAYS MAX >= 90      2               0.1     1.9        0
DAYS MAX <= 32      0               0.0     0.0        0
DAYS MIN <= 32      7               5.8     1.2        2
DAYS MIN <= 0       0               0.0     0.0        0

PRECIPITATION (INCHES)
RECORD
 MAXIMUM         5.61   1972
 MINIMUM         0.00   1999
TOTALS           0.01              0.53   -0.52     0.13
DAILY AVG.       0.00              0.02   -0.02     0.00
DAYS >= .01         1               3.4    -2.4        1
DAYS >= .10         0               1.5    -1.5        1
DAYS >= .50         0               0.2    -0.2        0
DAYS >= 1.00        0               0.0     0.0        0
GREATEST
 24 HR. TOTAL    0.01   10/19 TO 10/19              0.13

DEGREE_DAYS
HEATING TOTAL     227               275     -48      109
 SINCE 7/1        278               306     -28      139
COOLING TOTAL      10                 7       3        9
 SINCE 1/1       1443              1208     235     1278
.................................................................

WIND (MPH)
AVERAGE WIND SPEED              7.3
HIGHEST WIND SPEED/DIRECTION    35/210    DATE  10/20
HIGHEST GUST SPEED/DIRECTION    47/230    DATE  10/20

SKY COVER
POSSIBLE SUNSHINE (PERCENT)   MM
AVERAGE SKY COVER           0.00
NUMBER OF DAYS FAIR           31
NUMBER OF DAYS PC              0
NUMBER OF DAYS CLOUDY          0

AVERAGE RH (PERCENT)     29

WEATHER CONDITIONS. NUMBER OF DAYS WITH
THUNDERSTORM              0     MIXED PRECIP               0
HEAVY RAIN                0     RAIN                       0
LIGHT RAIN                1     FREEZING RAIN              0
LT FREEZING RAIN          0     HAIL                       0
HEAVY SNOW                0     SNOW                       0
LIGHT SNOW                0     SLEET                      0
FOG                       0     FOG W/VIS <= 1/4 MILE      0
HAZE                      2

-  INDICATES NEGATIVE NUMBERS.
R  INDICATES RECORD WAS SET OR TIED.
MM INDICATES DATA IS MISSING.
T  INDICATES TRACE AMOUNT.

$$
