000
CXUS51 KCTP 010655
CLMIPT

CLIMATE REPORT
NATIONAL WEATHER SERVICE STATE COLLEGE PA
241 AM EDT TUE AUG 1 2017

...................................

...THE WILLIAMSPORT PA CLIMATE SUMMARY FOR THE MONTH OF JULY 2017...

CLIMATE NORMAL PERIOD 1981 TO 2010
CLIMATE RECORD PERIOD 1895 TO 2017

WEATHER         OBSERVED          NORMAL  DEPART  LAST YEAR`S
                 VALUE   DATE(S)  VALUE   FROM    VALUE  DATE(S)
                                          NORMAL
................................................................
TEMPERATURE (F)
RECORD
 HIGH             106   07/09/1936
 LOW               43   07/20/1965
                        07/09/1963
                        07/12/1945

HIGHEST            93   07/20                         99  07/23
                        07/19
LOWEST             53   07/30                         52  07/03
AVG. MAXIMUM     85.5              83.6     1.9     89.2
AVG. MINIMUM     64.4              61.9     2.5     64.5
MEAN             74.9              72.7     2.2     76.8
DAYS MAX >= 90      5               4.8     0.2       14
DAYS MAX <= 32      0               0.0     0.0        0
DAYS MIN <= 32      0               0.0     0.0        0
DAYS MIN <= 0       0               0.0     0.0        0

PRECIPITATION (INCHES)
RECORD
 MAXIMUM         9.65   1992
 MINIMUM         0.75   1909

TOTALS           7.45              4.34    3.11     3.11
DAILY AVG.       0.24              0.14    0.10     0.10
DAYS >= .01        12              11.4     0.6       11
DAYS >= .10         8               7.6     0.4        6
DAYS >= .50         4               3.1     0.9        2
DAYS >= 1.00        3               1.0     2.0        1
GREATEST
 24 HR. TOTAL    2.37   07/23 TO 07/23

SNOWFALL (INCHES)
RECORDS
 TOTAL            0.0   MM
TOTALS            0.0               0.0     0.0      0.0
SINCE 7/1         0.0               0.0     0.0      0.0
SNOWDEPTH AVG.      0                MM      MM        0
DAYS >= 1.0         0               0.0     0.0        0
GREATEST
 SNOW DEPTH         0   MM                             0
 24 HR TOTAL      0.0

DEGREE_DAYS
HEATING TOTAL       0                 4      -4        0
 SINCE 7/1          0                 4      -4        0
COOLING TOTAL     317               244      73      376
 SINCE 1/1        546               433     113      621
..................................................

WIND (MPH)
AVERAGE WIND SPEED              4.3
HIGHEST WIND SPEED/DIRECTION    24/260    DATE  07/19
HIGHEST GUST SPEED/DIRECTION    32/010    DATE  07/23

SKY COVER
POSSIBLE SUNSHINE (PERCENT)   MM
AVERAGE SKY COVER           0.50
NUMBER OF DAYS FAIR           10
NUMBER OF DAYS PC             18
NUMBER OF DAYS CLOUDY          3

AVERAGE RH (PERCENT)     74

WEATHER CONDITIONS. NUMBER OF DAYS WITH
THUNDERSTORM              7     MIXED PRECIP               0
HEAVY RAIN                6     RAIN                       6
LIGHT RAIN               13     FREEZING RAIN              0
LT FREEZING RAIN          0     HAIL                       0
HEAVY SNOW                0     SNOW                       0
LIGHT SNOW                0     SLEET                      0
FOG                      19     FOG W/VIS <= 1/4 MILE      2
HAZE                      4

-  INDICATES NEGATIVE NUMBERS.
R  INDICATES RECORD WAS SET OR TIED.
MM INDICATES DATA IS MISSING.
T  INDICATES TRACE AMOUNT.

JULY WAS THE 7TH WETTEST ON RECORD WITH 7.45" OF RAIN.
THE WETTEST WAS 1992 WHEN 9.65" OF RAIN FELL.

RECORD DAILY RAINFALL...2.26" ON THE 17TH. THE OLD RECORD WAS
2.24" SET IN 1911.

$$

LA CORTE
