000
CXUS53 KGLD 021352
CLMITR

CLIMATE REPORT
NATIONAL WEATHER SERVICE GOODLAND
746 AM MDT MON MAY 2 2016

...................................

...THE BURLINGTON CLIMATE SUMMARY FOR THE MONTH OF APRIL 2016...

CLIMATE NORMAL PERIOD 1981 TO 2010
CLIMATE RECORD PERIOD 1896 TO 2016

WEATHER         OBSERVED          NORMAL  DEPART  LAST YEAR`S
                 VALUE   DATE(S)  VALUE   FROM    VALUE  DATE(S)
                                          NORMAL
................................................................
TEMPERATURE (F)
RECORD
 HIGH              95   04/25/2012
 LOW               -3   04/02/1936
HIGHEST            81   04/23        85      -4       82  04/30
LOWEST             18   04/01        19      -1       27  04/13
                                                          04/10
                                                          04/09
AVG. MAXIMUM     63.5              62.4     1.1     66.2
AVG. MINIMUM     35.1              33.5     1.6     37.4
MEAN             49.3              47.9     1.4     51.8
DAYS MAX >= 90      0               0.1    -0.1        0
DAYS MAX <= 32      0               0.4    -0.4        0
DAYS MIN <= 32     10              12.9    -2.9        8
DAYS MIN <= 0       0               0.0     0.0        0

PRECIPITATION (INCHES)
RECORD
 MAXIMUM         5.70   1944
 MINIMUM         0.00   1963
TOTALS           4.65              1.46    3.19     2.36
DAILY AVG.       0.16              0.05    0.11     0.08
DAYS >= .01         8                MM      MM       10
DAYS >= .10         7                MM      MM        4
DAYS >= .50         4                MM      MM        2
DAYS >= 1.00        3                MM      MM        1
GREATEST
 24 HR. TOTAL    2.28   04/15 TO 04/16              1.24


.................................................................



-  INDICATES NEGATIVE NUMBERS.
R  INDICATES RECORD WAS SET OR TIED.
MM INDICATES DATA IS MISSING.
T  INDICATES TRACE AMOUNT.

$$
