000
CXUS53 KGLD 011609
CLMITR

CLIMATE REPORT
NATIONAL WEATHER SERVICE GOODLAND
959 AM MDT TUE SEP 1 2015

...................................

...THE BURLINGTON CLIMATE SUMMARY FOR THE MONTH OF AUGUST 2015...

CLIMATE NORMAL PERIOD 1981 TO 2010
CLIMATE RECORD PERIOD 1896 TO 2015

WEATHER         OBSERVED          NORMAL  DEPART  LAST YEAR`S
                 VALUE   DATE(S)  VALUE   FROM    VALUE  DATE(S)
                                          NORMAL
................................................................
TEMPERATURE (F)
RECORD
 HIGH             107   08/23/1919
 LOW               38   08/06/1972
HIGHEST            96   08/26        98      -2       97  08/18
                        08/22
                        08/13
LOWEST             47   08/24        51      -4       52  08/29
                        08/23
AVG. MAXIMUM     87.8              85.9     1.9     88.7
AVG. MINIMUM     59.1              58.2     0.9     58.4
MEAN             73.5              72.1     1.4     73.5
DAYS MAX >= 90     11              10.5     0.5       14
DAYS MAX <= 32      0               0.0     0.0        0
DAYS MIN <= 32      0               0.0     0.0        0
DAYS MIN <= 0       0               0.0     0.0        0

PRECIPITATION (INCHES)
RECORD
 MAXIMUM         8.73   1915
 MINIMUM         0.00   1960
TOTALS           0.88              2.41   -1.53     1.94
DAILY AVG.       0.03              0.08   -0.05     0.06
DAYS >= .01         9                MM      MM       12
DAYS >= .10         2                MM      MM        6
DAYS >= .50         0                MM      MM        0
DAYS >= 1.00        0                MM      MM        0
GREATEST
 24 HR. TOTAL    0.48   08/18 TO 08/19              0.44


.................................................................



-  INDICATES NEGATIVE NUMBERS.
R  INDICATES RECORD WAS SET OR TIED.
MM INDICATES DATA IS MISSING.
T  INDICATES TRACE AMOUNT.

$$
