000
CXUS52 KJAX 011623
CLMJAX

CLIMATE REPORT
NATIONAL WEATHER SERVICE JACKSONVILLE FL
1158 AM EDT SAT AUG 1 2015

...................................

...THE JACKSONVILLE CLIMATE SUMMARY FOR THE MONTH OF JULY 2015...

CLIMATE NORMAL PERIOD 1981 TO 2010
CLIMATE RECORD PERIOD 1871 TO 2015

WEATHER         OBSERVED          NORMAL  DEPART  LAST YEAR`S
                 VALUE   DATE(S)  VALUE   FROM    VALUE  DATE(S)
                                          NORMAL
................................................................
TEMPERATURE (F)
RECORD
 HIGH             104   07/11/1879
                        07/28/1872
 LOW               61   07/08/1972
HIGHEST            98   07/12        91       7       96  07/28
                                                          07/03
LOWEST             67   07/06        72      -5       69  07/31
                                                          07/17
AVG. MAXIMUM     92.8              92.0     0.8     90.9
AVG. MINIMUM     72.5              72.6    -0.1     72.2
MEAN             82.7              82.3     0.4     81.5
DAYS MAX >= 90     29              22.1     6.9       20
DAYS MAX <= 32      0               0.0     0.0        0
DAYS MIN <= 32      0               0.0     0.0        0
DAYS MIN <= 0       0               0.0     0.0        0

PRECIPITATION (INCHES)
RECORD
 MAXIMUM        16.21   1960
 MINIMUM         0.14   1875
TOTALS           3.79              6.55   -2.76     2.75
DAILY AVG.       0.12              0.21   -0.09     0.09
DAYS >= .01        10              13.8    -3.8        9
DAYS >= .10         7               9.8    -2.8        6
DAYS >= .50         4               4.2    -0.2        2
DAYS >= 1.00        1               2.2    -1.2        0
GREATEST
 24 HR. TOTAL    1.07

SNOWFALL (INCHES)
RECORDS
 TOTAL             MM   MM
TOTALS            0.0               0.0     0.0      0.0
SINCE 7/1         0.0               0.0     0.0      0.0
SNOWDEPTH AVG.      0                MM      MM        0
DAYS >= 1.0         0               0.0     0.0        0
GREATEST
 SNOW DEPTH         0   MM                             0  MM
 24 HR TOTAL      0.0

DEGREE_DAYS
HEATING TOTAL       0                 0       0        0
 SINCE 7/1          0                 0       0        0
COOLING TOTAL     556               536      20      523
 SINCE 1/1       1680              1469     211     1452
.................................................................

WIND (MPH)
AVERAGE WIND SPEED              6.1
HIGHEST WIND SPEED/DIRECTION    31/270    DATE  07/22
HIGHEST GUST SPEED/DIRECTION    45/280    DATE  07/22

SKY COVER
POSSIBLE SUNSHINE (PERCENT)   MM
AVERAGE SKY COVER           0.60
NUMBER OF DAYS FAIR            1
NUMBER OF DAYS PC             27
NUMBER OF DAYS CLOUDY          3

AVERAGE RH (PERCENT)     76

WEATHER CONDITIONS. NUMBER OF DAYS WITH
THUNDERSTORM              0     MIXED PRECIP               0
HEAVY RAIN                5     RAIN                       6
LIGHT RAIN               17     FREEZING RAIN              0
LT FREEZING RAIN          0     HAIL                       0
HEAVY SNOW                0     SNOW                       0
LIGHT SNOW                0     SLEET                      0
FOG                      20     FOG W/VIS <= 1/4 MILE      4
HAZE                      2

-  INDICATES NEGATIVE NUMBERS.
R  INDICATES RECORD WAS SET OR TIED.
MM INDICATES DATA IS MISSING.
T  INDICATES TRACE AMOUNT.

$$
