000
CXUS54 KMEG 031434
CLMJBR


CLIMATE REPORT
NATIONAL WEATHER SERVICE MEMPHIS TN
833 AM CST TUE MAR 3 2015

...................................

...THE JONESBORO CLIMATE SUMMARY FOR THE MONTH OF FEBRUARY 2015...

CLIMATE NORMAL PERIOD 1981 TO 2010
CLIMATE RECORD PERIOD 1897 TO 2015

WEATHER         OBSERVED          NORMAL  DEPART  LAST YEAR`S
                 VALUE   DATE(S)  VALUE   FROM    VALUE  DATE(S)
                                          NORMAL
................................................................
TEMPERATURE (F)
RECORD
 HIGH              82   02/13/1962
                        02/25/1918
                        02/19/1913
 LOW              -13   02/13/1899
HIGHEST            63   02/14        51    11       71  02/20
LOWEST             10   02/19        30   -20       14  02/11
                                                          02/07
AVG. MAXIMUM     39.2              51.0   -11.8     42.9
AVG. MINIMUM     24.1              31.9    -7.8     25.0
MEAN             31.7              41.5    -9.8     33.3
DAYS MAX >= 90      0               0.0     0.0        0
DAYS MAX <= 32      8               1.2     6.8        7
DAYS MIN <= 32     25              15.5     9.5       19
DAYS MIN <= 0       0               0.0     0.0        0

PRECIPITATION (INCHES)
RECORD
 MAXIMUM        11.42   1939
 MINIMUM         0.41   1968
TOTALS           3.33              3.72   -0.39     2.59
DAILY AVG.       0.12              0.13   -0.01     0.09
DAYS >= .01         5                MM      MM        7
DAYS >= .10         4                MM      MM        5
DAYS >= .50         2                MM      MM        4
DAYS >= 1.00        1                MM      MM        0
GREATEST
 24 HR. TOTAL    2.25   02/20 TO 02/21

SNOWFALL (INCHES)
RECORDS
 TOTAL           15.6   1929
TOTALS            1.5               1.3     0.2      1.0
SINCE 7/1         1.8               4.1    -2.3      2.0
SNOWDEPTH AVG.      0                MM      MM        0
DAYS >= 1.0         1                MM      MM        0
GREATEST
 SNOW DEPTH         2   02/17                          1  02/03
 24 HR TOTAL      1.5   02/16 TO 02/16

DEGREE_DAYS
HEATING TOTAL     924               660     264      722
 SINCE 7/1       3248              2956     292     3265
COOLING TOTAL       0                 0       0        0
 SINCE 1/1          0                 0       0        0
.................................................................

WIND (MPH)
AVERAGE WIND SPEED              9.8
HIGHEST WIND SPEED/DIRECTION    32/210    DATE  02/07
HIGHEST GUST SPEED/DIRECTION    38/210    DATE  02/07

SKY COVER
POSSIBLE SUNSHINE (PERCENT)   MM
AVERAGE SKY COVER           0.40
NUMBER OF DAYS FAIR           11
NUMBER OF DAYS PC             10
NUMBER OF DAYS CLOUDY          7

AVERAGE RH (PERCENT)     72

WEATHER CONDITIONS. NUMBER OF DAYS WITH
THUNDERSTORM              0     MIXED PRECIP               0
HEAVY RAIN                2     RAIN                       3
LIGHT RAIN                4     FREEZING RAIN              3
LT FREEZING RAIN          3     HAIL                       0
HEAVY SNOW                0     SNOW                       0
LIGHT SNOW                2     SLEET                      2
FOG                      10     FOG W/VIS <= 1/4 MILE      0
HAZE                      1

-  INDICATES NEGATIVE NUMBERS.
R  INDICATES RECORD WAS SET OR TIED.
MM INDICATES DATA IS MISSING.
T  INDICATES TRACE AMOUNT.

$$
