000
CXUS54 KMEG 040102
CLMJBR


CLIMATE REPORT
NATIONAL WEATHER SERVICE MEMPHIS TN
654 PM CST SUN DEC 3 2017

...................................

...THE JONESBORO CLIMATE SUMMARY FOR THE MONTH OF NOVEMBER 2017...

CLIMATE NORMAL PERIOD 1981 TO 2010
CLIMATE RECORD PERIOD 1897 TO 2017

WEATHER         OBSERVED          NORMAL  DEPART  LAST YEAR`S
                 VALUE   DATE(S)  VALUE   FROM    VALUE  DATE(S)
                                          NORMAL
................................................................
TEMPERATURE (F)
RECORD
 HIGH              90   11/26/2003
 LOW                9   11/25/1950
HIGHEST            83   11/02        59      24       84  11/03
                                                          11/01
LOWEST             26   11/23        40     -14       28  11/20
AVG. MAXIMUM     62.8              59.4     3.4     65.8
AVG. MINIMUM     41.7              39.9     1.8     43.7
MEAN             52.3              49.6     2.7     54.8
DAYS MAX >= 90      0               0.0     0.0        0
DAYS MAX <= 32      0               0.0     0.0        0
DAYS MIN <= 32      5               6.1    -1.1        3
DAYS MIN <= 0       0               0.0     0.0        0

PRECIPITATION (INCHES)
RECORD
 MAXIMUM        14.91   1957
 MINIMUM         0.37   1949
TOTALS           1.00              4.90   -3.90     3.50
DAILY AVG.       0.03              0.16   -0.13     0.12
DAYS >= .01         6                MM      MM        5
DAYS >= .10         4                MM      MM        2
DAYS >= .50         0                MM      MM        2
DAYS >= 1.00        0                MM      MM        1
GREATEST
 24 HR. TOTAL    0.40   11/15 TO 11/15

SNOWFALL (INCHES)
RECORDS
 TOTAL            4.0   1971
TOTALS            0.0               0.0     0.0      0.0
SINCE 7/1         0.0               0.0     0.0      0.0
SNOWDEPTH AVG.      0                MM      MM        0
DAYS >= 1.0         0                MM      MM        0
GREATEST
 SNOW DEPTH         0   MM                             0  MM
 24 HR TOTAL      0.0   11/30 TO 11/30

DEGREE_DAYS
HEATING TOTAL     391               463     -72      318
 SINCE 7/1        544               650    -106      349
COOLING TOTAL      18                 3      15       17
 SINCE 1/1       1958              1827     131     2285
.................................................................

WIND (MPH)
AVERAGE WIND SPEED              7.8
HIGHEST WIND SPEED/DIRECTION    38/310    DATE  11/18
HIGHEST GUST SPEED/DIRECTION    54/300    DATE  11/18

SKY COVER
POSSIBLE SUNSHINE (PERCENT)   MM
AVERAGE SKY COVER           0.40
NUMBER OF DAYS FAIR           16
NUMBER OF DAYS PC              7
NUMBER OF DAYS CLOUDY          7

AVERAGE RH (PERCENT)     73

WEATHER CONDITIONS. NUMBER OF DAYS WITH
THUNDERSTORM              0     MIXED PRECIP               0
HEAVY RAIN                2     RAIN                       3
LIGHT RAIN               10     FREEZING RAIN              0
LT FREEZING RAIN          0     HAIL                       0
HEAVY SNOW                0     SNOW                       0
LIGHT SNOW                0     SLEET                      0
FOG                      10     FOG W/VIS <= 1/4 MILE      1
HAZE                      0

-  INDICATES NEGATIVE NUMBERS.
R  INDICATES RECORD WAS SET OR TIED.
MM INDICATES DATA IS MISSING.
T  INDICATES TRACE AMOUNT.

$$
