869
CXUS53 KJKL 011638
CLMJKL

CLIMATE REPORT
NATIONAL WEATHER SERVICE JACKSON KY
1138 AM EST FRI DEC 1 2017

...................................

...THE JACKSON KY CLIMATE SUMMARY FOR THE MONTH OF NOVEMBER 2017...

CLIMATE NORMAL PERIOD 1981 TO 2010
CLIMATE RECORD PERIOD 1981 TO 2017

WEATHER         OBSERVED          NORMAL  DEPART  LAST YEAR`S
                 VALUE   DATE(S)  VALUE   FROM    VALUE  DATE(S)
                                          NORMAL
................................................................
TEMPERATURE (F)
RECORD
 HIGH              84   11/02/2016
 LOW               13   11/14/1986
HIGHEST            78   11/05        76       2       84  11/02
LOWEST             24   11/11        23       1       24  11/21
AVG. MAXIMUM     58.3              57.3     1.0     62.4
AVG. MINIMUM     39.1              39.4    -0.3     41.4
MEAN             48.7              48.4     0.3     51.9
DAYS MAX >= 90      0               0.0     0.0        0
DAYS MAX <= 32      0               0.3    -0.3        0
DAYS MIN <= 32     10               7.6     2.4        5
DAYS MIN <= 0       0               0.0     0.0        0

PRECIPITATION (INCHES)
RECORD
 MAXIMUM         9.32   1986
 MINIMUM         0.80   2009
TOTALS           1.30              3.96   -2.66     2.91
DAILY AVG.       0.04              0.13   -0.09     0.10
DAYS >= .01        11              11.5    -0.5        8
DAYS >= .10         3               7.2    -4.2        3
DAYS >= .50         1               2.8    -1.8        2
DAYS >= 1.00        0               0.9    -0.9        1
GREATEST
 24 HR. TOTAL    0.60   11/18 TO 11/18              1.92

SNOWFALL (INCHES)
RECORDS
 TOTAL            5.1   1995
TOTALS            0.0               0.5    -0.5      0.0
SINCE 7/1           T               0.6    -0.6      0.0
SNOWDEPTH AVG.      0                MM      MM        0
DAYS >= 1.0         0               0.2    -0.2        0
GREATEST
 SNOW DEPTH         0   MM                             0
 24 HR TOTAL      0.0   MM                           0.0

DEGREE_DAYS
HEATING TOTAL     488               503     -15      404
 SINCE 7/1        722               800     -78      526
COOLING TOTAL       5                 4       1       22
 SINCE 1/1       1200              1154      46     1580
.................................................................

WIND (MPH)
AVERAGE WIND SPEED              3.2
HIGHEST WIND SPEED/DIRECTION    24/290    DATE  11/18
HIGHEST GUST SPEED/DIRECTION    46/310    DATE  11/18

SKY COVER
POSSIBLE SUNSHINE (PERCENT)   MM
AVERAGE SKY COVER           0.40
NUMBER OF DAYS FAIR           13
NUMBER OF DAYS PC              8
NUMBER OF DAYS CLOUDY          9

AVERAGE RH (PERCENT)     67

WEATHER CONDITIONS. NUMBER OF DAYS WITH
THUNDERSTORM              0     MIXED PRECIP               0
HEAVY RAIN                1     RAIN                       3
LIGHT RAIN               13     FREEZING RAIN              0
LT FREEZING RAIN          0     HAIL                       0
HEAVY SNOW                0     SNOW                       0
LIGHT SNOW                0     SLEET                      0
FOG                      14     FOG W/VIS <= 1/4 MILE      1
HAZE                      0

-  INDICATES NEGATIVE NUMBERS.
R  INDICATES RECORD WAS SET OR TIED.
MM INDICATES DATA IS MISSING.
T  INDICATES TRACE AMOUNT.

$$

CARICO
