000
CXUS51 KCTP 010741
CLMJST

CLIMATE REPORT
NATIONAL WEATHER SERVICE STATE COLLEGE PA
341 AM EDT SAT NOV 1 2014

...................................

...THE JOHNSTOWN CLIMATE SUMMARY FOR THE MONTH OF OCTOBER 2014...

CLIMATE NORMAL PERIOD 1981 TO 2010
CLIMATE RECORD PERIOD 2000 TO 2014

WEATHER         OBSERVED          NORMAL  DEPART  LAST YEAR`S
                 VALUE   DATE(S)  VALUE   FROM    VALUE  DATE(S)
                                          NORMAL
................................................................
TEMPERATURE (F)
RECORD
 HIGH              94   10/01/1953
 LOW               19   10/20/1972
HIGHEST            73   10/28                         80  10/06
LOWEST             34   10/19                         28  10/26
AVG. MAXIMUM     59.1              58.1     1.0     58.7
AVG. MINIMUM     44.4              41.3     3.1     44.6
MEAN             51.7              49.7     2.0     51.7
DAYS MAX >= 90      0                MM      MM        0
DAYS MAX <= 32      0                MM      MM        0
DAYS MIN <= 32      0                MM      MM        4
DAYS MIN <= 0       0                MM      MM        0

PRECIPITATION (INCHES)
RECORD
 MAXIMUM         8.53   1913
 MINIMUM         0.11   1924
TOTALS           2.91              3.06   -0.15     2.63
DAILY AVG.       0.09              0.10   -0.01     0.08
DAYS >= .01        18                MM      MM       15
DAYS >= .10         9                MM      MM        6
DAYS >= .50         1                MM      MM        1
DAYS >= 1.00        0                MM      MM        0
GREATEST
 24 HR. TOTAL    0.80   10/14 TO 10/15

DEGREE_DAYS
HEATING TOTAL     405               477     -72      421
 SINCE 7/1        638               693     -55      709
COOLING TOTAL       0                 3      -3       16
 SINCE 1/1        341               382     -41      393
..................................................

WIND (MPH)
AVERAGE WIND SPEED              10.6
HIGHEST WIND SPEED/DIRECTION    30/230    DATE  10/28
HIGHEST GUST SPEED/DIRECTION    43/170    DATE  10/14

SKY COVER
POSSIBLE SUNSHINE (PERCENT)   MM
AVERAGE SKY COVER           0.70
NUMBER OF DAYS FAIR            4
NUMBER OF DAYS PC             12
NUMBER OF DAYS CLOUDY         15

AVERAGE RH (PERCENT)     72

WEATHER CONDITIONS. NUMBER OF DAYS WITH
THUNDERSTORM              0     MIXED PRECIP               0
HEAVY RAIN                6     RAIN                       8
LIGHT RAIN               19     FREEZING RAIN              0
LT FREEZING RAIN          0     HAIL                       0
HEAVY SNOW                0     SNOW                       0
LIGHT SNOW                0     SLEET                      0
FOG                      20     FOG W/VIS <= 1/4 MILE      6
HAZE                      2

-  INDICATES NEGATIVE NUMBERS.
R  INDICATES RECORD WAS SET OR TIED.
MM INDICATES DATA IS MISSING.
T  INDICATES TRACE AMOUNT.

$$
MS
