000
CXUS46 KLOX 011835
CLMLAX


CLIMATE REPORT
NATIONAL WEATHER SERVICE LOS ANGELES/OXNARD CA
1135 AM PDT TUE SEP 1 2015

...................................

...THE LOS ANGELES INTL AIRPORT CA CLIMATE SUMMARY FOR THE MONTH OF AUGUST 2015...

CLIMATE NORMAL PERIOD 1981 TO 2010
CLIMATE RECORD PERIOD 1944 TO 2015

WEATHER         OBSERVED          NORMAL  DEPART  LAST YEAR`S
                 VALUE   DATE(S)  VALUE   FROM    VALUE
                                          NORMAL
.............................................................
TEMPERATURE (F)
HIGHEST            86   08/28
LOWEST             64   08/24
                        08/12
                        08/11
AVG. MAXIMUM     78.4              74.9     3.5
AVG. MINIMUM     67.2              64.3     2.9
MEAN             72.8              69.6     3.2
DAYS MAX >= 90      0
DAYS MAX <= 32      0
DAYS MIN <= 32      0
DAYS MIN <= 0       0

PRECIPITATION (INCHES)
TOTALS           0.00              0.05   -0.05
DAILY AVG.       0.00              0.00    0.00
DAYS >= .01         0
DAYS >= .10         0
DAYS >= .50         0
DAYS >= 1.00        0
GREATEST
 24 HR. TOTAL    0.00   08/31 TO 08/31

DEGREE_DAYS
HEATING TOTAL       0                 2      -2        0
 SINCE 7/1          0                 4      -4        0
COOLING TOTAL     247               145     102      200
 SINCE 1/1        587               346     241      718
..............................................................

WIND (MPH)
AVERAGE WIND SPEED              7.3
HIGHEST WIND SPEED/DIRECTION    25/270    DATE  08/04
HIGHEST GUST SPEED/DIRECTION    31/340    DATE  08/24

SKY COVER
POSSIBLE SUNSHINE (PERCENT)   MM
AVERAGE SKY COVER           0.40
NUMBER OF DAYS FAIR           11
NUMBER OF DAYS PC             20
NUMBER OF DAYS CLOUDY          0

AVERAGE RH (PERCENT)     74

WEATHER CONDITIONS. NUMBER OF DAYS WITH
THUNDERSTORM              0     MIXED PRECIP               0
HEAVY RAIN                0     RAIN                       0
LIGHT RAIN                0     FREEZING RAIN              0
LT FREEZING RAIN          0     HAIL                       0
HEAVY SNOW                0     SNOW                       0
LIGHT SNOW                0     SLEET                      0
FOG                       5     FOG W/VIS <= 1/4 MILE      0
HAZE                      7

-  INDICATES NEGATIVE NUMBERS.
R  INDICATES RECORD WAS SET OR TIED.
MM INDICATES DATA IS MISSING.
T  INDICATES TRACE AMOUNT.

$$
